{"id":19113,"date":"2025-02-15T14:52:06","date_gmt":"2025-02-15T13:52:06","guid":{"rendered":"https:\/\/agora.xtec.cat\/escolaponent-tarragona\/?page_id=19113"},"modified":"2026-03-03T11:17:11","modified_gmt":"2026-03-03T10:17:11","slug":"preinscripcio-2025-2026","status":"publish","type":"page","link":"https:\/\/agora.xtec.cat\/escolaponent-tarragona\/preinscripcio-2025-2026\/","title":{"rendered":"Preinscripci\u00f3 2026-2027"},"content":{"rendered":"\n<h3 class=\"wp-block-heading\">Codi de centre: 43010396<\/h3>\n\n\n\n<div class=\"wp-block-getwid-toggle\">\n<div class=\"wp-block-getwid-toggle__row is-active\"><div class=\"wp-block-getwid-toggle__header-wrapper\"><span class=\"wp-block-getwid-toggle__header\"><a href=\"#\"><span class=\"wp-block-getwid-toggle__header-title\"><strong>Presentaci\u00f3 de sol\u00b7licituds<\/strong><\/span><span class=\"wp-block-getwid-toggle__icon is-active\"><i class=\"fas fa-plus\"><\/i><\/span><span class=\"wp-block-getwid-toggle__icon is-passive\"><i class=\"fas fa-minus\"><\/i><\/span><\/a><\/span><\/div><div class=\"wp-block-getwid-toggle__content-wrapper\"><div class=\"wp-block-getwid-toggle__content\">\n<h5 class=\"wp-block-heading\">Codi de centre: 43010396<\/h5>\n\n\n\n<p class=\"has-black-color has-text-color has-link-color wp-elements-d5c8513a1d93a4c3dd6ddbe6f7bdbf19\"><strong><a href=\"https:\/\/preinscripcio.gencat.cat\/ca\/inici\/\" target=\"_blank\" rel=\"noreferrer noopener\">Preinscripci\u00f3. Curs 2026-2027<\/a><\/strong><\/p>\n\n\n\n<p class=\"has-black-color has-text-color has-link-color wp-elements-f3a563e628adcafdb0868bc799a89e13\"><strong><a href=\"https:\/\/preinscripcio.gencat.cat\/ca\/estudis\/infantil-3-6\/preinscriute\/sollicitud\/\" target=\"_blank\" rel=\"noreferrer noopener\">Sol\u00b7licitud curs 2026-2027<\/a><\/strong><\/p>\n\n\n\n<p><strong>Si necessiteu ajuda, podeu demanar cita<\/strong>:<\/p>\n\n\n\n<p style=\"line-height:0.5\">\u260e\ufe0f977 260 701<\/p>\n\n\n\n<p style=\"line-height:1\">\ud83d\udce7 e3010396@xtec.cat<\/p>\n<\/div><\/div><\/div>\n\n\n\n<div class=\"wp-block-getwid-toggle__row\"><div class=\"wp-block-getwid-toggle__header-wrapper\"><span class=\"wp-block-getwid-toggle__header\"><a href=\"#\"><span class=\"wp-block-getwid-toggle__header-title\"><strong>Documentaci\u00f3<\/strong><\/span><span class=\"wp-block-getwid-toggle__icon is-active\"><i class=\"fas fa-plus\"><\/i><\/span><span class=\"wp-block-getwid-toggle__icon is-passive\"><i class=\"fas fa-minus\"><\/i><\/span><\/a><\/span><\/div><div class=\"wp-block-getwid-toggle__content-wrapper\"><div class=\"wp-block-getwid-toggle__content\">\n<ul class=\"wp-block-list\">\n<li style=\"padding-top:var(--wp--preset--spacing--20);padding-bottom:var(--wp--preset--spacing--20)\">N\u00famero d\u2019<strong>identificaci\u00f3 RALC<\/strong> de l\u2019alumne <\/li>\n\n\n\n<li style=\"padding-top:var(--wp--preset--spacing--20);padding-bottom:var(--wp--preset--spacing--20)\"><em>Original<\/em> i <em>fotoc\u00f2pia <\/em>del <strong>DNI o NIE<\/strong> dels tutors\/tutores legals i de l&#8217;alumne (si en t\u00e9)<\/li>\n\n\n\n<li style=\"padding-top:var(--wp--preset--spacing--20);padding-bottom:var(--wp--preset--spacing--20)\"><em>Original<\/em> i <em>fotoc\u00f2pia <\/em>del <strong>llibre de fam\u00edlia<\/strong><\/li>\n\n\n\n<li style=\"padding-top:var(--wp--preset--spacing--20);padding-bottom:var(--wp--preset--spacing--20)\"><em>Fotoc\u00f2pia <\/em>de la <strong>tarjeta sanit\u00e0ria<\/strong> (TIS)<\/li>\n\n\n\n<li style=\"padding-top:var(--wp--preset--spacing--20);padding-bottom:var(--wp--preset--spacing--20)\"><strong>Correu electr\u00f2nic<\/strong> on es vol rebre la informaci\u00f3<\/li>\n\n\n\n<li style=\"padding-top:var(--wp--preset--spacing--20);padding-bottom:var(--wp--preset--spacing--20)\">Certificat d&#8217;empadronament de l&#8217;Ajuntament (si el domicili familiar al\u00b7legat no coincideix amb el del DNI)<\/li>\n\n\n\n<li style=\"padding-top:var(--wp--preset--spacing--20);padding-bottom:var(--wp--preset--spacing--20)\">Fotoc\u00f2pia del <em>carnet de fam\u00edlia nombrosa o monoparental<\/em> (si \u00e9s el cas)<\/li>\n\n\n\n<li style=\"padding-top:var(--wp--preset--spacing--20);padding-bottom:var(--wp--preset--spacing--20)\">Fotoc\u00f2pia del <em>certificat de discapacitat<\/em> (si \u00e9s el cas)<\/li>\n<\/ul>\n<\/div><\/div><\/div>\n\n\n\n<div class=\"wp-block-getwid-toggle__row\"><div class=\"wp-block-getwid-toggle__header-wrapper\"><span class=\"wp-block-getwid-toggle__header\"><a href=\"#\"><span class=\"wp-block-getwid-toggle__header-title\"><strong>Canals oficials<\/strong><\/span><span class=\"wp-block-getwid-toggle__icon is-active\"><i class=\"fas fa-plus\"><\/i><\/span><span class=\"wp-block-getwid-toggle__icon is-passive\"><i class=\"fas fa-minus\"><\/i><\/span><\/a><\/span><\/div><div class=\"wp-block-getwid-toggle__content-wrapper\"><div class=\"wp-block-getwid-toggle__content\">\n<div class=\"wp-block-columns is-layout-flex wp-container-core-columns-is-layout-1 wp-block-columns-is-layout-flex\">\n<div class=\"wp-block-column is-layout-flow wp-block-column-is-layout-flow\" style=\"flex-basis:50%\">\n<p class=\"has-ast-global-color-2-color has-text-color has-link-color has-medium-font-size wp-elements-be02efb4e6edca7aba1b10fd3a59b60b\"><strong><a href=\"https:\/\/preinscripcio.gencat.cat\/ca\/inici\/\">Departament d&#8217;Educaci\u00f3<\/a><\/strong><\/p>\n\n\n\n<figure class=\"wp-block-image alignwide size-full has-custom-border is-style-rounded\"><a href=\"https:\/\/preinscripcio.gencat.cat\/ca\/inici\/\"><img loading=\"lazy\" decoding=\"async\" width=\"833\" height=\"469\" src=\"https:\/\/agora.xtec.cat\/escolaponent-tarragona\/wp-content\/uploads\/usu422\/2025\/02\/GENE_CONSTRUIM-FUTURS_BANNER_832x468_V03_Text.jpg\" alt=\"\" class=\"wp-image-19234\" style=\"border-radius:16px\" srcset=\"https:\/\/agora.xtec.cat\/escolaponent-tarragona\/wp-content\/uploads\/usu422\/2025\/02\/GENE_CONSTRUIM-FUTURS_BANNER_832x468_V03_Text.jpg 833w, https:\/\/agora.xtec.cat\/escolaponent-tarragona\/wp-content\/uploads\/usu422\/2025\/02\/GENE_CONSTRUIM-FUTURS_BANNER_832x468_V03_Text-300x169.jpg 300w, https:\/\/agora.xtec.cat\/escolaponent-tarragona\/wp-content\/uploads\/usu422\/2025\/02\/GENE_CONSTRUIM-FUTURS_BANNER_832x468_V03_Text-768x432.jpg 768w\" sizes=\"auto, (max-width: 833px) 100vw, 833px\" \/><\/a><\/figure>\n<\/div>\n\n\n\n<div class=\"wp-block-column is-layout-flow wp-block-column-is-layout-flow\" style=\"flex-basis:45px\"><\/div>\n\n\n\n<div class=\"wp-block-column is-layout-flow wp-block-column-is-layout-flow\" style=\"flex-basis:50%\">\n<p class=\"has-ast-global-color-7-color has-text-color has-link-color has-medium-font-size wp-elements-6e069dea5eb61a01976745b97c15073c\"><strong><a href=\"https:\/\/www.tarragona.cat\/educacio\/estudiar-a-tgn\/oficina-municipal-descolaritzacio-ome-1\/preinscripcio-del-curs-escolar-de-p3-a4t-eso\">Oficina Municipal d&#8217;Escolaritzaci\u00f3 de Tarragona<\/a><\/strong><\/p>\n\n\n\n<figure class=\"wp-block-image alignwide size-full has-custom-border is-style-rounded\"><a href=\"https:\/\/www.tarragona.cat\/educacio\/estudiar-a-tgn\/oficina-municipal-descolaritzacio-ome-1\/preinscripcio-del-curs-escolar-de-p3-a4t-eso\"><img loading=\"lazy\" decoding=\"async\" width=\"768\" height=\"343\" src=\"https:\/\/agora.xtec.cat\/escolaponent-tarragona\/wp-content\/uploads\/usu422\/2025\/02\/Tarragona.jpg\" alt=\"\" class=\"wp-image-19225\" style=\"border-style:none;border-width:0px;border-radius:0px\" srcset=\"https:\/\/agora.xtec.cat\/escolaponent-tarragona\/wp-content\/uploads\/usu422\/2025\/02\/Tarragona.jpg 768w, https:\/\/agora.xtec.cat\/escolaponent-tarragona\/wp-content\/uploads\/usu422\/2025\/02\/Tarragona-300x134.jpg 300w\" sizes=\"auto, (max-width: 768px) 100vw, 768px\" \/><\/a><\/figure>\n<\/div>\n<\/div>\n<\/div><\/div><\/div>\n\n\n\n<div class=\"wp-block-getwid-toggle__row\"><div class=\"wp-block-getwid-toggle__header-wrapper\"><span class=\"wp-block-getwid-toggle__header\"><a href=\"#\"><span class=\"wp-block-getwid-toggle__header-title\"><strong>V\u00eddeos de suport<\/strong><\/span><span class=\"wp-block-getwid-toggle__icon is-active\"><i class=\"fas fa-plus\"><\/i><\/span><span class=\"wp-block-getwid-toggle__icon is-passive\"><i class=\"fas fa-minus\"><\/i><\/span><\/a><\/span><\/div><div class=\"wp-block-getwid-toggle__content-wrapper\"><div class=\"wp-block-getwid-toggle__content\">\n<div class=\"wp-block-columns is-layout-flex wp-container-core-columns-is-layout-2 wp-block-columns-is-layout-flex\">\n<div class=\"wp-block-column has-white-color has-ast-global-color-1-background-color has-text-color has-background has-link-color wp-elements-275a05359d88f5c55d418f702e66aede is-layout-flow wp-container-core-column-is-layout-4 wp-block-column-is-layout-flow\" style=\"border-style:none;border-width:0px;box-shadow:var(--wp--preset--shadow--natural)\">\n<figure class=\"wp-block-embed is-type-video is-provider-youtube wp-block-embed-youtube wp-embed-aspect-16-9 wp-has-aspect-ratio\" style=\"margin-top:var(--wp--preset--spacing--30);margin-right:var(--wp--preset--spacing--20);margin-bottom:var(--wp--preset--spacing--30);margin-left:var(--wp--preset--spacing--20)\"><div class=\"wp-block-embed__wrapper\">\n<div class=\"ast-oembed-container \" style=\"height: 100%;\"><iframe loading=\"lazy\" title=\"Saps com digitalitzar documents per fer els tr\u00e0mits?\" width=\"500\" height=\"281\" src=\"https:\/\/www.youtube.com\/embed\/kAm26LWm51U?feature=oembed\" frameborder=\"0\" allow=\"accelerometer; autoplay; clipboard-write; encrypted-media; gyroscope; picture-in-picture; web-share\" referrerpolicy=\"strict-origin-when-cross-origin\" allowfullscreen><\/iframe><\/div>\n<\/div><figcaption class=\"wp-element-caption\">Com digitalitzar documents<\/figcaption><\/figure>\n<\/div>\n\n\n\n<div class=\"wp-block-column is-layout-flow wp-block-column-is-layout-flow\"><\/div>\n<\/div>\n<\/div><\/div><\/div>\n<\/div>\n\n\n\n<div class=\"wp-block-getwid-toggle has-icon-left\">\n<div class=\"wp-block-getwid-toggle__row\"><div class=\"wp-block-getwid-toggle__header-wrapper\"><span class=\"wp-block-getwid-toggle__header\"><a href=\"#\"><span class=\"wp-block-getwid-toggle__header-title\"><strong>Calendari<\/strong><\/span><span class=\"wp-block-getwid-toggle__icon is-active\"><i class=\"fas fa-plus\"><\/i><\/span><span class=\"wp-block-getwid-toggle__icon is-passive\"><i class=\"fas fa-minus\"><\/i><\/span><\/a><\/span><\/div><div class=\"wp-block-getwid-toggle__content-wrapper\"><div class=\"wp-block-getwid-toggle__content\">\n<p style=\"line-height:1.5\"><strong>Portes obertes<\/strong>: 25 de febrer al 3 de mar\u00e7 de 2026<\/p>\n\n\n\n<p><strong>Oferta inicial de places:<\/strong> 3 de mar\u00e7 de 2026                                                          <a href=\"https:\/\/agora.xtec.cat\/escolaponent-tarragona\/wp-content\/uploads\/usu422\/2026\/03\/INFORME_OFERTA_OME_INFORME_OFERTA-1.pdf\">Consulta<\/a><\/p>\n\n\n\n<p><strong>Presentaci\u00f3 de sol\u00b7licituds<\/strong>: 4 al 18 de mar\u00e7 de 2026<\/p>\n\n\n\n<p><strong>Presentaci\u00f3 de documentaci\u00f3<\/strong>: fins al 19 de mar\u00e7 de 2026<\/p>\n\n\n\n<p><strong>Publicaci\u00f3 de les llistes de sol\u00b7licituds amb la puntuaci\u00f3 provisional<\/strong>: 15 d&#8217;abril de 2026<\/p>\n\n\n\n<p><strong>Termini per presentar una reclamaci\u00f3<\/strong>: 15 al 20 d&#8217;abril de 2026<\/p>\n\n\n\n<p><strong>Sorteig del n\u00famero de desempat<\/strong>: 28 d&#8217;abril de 2026<\/p>\n\n\n\n<p><strong>Publicaci\u00f3 llista ordenada de sol\u00b7licituds<\/strong>: 29 d&#8217;abril de 2026<\/p>\n\n\n\n<p>&nbsp;<strong>Ampliaci\u00f3 de peticions de preinscripci\u00f3 per a alumnes sense pla\u00e7a assignada a cap centre:<\/strong> 1 al 3 de juny de 2026<\/p>\n\n\n\n<p><strong>Oferta final de places:<\/strong> 10 de juny de 2026 <\/p>\n\n\n\n<p><strong>Publicaci\u00f3 llista d&#8217;alumnes amb pla\u00e7a assignada i llista d&#8217;espera<\/strong>: 10 de juny de 2026<\/p>\n<\/div><\/div><\/div>\n<\/div>\n\n\n\n<p><\/p>\n","protected":false},"excerpt":{"rendered":"","protected":false},"author":1,"featured_media":19129,"parent":0,"menu_order":0,"comment_status":"open","ping_status":"closed","template":"","meta":{"_bbp_topic_count":0,"_bbp_reply_count":0,"_bbp_total_topic_count":0,"_bbp_total_reply_count":0,"_bbp_voice_count":0,"_bbp_anonymous_reply_count":0,"_bbp_topic_count_hidden":0,"_bbp_reply_count_hidden":0,"_bbp_forum_subforum_count":0,"site-sidebar-layout":"no-sidebar","site-content-layout":"","ast-site-content-layout":"full-width-container","site-content-style":"default","site-sidebar-style":"boxed","ast-global-header-display":"","ast-banner-title-visibility":"","ast-main-header-display":"","ast-hfb-above-header-display":"","ast-hfb-below-header-display":"","ast-hfb-mobile-header-display":"","site-post-title":"","ast-breadcrumbs-content":"","ast-featured-img":"","footer-sml-layout":"","theme-transparent-header-meta":"","adv-header-id-meta":"","stick-header-meta":"","header-above-stick-meta":"","header-main-stick-meta":"","header-below-stick-meta":"","astra-migrate-meta-layouts":"set","ast-page-background-enabled":"default","ast-page-background-meta":{"desktop":{"background-color":"var(--ast-global-color-4)","background-image":"","background-repeat":"repeat","background-position":"center center","background-size":"auto","background-attachment":"scroll","background-type":"","background-media":"","overlay-type":"","overlay-color":"","overlay-opacity":"","overlay-gradient":""},"tablet":{"background-color":"","background-image":"","background-repeat":"repeat","background-position":"center center","background-size":"auto","background-attachment":"scroll","background-type":"","background-media":"","overlay-type":"","overlay-color":"","overlay-opacity":"","overlay-gradient":""},"mobile":{"background-color":"","background-image":"","background-repeat":"repeat","background-position":"center center","background-size":"auto","background-attachment":"scroll","background-type":"","background-media":"","overlay-type":"","overlay-color":"","overlay-opacity":"","overlay-gradient":""}},"ast-content-background-meta":{"desktop":{"background-color":"var(--ast-global-color-5)","background-image":"","background-repeat":"repeat","background-position":"center center","background-size":"auto","background-attachment":"scroll","background-type":"","background-media":"","overlay-type":"","overlay-color":"","overlay-opacity":"","overlay-gradient":""},"tablet":{"background-color":"var(--ast-global-color-5)","background-image":"","background-repeat":"repeat","background-position":"center center","background-size":"auto","background-attachment":"scroll","background-type":"","background-media":"","overlay-type":"","overlay-color":"","overlay-opacity":"","overlay-gradient":""},"mobile":{"background-color":"var(--ast-global-color-5)","background-image":"","background-repeat":"repeat","background-position":"center center","background-size":"auto","background-attachment":"scroll","background-type":"","background-media":"","overlay-type":"","overlay-color":"","overlay-opacity":"","overlay-gradient":""}},"footnotes":""},"class_list":["post-19113","page","type-page","status-publish","has-post-thumbnail","hentry"],"post_mailing_queue_ids":[],"_links":{"self":[{"href":"https:\/\/agora.xtec.cat\/escolaponent-tarragona\/wp-json\/wp\/v2\/pages\/19113","targetHints":{"allow":["GET"]}}],"collection":[{"href":"https:\/\/agora.xtec.cat\/escolaponent-tarragona\/wp-json\/wp\/v2\/pages"}],"about":[{"href":"https:\/\/agora.xtec.cat\/escolaponent-tarragona\/wp-json\/wp\/v2\/types\/page"}],"author":[{"embeddable":true,"href":"https:\/\/agora.xtec.cat\/escolaponent-tarragona\/wp-json\/wp\/v2\/users\/1"}],"replies":[{"embeddable":true,"href":"https:\/\/agora.xtec.cat\/escolaponent-tarragona\/wp-json\/wp\/v2\/comments?post=19113"}],"version-history":[{"count":6,"href":"https:\/\/agora.xtec.cat\/escolaponent-tarragona\/wp-json\/wp\/v2\/pages\/19113\/revisions"}],"predecessor-version":[{"id":19745,"href":"https:\/\/agora.xtec.cat\/escolaponent-tarragona\/wp-json\/wp\/v2\/pages\/19113\/revisions\/19745"}],"wp:featuredmedia":[{"embeddable":true,"href":"https:\/\/agora.xtec.cat\/escolaponent-tarragona\/wp-json\/wp\/v2\/media\/19129"}],"wp:attachment":[{"href":"https:\/\/agora.xtec.cat\/escolaponent-tarragona\/wp-json\/wp\/v2\/media?parent=19113"}],"curies":[{"name":"wp","href":"https:\/\/api.w.org\/{rel}","templated":true}]}}