{"id":2333,"date":"2017-01-25T20:01:21","date_gmt":"2017-01-25T19:01:21","guid":{"rendered":"http:\/\/agora.xtec.cat\/escolapoblenou\/?page_id=2333"},"modified":"2019-11-07T10:54:00","modified_gmt":"2019-11-07T09:54:00","slug":"eines-pel-canvi","status":"publish","type":"page","link":"https:\/\/agora.xtec.cat\/escolapoblenou\/projecte-educatiu\/eines-pel-canvi\/","title":{"rendered":"Eines per al canvi"},"content":{"rendered":"<p><a href=\"http:\/\/agora.xtec.cat\/escolapoblenou\/wp-content\/uploads\/usu1516\/2017\/01\/P1230190.jpg\"><img loading=\"lazy\" decoding=\"async\" class=\"wp-image-2361 aligncenter\" src=\"http:\/\/agora.xtec.cat\/escolapoblenou\/wp-content\/uploads\/usu1516\/2017\/01\/P1230190-1024x767.jpg\" alt=\"OLYMPUS DIGITAL CAMERA\" width=\"378\" height=\"284\" srcset=\"https:\/\/agora.xtec.cat\/escolapoblenou\/wp-content\/uploads\/usu1516\/2017\/01\/P1230190-1024x767.jpg 1024w, https:\/\/agora.xtec.cat\/escolapoblenou\/wp-content\/uploads\/usu1516\/2017\/01\/P1230190-300x225.jpg 300w, https:\/\/agora.xtec.cat\/escolapoblenou\/wp-content\/uploads\/usu1516\/2017\/01\/P1230190-768x575.jpg 768w, https:\/\/agora.xtec.cat\/escolapoblenou\/wp-content\/uploads\/usu1516\/2017\/01\/P1230190-200x150.jpg 200w, https:\/\/agora.xtec.cat\/escolapoblenou\/wp-content\/uploads\/usu1516\/2017\/01\/P1230190.jpg 1029w\" sizes=\"auto, (max-width: 378px) 100vw, 378px\" \/><\/a><\/p>\n<h2 style=\"text-align: center;\">Principis orientadors del programa<\/h2>\n<p>Els principis pedag\u00f2gics que fonamenten el programa Eines per al Canvi es recullen al document Repensar l\u2019educaci\u00f3 (UNESCO, 2015). Amb la m\u00e0xima \u00abRepensar all\u00f2 que s\u2019ensenya, com s\u2019ensenya i com s\u2019avalua l\u2019aprenentatge\u00bb, enumera set principis b\u00e0sics de l\u2019aprenentatge a partir dels quals caldr\u00e0 ajustar el model d\u2019aula, la funci\u00f3 i el paper dels mestres, la disposici\u00f3 dels espais, els horaris, les assignatures, els equips, els esbarjos, etc. Aquests principis s\u00f3n els seg\u00fcents:<\/p>\n<p>1. L\u2019alumnat \u00e9s el centre de l\u2019aprenentatge.<\/p>\n<p>2. L\u2019aprenentatge \u00e9s de naturalesa social.<\/p>\n<p>3. Les emocions s\u00f3n part integral de l\u2019aprenentatge.<\/p>\n<p>4. L\u2019aprenentatge ha de tenir en compte les difer\u00e8ncies individuals.<\/p>\n<p>5. L\u2019esfor\u00e7 de tot l\u2019alumnat \u00e9s clau per a l\u2019aprenentatge.<\/p>\n<p>6. L\u2019avaluaci\u00f3 continuada afavoreix l\u2019aprenentatge.<\/p>\n<p>7. Aprendre \u00e9s construir connexions horitzontals entre \u00e0rees de coneixement, i tamb\u00e9 amb la comunitat i el m\u00f3n en general.<\/p>\n<p>Tamb\u00e9 al cap\u00edtol dels principis n\u2019hi ha que deriven d\u2019un model de gesti\u00f3 propi basat en una innovaci\u00f3 que reuneix aquestes caracter\u00edstiques:<\/p>\n<ul>\n<li>Est\u00e0 al servei de l\u2019equitat: crea xarxes d\u2019intercanvi que permeten als centres avan\u00e7ar i cr\u00e9ixer junts amb els centres del territori.<\/li>\n<li>Est\u00e0 atenta a aconseguir l\u2019\u00e8xit educatiu per a tothom de manera inclusiva.<\/li>\n<li>\u00c9s lenta, tranquil\u00b7la i liderada pels mateixos equips docents, que regulen el proc\u00e9s de canvi combinant criteris de voluntat i possibilitat.<\/li>\n<li>Parteix del capital educatiu existent: genera valor afegit, millora i optimitza moltes de les coses que ja f\u00e8iem.<\/li>\n<\/ul>\n<p>\u00c9s rigorosa i exigent. S\u2019avalua, es reajusta i es comunica amb rigor. No \u00e9s una operaci\u00f3 de m\u00e0rqueting.<\/p>\n<p><a href=\"http:\/\/www.edubcn.cat\/ca\/suport_educatiu_recursos\/plans_programes\/eines_per_al_canvi\/el_programa\">M\u00e9s informaci\u00f3<\/a><\/p>\n<p><a href=\"http:\/\/www.edubcn.cat\/ca\/suport_educatiu_recursos\/plans_programes\/eines_per_al_canvi\/el_programa\"><img loading=\"lazy\" decoding=\"async\" class=\"alignnone size-full wp-image-2342\" src=\"http:\/\/agora.xtec.cat\/escolapoblenou\/wp-content\/uploads\/usu1516\/2017\/01\/hdr_logo_ceb.gif\" alt=\"hdr_logo_ceb\" width=\"210\" height=\"60\" \/><\/a><\/p>\n","protected":false},"excerpt":{"rendered":"<p>Principis orientadors del programa Els principis pedag\u00f2gics que fonamenten el programa Eines per al Canvi es recullen al document Repensar l\u2019educaci\u00f3 (UNESCO, 2015). Amb la m\u00e0xima \u00abRepensar all\u00f2 que s\u2019ensenya, com s\u2019ensenya i com s\u2019avalua l\u2019aprenentatge\u00bb, enumera set principis b\u00e0sics de l\u2019aprenentatge a partir dels quals caldr\u00e0 ajustar el model d\u2019aula, la funci\u00f3 i el [&hellip;]<\/p>\n","protected":false},"author":8,"featured_media":0,"parent":64,"menu_order":2,"comment_status":"closed","ping_status":"closed","template":"page-templates\/side-menu.php","meta":{"_bbp_topic_count":0,"_bbp_reply_count":0,"_bbp_total_topic_count":0,"_bbp_total_reply_count":0,"_bbp_voice_count":0,"_bbp_anonymous_reply_count":0,"_bbp_topic_count_hidden":0,"_bbp_reply_count_hidden":0,"_bbp_forum_subforum_count":0,"site-sidebar-layout":"default","site-content-layout":"","ast-site-content-layout":"","site-content-style":"default","site-sidebar-style":"default","ast-global-header-display":"","ast-banner-title-visibility":"","ast-main-header-display":"","ast-hfb-above-header-display":"","ast-hfb-below-header-display":"","ast-hfb-mobile-header-display":"","site-post-title":"","ast-breadcrumbs-content":"","ast-featured-img":"","footer-sml-layout":"","theme-transparent-header-meta":"","adv-header-id-meta":"","stick-header-meta":"","header-above-stick-meta":"","header-main-stick-meta":"","header-below-stick-meta":"","astra-migrate-meta-layouts":"default","ast-page-background-enabled":"default","ast-page-background-meta":{"desktop":{"background-color":"var(--ast-global-color-4)","background-image":"","background-repeat":"repeat","background-position":"center center","background-size":"auto","background-attachment":"scroll","background-type":"","background-media":"","overlay-type":"","overlay-color":"","overlay-opacity":"","overlay-gradient":""},"tablet":{"background-color":"","background-image":"","background-repeat":"repeat","background-position":"center center","background-size":"auto","background-attachment":"scroll","background-type":"","background-media":"","overlay-type":"","overlay-color":"","overlay-opacity":"","overlay-gradient":""},"mobile":{"background-color":"","background-image":"","background-repeat":"repeat","background-position":"center center","background-size":"auto","background-attachment":"scroll","background-type":"","background-media":"","overlay-type":"","overlay-color":"","overlay-opacity":"","overlay-gradient":""}},"ast-content-background-meta":{"desktop":{"background-color":"var(--ast-global-color-5)","background-image":"","background-repeat":"repeat","background-position":"center center","background-size":"auto","background-attachment":"scroll","background-type":"","background-media":"","overlay-type":"","overlay-color":"","overlay-opacity":"","overlay-gradient":""},"tablet":{"background-color":"var(--ast-global-color-5)","background-image":"","background-repeat":"repeat","background-position":"center center","background-size":"auto","background-attachment":"scroll","background-type":"","background-media":"","overlay-type":"","overlay-color":"","overlay-opacity":"","overlay-gradient":""},"mobile":{"background-color":"var(--ast-global-color-5)","background-image":"","background-repeat":"repeat","background-position":"center center","background-size":"auto","background-attachment":"scroll","background-type":"","background-media":"","overlay-type":"","overlay-color":"","overlay-opacity":"","overlay-gradient":""}},"footnotes":""},"class_list":["post-2333","page","type-page","status-publish","hentry"],"post_mailing_queue_ids":[],"_links":{"self":[{"href":"https:\/\/agora.xtec.cat\/escolapoblenou\/wp-json\/wp\/v2\/pages\/2333","targetHints":{"allow":["GET"]}}],"collection":[{"href":"https:\/\/agora.xtec.cat\/escolapoblenou\/wp-json\/wp\/v2\/pages"}],"about":[{"href":"https:\/\/agora.xtec.cat\/escolapoblenou\/wp-json\/wp\/v2\/types\/page"}],"author":[{"embeddable":true,"href":"https:\/\/agora.xtec.cat\/escolapoblenou\/wp-json\/wp\/v2\/users\/8"}],"replies":[{"embeddable":true,"href":"https:\/\/agora.xtec.cat\/escolapoblenou\/wp-json\/wp\/v2\/comments?post=2333"}],"version-history":[{"count":3,"href":"https:\/\/agora.xtec.cat\/escolapoblenou\/wp-json\/wp\/v2\/pages\/2333\/revisions"}],"predecessor-version":[{"id":2363,"href":"https:\/\/agora.xtec.cat\/escolapoblenou\/wp-json\/wp\/v2\/pages\/2333\/revisions\/2363"}],"up":[{"embeddable":true,"href":"https:\/\/agora.xtec.cat\/escolapoblenou\/wp-json\/wp\/v2\/pages\/64"}],"wp:attachment":[{"href":"https:\/\/agora.xtec.cat\/escolapoblenou\/wp-json\/wp\/v2\/media?parent=2333"}],"curies":[{"name":"wp","href":"https:\/\/api.w.org\/{rel}","templated":true}]}}