{"id":1896,"date":"2016-12-05T22:36:26","date_gmt":"2016-12-05T21:36:26","guid":{"rendered":"http:\/\/agora.xtec.cat\/escolapoblenou\/?page_id=1896"},"modified":"2022-10-24T14:46:56","modified_gmt":"2022-10-24T12:46:56","slug":"projecte-tandem","status":"publish","type":"page","link":"https:\/\/agora.xtec.cat\/escolapoblenou\/projecte-educatiu\/projecte-tandem\/","title":{"rendered":"Projecte T\u00e0ndem"},"content":{"rendered":"<p>&nbsp;<\/p>\n<div>\n<table style=\"height: 598px;\" width=\"862\">\n<tbody>\n<tr>\n<td style=\"width: 400px;\">\n<p style=\"background: white; margin: 0cm 0cm 10pt;\"><span style=\"color: #7b7676; font-family: Arial;\"><span style=\"color: #000000;\">En el projecte <b>T\u00e0ndem Escola Poblenou de Barcelona + ESMUC<\/b>, la <b>m\u00fasica<\/b> s\u2019insereix com a <b>eix transversal dins el curr\u00edculum<\/b> de l\u2019educaci\u00f3 infantil i prim\u00e0ria.<\/span><\/span><\/p>\n<div>\n<p style=\"background: white; margin: 0cm 0cm 10pt;\"><span style=\"color: #7b7676; font-family: Arial;\"><span style=\"color: #000000;\">\u00c9s un <b>projecte d\u2019innovaci\u00f3<\/b> composat per la <b>conjunci\u00f3 de tres programes<\/b> <b>d\u2019intervenci\u00f3 educativa i un altre d\u2019avaluaci\u00f3<\/b> de les tres intervencions.<\/span><\/span><\/p>\n<p style=\"background: white; margin: 0cm 0cm 10pt;\"><span style=\"color: #7b7676; font-family: Arial;\"><span style=\"color: #000000;\">Aquests quatres programes d\u2019intervenci\u00f3 educativa estarien definits per les seg\u00fcents tem\u00e0tiques:<\/span><\/span><\/p>\n<ul style=\"list-style-type: square;\">\n<li style=\"background: white; margin: 0cm 0cm 0pt; line-height: 17pt;\"><span style=\"color: #000000;\"><b>Formaci\u00f3 del professorat<\/b> en la did\u00e0ctica del tema-eix a implantar en el centre, la m\u00fasica, aix\u00ed com en la seva compet\u00e8ncia per liderar, organitzar-se, formar equips de treball i portar a termini tot el projecte.<\/span><\/li>\n<li style=\"background: white; margin: 0cm 0cm 0pt; line-height: 17pt;\"><span style=\"color: #000000;\"><b>Construcci\u00f3 de la comunitat d\u2019aprenentatge centre-entorn<\/b> al voltant del tema-eix.<\/span><\/li>\n<li style=\"background: white; margin: 0cm 0cm 0pt; line-height: 17pt;\"><span style=\"color: #000000;\"><b>Disseny curricular<\/b> pr\u00f2piament dit en base al tema-eix<\/span><\/li>\n<li style=\"background: white; margin: 0cm 0cm 0pt; line-height: 17pt;\"><span style=\"color: #000000;\"><b>Avaluaci\u00f3 de proc\u00e9s<\/b> i de resultats dels tres programes anteriors.<\/span><\/li>\n<\/ul>\n<p>&nbsp;<\/p>\n<p><span style=\"color: #000000;\"><a href=\"http:\/\/www.fundaciocatalunya-lapedrera.com\/ca\/content\/escoles-t%C3%A0ndem\"><img decoding=\"async\" class=\"aligncenter\" src=\"https:\/\/sites.google.com\/a\/xtec.cat\/escola-poblenou\/projectes\/projecte-tandem\/escolesTandem_2.jpg\" border=\"0\" \/><\/a><\/span><\/p>\n<\/div>\n<\/td>\n<td>\n<div style=\"text-align: center; margin-right: auto; margin-left: auto; display: block;\">\n\r\n\t<div class=\"slideshow_container slideshow_container_style-light\" style=\"height: 300px; \" data-slideshow-id=\"1902\" data-style-name=\"style-light\" data-style-version=\"2.3.1\" >\r\n\r\n\t\t\t\t\t<div class=\"slideshow_loading_icon\"><\/div>\r\n\t\t\r\n\t\t<div class=\"slideshow_content\" style=\"display: none;\">\r\n\r\n\t\t\t<div class=\"slideshow_view\">\r\n\t\t\t\t<div class=\"slideshow_slide slideshow_slide_image\">\r\n\t\t\t\t\t\t\t\t\t\t\t<img src=\"https:\/\/agora.xtec.cat\/escolapoblenou\/wp-content\/uploads\/usu1516\/2016\/12\/MG_3900.jpg\" alt=\"_mg_3900\" width=\"800\" height=\"526\" \/>\r\n\t\t\t\t\t\t\t\t\t\t<div class=\"slideshow_description_box slideshow_transparent\">\r\n\t\t\t\t\t\t<div class=\"slideshow_title\">_mg_3900<\/div>\t\t\t\t\t\t\t\t\t\t\t<\/div>\r\n\t\t\t\t<\/div>\r\n\r\n\t\t\t\t\t\t<div style=\"clear: both;\"><\/div><\/div><div class=\"slideshow_view\">\r\n\t\t\t\t<div class=\"slideshow_slide slideshow_slide_image\">\r\n\t\t\t\t\t\t\t\t\t\t\t<img src=\"https:\/\/agora.xtec.cat\/escolapoblenou\/wp-content\/uploads\/usu1516\/2016\/12\/MG_3651.jpg\" alt=\"_mg_3651\" width=\"800\" height=\"534\" \/>\r\n\t\t\t\t\t\t\t\t\t\t<div class=\"slideshow_description_box slideshow_transparent\">\r\n\t\t\t\t\t\t<div class=\"slideshow_title\">_mg_3651<\/div>\t\t\t\t\t\t\t\t\t\t\t<\/div>\r\n\t\t\t\t<\/div>\r\n\r\n\t\t\t\t\t\t<div style=\"clear: both;\"><\/div><\/div><div class=\"slideshow_view\">\r\n\t\t\t\t<div class=\"slideshow_slide slideshow_slide_image\">\r\n\t\t\t\t\t\t\t\t\t\t\t<img src=\"https:\/\/agora.xtec.cat\/escolapoblenou\/wp-content\/uploads\/usu1516\/2016\/12\/MG_3659.jpg\" alt=\"_mg_3659\" width=\"800\" height=\"534\" \/>\r\n\t\t\t\t\t\t\t\t\t\t<div class=\"slideshow_description_box slideshow_transparent\">\r\n\t\t\t\t\t\t<div class=\"slideshow_title\">_mg_3659<\/div>\t\t\t\t\t\t\t\t\t\t\t<\/div>\r\n\t\t\t\t<\/div>\r\n\r\n\t\t\t\t\t\t<div style=\"clear: both;\"><\/div><\/div><div class=\"slideshow_view\">\r\n\t\t\t\t<div class=\"slideshow_slide slideshow_slide_image\">\r\n\t\t\t\t\t\t\t\t\t\t\t<img src=\"https:\/\/agora.xtec.cat\/escolapoblenou\/wp-content\/uploads\/usu1516\/2016\/12\/MG_3694.jpg\" alt=\"_mg_3694\" width=\"800\" height=\"534\" \/>\r\n\t\t\t\t\t\t\t\t\t\t<div class=\"slideshow_description_box slideshow_transparent\">\r\n\t\t\t\t\t\t<div class=\"slideshow_title\">_mg_3694<\/div>\t\t\t\t\t\t\t\t\t\t\t<\/div>\r\n\t\t\t\t<\/div>\r\n\r\n\t\t\t\t\t\t<div style=\"clear: both;\"><\/div><\/div><div class=\"slideshow_view\">\r\n\t\t\t\t<div class=\"slideshow_slide slideshow_slide_image\">\r\n\t\t\t\t\t\t\t\t\t\t\t<img src=\"https:\/\/agora.xtec.cat\/escolapoblenou\/wp-content\/uploads\/usu1516\/2016\/12\/MG_3701.jpg\" alt=\"_mg_3701\" width=\"800\" height=\"534\" \/>\r\n\t\t\t\t\t\t\t\t\t\t<div class=\"slideshow_description_box slideshow_transparent\">\r\n\t\t\t\t\t\t<div class=\"slideshow_title\">_mg_3701<\/div>\t\t\t\t\t\t\t\t\t\t\t<\/div>\r\n\t\t\t\t<\/div>\r\n\r\n\t\t\t\t\t\t<div style=\"clear: both;\"><\/div><\/div><div class=\"slideshow_view\">\r\n\t\t\t\t<div class=\"slideshow_slide slideshow_slide_image\">\r\n\t\t\t\t\t\t\t\t\t\t\t<img src=\"https:\/\/agora.xtec.cat\/escolapoblenou\/wp-content\/uploads\/usu1516\/2016\/12\/MG_3718.jpg\" alt=\"_mg_3718\" width=\"800\" height=\"534\" \/>\r\n\t\t\t\t\t\t\t\t\t\t<div class=\"slideshow_description_box slideshow_transparent\">\r\n\t\t\t\t\t\t<div class=\"slideshow_title\">_mg_3718<\/div>\t\t\t\t\t\t\t\t\t\t\t<\/div>\r\n\t\t\t\t<\/div>\r\n\r\n\t\t\t\t\t\t<div style=\"clear: both;\"><\/div><\/div><div class=\"slideshow_view\">\r\n\t\t\t\t<div class=\"slideshow_slide slideshow_slide_image\">\r\n\t\t\t\t\t\t\t\t\t\t\t<img src=\"https:\/\/agora.xtec.cat\/escolapoblenou\/wp-content\/uploads\/usu1516\/2016\/12\/MG_3732.jpg\" alt=\"_mg_3732\" width=\"800\" height=\"534\" \/>\r\n\t\t\t\t\t\t\t\t\t\t<div class=\"slideshow_description_box slideshow_transparent\">\r\n\t\t\t\t\t\t<div class=\"slideshow_title\">_mg_3732<\/div>\t\t\t\t\t\t\t\t\t\t\t<\/div>\r\n\t\t\t\t<\/div>\r\n\r\n\t\t\t\t\t\t<div style=\"clear: both;\"><\/div><\/div><div class=\"slideshow_view\">\r\n\t\t\t\t<div class=\"slideshow_slide slideshow_slide_image\">\r\n\t\t\t\t\t\t\t\t\t\t\t<img src=\"https:\/\/agora.xtec.cat\/escolapoblenou\/wp-content\/uploads\/usu1516\/2016\/12\/MG_3769.jpg\" alt=\"_mg_3769\" width=\"800\" height=\"534\" \/>\r\n\t\t\t\t\t\t\t\t\t\t<div class=\"slideshow_description_box slideshow_transparent\">\r\n\t\t\t\t\t\t<div class=\"slideshow_title\">_mg_3769<\/div>\t\t\t\t\t\t\t\t\t\t\t<\/div>\r\n\t\t\t\t<\/div>\r\n\r\n\t\t\t\t\t\t<div style=\"clear: both;\"><\/div><\/div><div class=\"slideshow_view\">\r\n\t\t\t\t<div class=\"slideshow_slide slideshow_slide_image\">\r\n\t\t\t\t\t\t\t\t\t\t\t<img src=\"https:\/\/agora.xtec.cat\/escolapoblenou\/wp-content\/uploads\/usu1516\/2016\/12\/MG_3801.jpg\" alt=\"_mg_3801\" width=\"800\" height=\"534\" \/>\r\n\t\t\t\t\t\t\t\t\t\t<div class=\"slideshow_description_box slideshow_transparent\">\r\n\t\t\t\t\t\t<div class=\"slideshow_title\">_mg_3801<\/div>\t\t\t\t\t\t\t\t\t\t\t<\/div>\r\n\t\t\t\t<\/div>\r\n\r\n\t\t\t\t\t\t<div style=\"clear: both;\"><\/div><\/div><div class=\"slideshow_view\">\r\n\t\t\t\t<div class=\"slideshow_slide slideshow_slide_image\">\r\n\t\t\t\t\t\t\t\t\t\t\t<img src=\"https:\/\/agora.xtec.cat\/escolapoblenou\/wp-content\/uploads\/usu1516\/2016\/12\/MG_3815.jpg\" alt=\"_mg_3815\" width=\"800\" height=\"534\" \/>\r\n\t\t\t\t\t\t\t\t\t\t<div class=\"slideshow_description_box slideshow_transparent\">\r\n\t\t\t\t\t\t<div class=\"slideshow_title\">_mg_3815<\/div>\t\t\t\t\t\t\t\t\t\t\t<\/div>\r\n\t\t\t\t<\/div>\r\n\r\n\t\t\t\t\t\t<div style=\"clear: both;\"><\/div><\/div>\r\n\t\t<\/div>\r\n\r\n\t\t<div class=\"slideshow_controlPanel slideshow_transparent\" style=\"display: none;\"><ul><li class=\"slideshow_togglePlay\" data-play-text=\"Visualitza\" data-pause-text=\"Pausa\"><\/li><\/ul><\/div>\r\n\r\n\t\t<div class=\"slideshow_button slideshow_previous slideshow_transparent\" role=\"button\" data-previous-text=\"Anterior\" style=\"display: none;\"><\/div>\r\n\t\t<div class=\"slideshow_button slideshow_next slideshow_transparent\" role=\"button\" data-next-text=\"Seg\u00fcent\" style=\"display: none;\"><\/div>\r\n\r\n\t\t<div class=\"slideshow_pagination\" style=\"display: none;\" data-go-to-text=\"V\u00e9s a la diapositiva\"><div class=\"slideshow_pagination_center\"><\/div><\/div>\r\n\r\n\t\t<!-- WordPress Slideshow Version 2.3.1 -->\r\n\r\n\t\t\t<\/div>\r\n\r\n\n<p style=\"text-align: left;\">L&#8217;objectiu \u00e9s fer servir la M\u00fasica com a eix transversal dins el curr\u00edculum, tant a Infantil com a Prim\u00e0ria. I qu\u00e8 vol dir aix\u00f2? Doncs que la M\u00fasica ajuda a assolir conceptes, memoritzar, viure els aprenentatges i consolidar-los. A m\u00e9s d&#8217;ajudar a comunicar idees, sentiments, emocions, &#8230; Llavors, per qu\u00e8 fer-la servir nom\u00e9s a les hores d&#8217;Educaci\u00f3 Musical?<\/p>\n<p style=\"text-align: left;\">A la nostra escola la M\u00fasica \u00e9s present a totes les \u00e0rees, a totes les festes i activitats del centre, en el dia a dia del nostre alumnat.<\/p>\n<p style=\"text-align: left;\">\n<\/div>\n<div style=\"text-align: center; margin-right: auto; margin-left: auto; display: block;\">\n<div style=\"text-align: center; margin-right: auto; margin-left: auto; display: block;\">\n<div style=\"text-align: center; margin-right: auto; margin-left: auto; display: block;\"><\/div>\n<\/div>\n<\/div>\n<div style=\"text-align: center; margin-right: auto; margin-left: auto; display: block;\">\n<div style=\"text-align: center; margin-right: auto; margin-left: auto; display: block;\"><a href=\"http:\/\/www.esmuc.cat\/\"><img decoding=\"async\" src=\"https:\/\/sites.google.com\/a\/xtec.cat\/escola-poblenou\/projectes\/projecte-tandem\/Logo%20ESMUC%203.jpg\" border=\"0\" \/><\/a><\/div>\n<\/div>\n<\/td>\n<\/tr>\n<\/tbody>\n<\/table>\n<\/div>\n<p style=\"text-align: center;\"><iframe loading=\"lazy\" src=\"https:\/\/www.youtube.com\/embed\/4Di0ytqczJo\" width=\"560\" height=\"315\" frameborder=\"0\"><\/iframe><\/p>\n<p>&nbsp;<\/p>\n<p style=\"background: white; margin: 0cm 0cm 0pt; line-height: 17pt;\"><span style=\"color: #000000;\">\u00a0<\/span><\/p>\n<p><b>M\u00e9s informaci\u00f3:<\/b><\/p>\n<div>\n<div><a href=\"http:\/\/www.btv.cat\/btvnoticies\/2014\/11\/27\/lescola-poblenou-esmuc-projecte-tandem\/\">Projecte T\u00e0ndem BTV<\/a><\/div>\n<div><a href=\"http:\/\/youtu.be\/ybhVvBZxhwA\" target=\"_blank\" rel=\"noopener noreferrer\">Projecte T\u00e0ndem dins les aules: youtube.<\/a><\/div>\n<\/div>\n<div><a href=\"http:\/\/www.esmuc.cat\/Esmuc-digital\/Revistes\/Numero-11-octubre-2012\/Article\">Article sobre el projecte T\u00e0ndem a la revista de l&#8217;ESMUC<\/a><\/div>\n<div><a href=\"http:\/\/www.tv3.cat\/videos\/4135952\/Escoles-Tandem\" target=\"_blank\" rel=\"noopener noreferrer\">Reportatge TV3<\/a><\/div>\n<div><a href=\"http:\/\/blocs.xtec.cat\/ceippoblenou\/files\/2012\/02\/www.ara_.cat_premium_suplements_Escoles-tandem-especialit.pdf\">Article publicat al diari ARA<\/a><\/div>\n<div><a href=\"http:\/\/bloc.edubcn.cat\/2012\/02\/estrenem-nou-web-i-nova-etapa\/\">Article publicat a fem escola a Barcelona<\/a><\/div>\n<div><a href=\"http:\/\/www.edubcn.cat\/ca\/noticies\/detall?44194\">http:\/\/www.edubcn.cat\/ca\/noticies\/detall?44194<\/a><\/div>\n<div><a href=\"http:\/\/www.lavanguardia.com\/cultura\/20111201\/54239607903\/piloto-musica-barcelona.html\">http:\/\/www.lavanguardia.com\/cultura\/20111201\/54239607903\/piloto-musica-barcelona.html<\/a><\/div>\n<div>\n<div><span lang=\"CA\"><a href=\"http:\/\/www.324.cat\/video\/3862390\/altres\/TN-Vespre-16122011\">http:\/\/www.324.cat\/video\/3862390\/altres\/TN-Vespre-16122011<\/a><\/span> (minut 20 aproximadament )<\/div>\n<p>&nbsp;<\/p>\n<\/div>\n","protected":false},"excerpt":{"rendered":"<p>&nbsp; En el projecte T\u00e0ndem Escola Poblenou de Barcelona + ESMUC, la m\u00fasica s\u2019insereix com a eix transversal dins el curr\u00edculum de l\u2019educaci\u00f3 infantil i prim\u00e0ria. \u00c9s un projecte d\u2019innovaci\u00f3 composat per la conjunci\u00f3 de tres programes d\u2019intervenci\u00f3 educativa i un altre d\u2019avaluaci\u00f3 de les tres intervencions. Aquests quatres programes d\u2019intervenci\u00f3 educativa estarien definits per [&hellip;]<\/p>\n","protected":false},"author":3,"featured_media":0,"parent":64,"menu_order":7,"comment_status":"closed","ping_status":"closed","template":"page-templates\/side-menu.php","meta":{"_bbp_topic_count":0,"_bbp_reply_count":0,"_bbp_total_topic_count":0,"_bbp_total_reply_count":0,"_bbp_voice_count":0,"_bbp_anonymous_reply_count":0,"_bbp_topic_count_hidden":0,"_bbp_reply_count_hidden":0,"_bbp_forum_subforum_count":0,"site-sidebar-layout":"default","site-content-layout":"","ast-site-content-layout":"","site-content-style":"default","site-sidebar-style":"default","ast-global-header-display":"","ast-banner-title-visibility":"","ast-main-header-display":"","ast-hfb-above-header-display":"","ast-hfb-below-header-display":"","ast-hfb-mobile-header-display":"","site-post-title":"","ast-breadcrumbs-content":"","ast-featured-img":"","footer-sml-layout":"","theme-transparent-header-meta":"","adv-header-id-meta":"","stick-header-meta":"","header-above-stick-meta":"","header-main-stick-meta":"","header-below-stick-meta":"","astra-migrate-meta-layouts":"default","ast-page-background-enabled":"default","ast-page-background-meta":{"desktop":{"background-color":"var(--ast-global-color-4)","background-image":"","background-repeat":"repeat","background-position":"center center","background-size":"auto","background-attachment":"scroll","background-type":"","background-media":"","overlay-type":"","overlay-color":"","overlay-opacity":"","overlay-gradient":""},"tablet":{"background-color":"","background-image":"","background-repeat":"repeat","background-position":"center center","background-size":"auto","background-attachment":"scroll","background-type":"","background-media":"","overlay-type":"","overlay-color":"","overlay-opacity":"","overlay-gradient":""},"mobile":{"background-color":"","background-image":"","background-repeat":"repeat","background-position":"center center","background-size":"auto","background-attachment":"scroll","background-type":"","background-media":"","overlay-type":"","overlay-color":"","overlay-opacity":"","overlay-gradient":""}},"ast-content-background-meta":{"desktop":{"background-color":"var(--ast-global-color-5)","background-image":"","background-repeat":"repeat","background-position":"center center","background-size":"auto","background-attachment":"scroll","background-type":"","background-media":"","overlay-type":"","overlay-color":"","overlay-opacity":"","overlay-gradient":""},"tablet":{"background-color":"var(--ast-global-color-5)","background-image":"","background-repeat":"repeat","background-position":"center center","background-size":"auto","background-attachment":"scroll","background-type":"","background-media":"","overlay-type":"","overlay-color":"","overlay-opacity":"","overlay-gradient":""},"mobile":{"background-color":"var(--ast-global-color-5)","background-image":"","background-repeat":"repeat","background-position":"center center","background-size":"auto","background-attachment":"scroll","background-type":"","background-media":"","overlay-type":"","overlay-color":"","overlay-opacity":"","overlay-gradient":""}},"footnotes":""},"class_list":["post-1896","page","type-page","status-publish","hentry"],"post_mailing_queue_ids":[],"_links":{"self":[{"href":"https:\/\/agora.xtec.cat\/escolapoblenou\/wp-json\/wp\/v2\/pages\/1896","targetHints":{"allow":["GET"]}}],"collection":[{"href":"https:\/\/agora.xtec.cat\/escolapoblenou\/wp-json\/wp\/v2\/pages"}],"about":[{"href":"https:\/\/agora.xtec.cat\/escolapoblenou\/wp-json\/wp\/v2\/types\/page"}],"author":[{"embeddable":true,"href":"https:\/\/agora.xtec.cat\/escolapoblenou\/wp-json\/wp\/v2\/users\/3"}],"replies":[{"embeddable":true,"href":"https:\/\/agora.xtec.cat\/escolapoblenou\/wp-json\/wp\/v2\/comments?post=1896"}],"version-history":[{"count":4,"href":"https:\/\/agora.xtec.cat\/escolapoblenou\/wp-json\/wp\/v2\/pages\/1896\/revisions"}],"predecessor-version":[{"id":10344,"href":"https:\/\/agora.xtec.cat\/escolapoblenou\/wp-json\/wp\/v2\/pages\/1896\/revisions\/10344"}],"up":[{"embeddable":true,"href":"https:\/\/agora.xtec.cat\/escolapoblenou\/wp-json\/wp\/v2\/pages\/64"}],"wp:attachment":[{"href":"https:\/\/agora.xtec.cat\/escolapoblenou\/wp-json\/wp\/v2\/media?parent=1896"}],"curies":[{"name":"wp","href":"https:\/\/api.w.org\/{rel}","templated":true}]}}