{"id":5869,"date":"2026-01-23T15:14:47","date_gmt":"2026-01-23T14:14:47","guid":{"rendered":"https:\/\/agora.xtec.cat\/escolapladelpuig\/?page_id=5869"},"modified":"2026-01-23T15:20:23","modified_gmt":"2026-01-23T14:20:23","slug":"lescola-les-festes-i-les-tradicions","status":"publish","type":"page","link":"https:\/\/agora.xtec.cat\/escolapladelpuig\/lescola-les-festes-i-les-tradicions\/","title":{"rendered":"L&#8217;escola, les festes i les tradicions"},"content":{"rendered":"\n<p>Com a escola arrelada al territori i oberta al m\u00f3n, donem un gran valor a la nostra hist\u00f2ria, tradicions, paisatge, llengua i comunitat. Entenem l\u2019escola com un espai viu, connectat amb l\u2019entorn i amb les persones que en formen part.<\/p>\n\n\n\n<p>En aquest sentit, al llarg del curs celebrem diverses festes i activitats que formen part de la vida escolar i del nostre projecte educatiu: el berenar d\u2019inici de curs, la Castanyada, la Setmana de la M\u00fasica (Santa Cec\u00edlia), el concert de Nadal i la turronada, la Festa de l\u2019Arr\u00f2s, el Dijous Llarder, el Carnestoltes, les Caramelles, la Setmana Liter\u00e0ria i Sant Jordi, la Festa de Final de Curs i la cloenda del curs al Puig.<\/p>\n\n\n\n<p>A trav\u00e9s d\u2019aquestes celebracions, els infants tenen l\u2019oportunitat de con\u00e8ixer i viure les tradicions que formen part de la nostra cultura, participar en experi\u00e8ncies compartides i sentir-se part activa de la comunitat educativa i del seu entorn m\u00e9s proper. Aquestes viv\u00e8ncies contribueixen a refor\u00e7ar el sentiment de pertinen\u00e7a, la conviv\u00e8ncia i el respecte per la cultura i el territori.<\/p>\n\n\n\n<p><\/p>\n","protected":false},"excerpt":{"rendered":"<p>Com a escola arrelada al territori i oberta al m\u00f3n, donem un gran valor a la nostra hist\u00f2ria, tradicions, paisatge, llengua i comunitat. Entenem l\u2019escola com un espai viu, connectat amb l\u2019entorn i amb les persones que en formen part. En aquest sentit, al llarg del curs celebrem diverses festes i activitats que formen part [&hellip;]<\/p>\n","protected":false},"author":4,"featured_media":0,"parent":0,"menu_order":0,"comment_status":"closed","ping_status":"close","template":"","meta":{"_bbp_topic_count":0,"_bbp_reply_count":0,"_bbp_total_topic_count":0,"_bbp_total_reply_count":0,"_bbp_voice_count":0,"_bbp_anonymous_reply_count":0,"_bbp_topic_count_hidden":0,"_bbp_reply_count_hidden":0,"_bbp_forum_subforum_count":0,"site-sidebar-layout":"default","site-content-layout":"","ast-site-content-layout":"default","site-content-style":"default","site-sidebar-style":"default","ast-global-header-display":"","ast-banner-title-visibility":"","ast-main-header-display":"","ast-hfb-above-header-display":"","ast-hfb-below-header-display":"","ast-hfb-mobile-header-display":"","site-post-title":"","ast-breadcrumbs-content":"","ast-featured-img":"","footer-sml-layout":"","theme-transparent-header-meta":"","adv-header-id-meta":"","stick-header-meta":"","header-above-stick-meta":"","header-main-stick-meta":"","header-below-stick-meta":"","astra-migrate-meta-layouts":"set","ast-page-background-enabled":"default","ast-page-background-meta":{"desktop":{"background-color":"var(--ast-global-color-4)","background-image":"","background-repeat":"repeat","background-position":"center center","background-size":"auto","background-attachment":"scroll","background-type":"","background-media":"","overlay-type":"","overlay-color":"","overlay-opacity":"","overlay-gradient":""},"tablet":{"background-color":"","background-image":"","background-repeat":"repeat","background-position":"center center","background-size":"auto","background-attachment":"scroll","background-type":"","background-media":"","overlay-type":"","overlay-color":"","overlay-opacity":"","overlay-gradient":""},"mobile":{"background-color":"","background-image":"","background-repeat":"repeat","background-position":"center center","background-size":"auto","background-attachment":"scroll","background-type":"","background-media":"","overlay-type":"","overlay-color":"","overlay-opacity":"","overlay-gradient":""}},"ast-content-background-meta":{"desktop":{"background-color":"var(--ast-global-color-5)","background-image":"","background-repeat":"repeat","background-position":"center center","background-size":"auto","background-attachment":"scroll","background-type":"","background-media":"","overlay-type":"","overlay-color":"","overlay-opacity":"","overlay-gradient":""},"tablet":{"background-color":"var(--ast-global-color-5)","background-image":"","background-repeat":"repeat","background-position":"center center","background-size":"auto","background-attachment":"scroll","background-type":"","background-media":"","overlay-type":"","overlay-color":"","overlay-opacity":"","overlay-gradient":""},"mobile":{"background-color":"var(--ast-global-color-5)","background-image":"","background-repeat":"repeat","background-position":"center center","background-size":"auto","background-attachment":"scroll","background-type":"","background-media":"","overlay-type":"","overlay-color":"","overlay-opacity":"","overlay-gradient":""}},"footnotes":""},"class_list":["post-5869","page","type-page","status-publish","hentry"],"post_mailing_queue_ids":[],"_links":{"self":[{"href":"https:\/\/agora.xtec.cat\/escolapladelpuig\/wp-json\/wp\/v2\/pages\/5869","targetHints":{"allow":["GET"]}}],"collection":[{"href":"https:\/\/agora.xtec.cat\/escolapladelpuig\/wp-json\/wp\/v2\/pages"}],"about":[{"href":"https:\/\/agora.xtec.cat\/escolapladelpuig\/wp-json\/wp\/v2\/types\/page"}],"author":[{"embeddable":true,"href":"https:\/\/agora.xtec.cat\/escolapladelpuig\/wp-json\/wp\/v2\/users\/4"}],"replies":[{"embeddable":true,"href":"https:\/\/agora.xtec.cat\/escolapladelpuig\/wp-json\/wp\/v2\/comments?post=5869"}],"version-history":[{"count":2,"href":"https:\/\/agora.xtec.cat\/escolapladelpuig\/wp-json\/wp\/v2\/pages\/5869\/revisions"}],"predecessor-version":[{"id":5875,"href":"https:\/\/agora.xtec.cat\/escolapladelpuig\/wp-json\/wp\/v2\/pages\/5869\/revisions\/5875"}],"wp:attachment":[{"href":"https:\/\/agora.xtec.cat\/escolapladelpuig\/wp-json\/wp\/v2\/media?parent=5869"}],"curies":[{"name":"wp","href":"https:\/\/api.w.org\/{rel}","templated":true}]}}