{"id":2388,"date":"2019-11-25T18:03:43","date_gmt":"2019-11-25T17:03:43","guid":{"rendered":"http:\/\/agora.xtec.cat\/escolapladelpuig\/?page_id=2388"},"modified":"2022-10-19T12:00:03","modified_gmt":"2022-10-19T10:00:03","slug":"lescola-i-el-medi-2","status":"publish","type":"page","link":"https:\/\/agora.xtec.cat\/escolapladelpuig\/lescola\/projecte-educatiu\/lescola-i-el-medi-2\/","title":{"rendered":"L&#8217;escola i el medi"},"content":{"rendered":"<h5>L\u2019hort a l\u2019escola<\/h5>\n<p>A l\u2019escola tenim un hort que est\u00e0 en construcci\u00f3. L\u2019hort a l\u2019escola ajuda als alumnes en la construcci\u00f3 del coneixement i a cr\u00e9ixer en valors.<\/p>\n<h5>L\u2019escola i l\u2019entorn<\/h5>\n<p>Fomentem en els infants sentiments d\u2019arrelament, estimaci\u00f3 i pertinen\u00e7a al seu poble, promovent la investigaci\u00f3 i el coneixement.<\/p>\n<p>A l&#8217;educaci\u00f3 infantil una vegada per setmana sortim fora d l&#8217;escola a investigar i con\u00e8ixer el nostre entorn m\u00e9s proper.<\/p>\n<h5>L\u2019escola i l\u2019aula de ci\u00e8ncies<\/h5>\n<p>L\u2019escola disposa d\u2019una aula de ci\u00e8ncies que permet treballar des d\u2019una perspectiva m\u00e9s competencial. Passant del fer experiments (saber fer coses) a fer treball experimental. Acompanyant l\u2019alumnat en l\u2019evoluci\u00f3 de les seves idees, sobre els fets i fen\u00f2mens de l\u2019entorn, per aproximar-los a les idees de la Ci\u00e8ncia.<\/p>\n<p>A l\u2019aula de ci\u00e8ncies hi passen els alumnes des d\u2019educaci\u00f3 infantil en l\u2019espai d\u2019experimentaci\u00f3 als diferents grups d\u2019educaci\u00f3 prim\u00e0ria.<\/p>\n<p>&nbsp;<\/p>\n","protected":false},"excerpt":{"rendered":"<p>L\u2019hort a l\u2019escola A l\u2019escola tenim un hort que est\u00e0 en construcci\u00f3. L\u2019hort a l\u2019escola ajuda als alumnes en la construcci\u00f3 del coneixement i a cr\u00e9ixer en valors. L\u2019escola i l\u2019entorn Fomentem en els infants sentiments d\u2019arrelament, estimaci\u00f3 i pertinen\u00e7a al seu poble, promovent la investigaci\u00f3 i el coneixement. A l&#8217;educaci\u00f3 infantil una vegada per [&hellip;]<\/p>\n","protected":false},"author":4,"featured_media":0,"parent":64,"menu_order":0,"comment_status":"closed","ping_status":"closed","template":"","meta":{"_bbp_topic_count":0,"_bbp_reply_count":0,"_bbp_total_topic_count":0,"_bbp_total_reply_count":0,"_bbp_voice_count":0,"_bbp_anonymous_reply_count":0,"_bbp_topic_count_hidden":0,"_bbp_reply_count_hidden":0,"_bbp_forum_subforum_count":0,"site-sidebar-layout":"default","site-content-layout":"","ast-site-content-layout":"","site-content-style":"default","site-sidebar-style":"default","ast-global-header-display":"","ast-banner-title-visibility":"","ast-main-header-display":"","ast-hfb-above-header-display":"","ast-hfb-below-header-display":"","ast-hfb-mobile-header-display":"","site-post-title":"","ast-breadcrumbs-content":"","ast-featured-img":"","footer-sml-layout":"","theme-transparent-header-meta":"","adv-header-id-meta":"","stick-header-meta":"","header-above-stick-meta":"","header-main-stick-meta":"","header-below-stick-meta":"","astra-migrate-meta-layouts":"default","ast-page-background-enabled":"default","ast-page-background-meta":{"desktop":{"background-color":"var(--ast-global-color-4)","background-image":"","background-repeat":"repeat","background-position":"center center","background-size":"auto","background-attachment":"scroll","background-type":"","background-media":"","overlay-type":"","overlay-color":"","overlay-opacity":"","overlay-gradient":""},"tablet":{"background-color":"","background-image":"","background-repeat":"repeat","background-position":"center center","background-size":"auto","background-attachment":"scroll","background-type":"","background-media":"","overlay-type":"","overlay-color":"","overlay-opacity":"","overlay-gradient":""},"mobile":{"background-color":"","background-image":"","background-repeat":"repeat","background-position":"center center","background-size":"auto","background-attachment":"scroll","background-type":"","background-media":"","overlay-type":"","overlay-color":"","overlay-opacity":"","overlay-gradient":""}},"ast-content-background-meta":{"desktop":{"background-color":"var(--ast-global-color-5)","background-image":"","background-repeat":"repeat","background-position":"center center","background-size":"auto","background-attachment":"scroll","background-type":"","background-media":"","overlay-type":"","overlay-color":"","overlay-opacity":"","overlay-gradient":""},"tablet":{"background-color":"var(--ast-global-color-5)","background-image":"","background-repeat":"repeat","background-position":"center center","background-size":"auto","background-attachment":"scroll","background-type":"","background-media":"","overlay-type":"","overlay-color":"","overlay-opacity":"","overlay-gradient":""},"mobile":{"background-color":"var(--ast-global-color-5)","background-image":"","background-repeat":"repeat","background-position":"center center","background-size":"auto","background-attachment":"scroll","background-type":"","background-media":"","overlay-type":"","overlay-color":"","overlay-opacity":"","overlay-gradient":""}},"footnotes":""},"class_list":["post-2388","page","type-page","status-publish","hentry"],"post_mailing_queue_ids":[],"_links":{"self":[{"href":"https:\/\/agora.xtec.cat\/escolapladelpuig\/wp-json\/wp\/v2\/pages\/2388","targetHints":{"allow":["GET"]}}],"collection":[{"href":"https:\/\/agora.xtec.cat\/escolapladelpuig\/wp-json\/wp\/v2\/pages"}],"about":[{"href":"https:\/\/agora.xtec.cat\/escolapladelpuig\/wp-json\/wp\/v2\/types\/page"}],"author":[{"embeddable":true,"href":"https:\/\/agora.xtec.cat\/escolapladelpuig\/wp-json\/wp\/v2\/users\/4"}],"replies":[{"embeddable":true,"href":"https:\/\/agora.xtec.cat\/escolapladelpuig\/wp-json\/wp\/v2\/comments?post=2388"}],"version-history":[{"count":2,"href":"https:\/\/agora.xtec.cat\/escolapladelpuig\/wp-json\/wp\/v2\/pages\/2388\/revisions"}],"predecessor-version":[{"id":3631,"href":"https:\/\/agora.xtec.cat\/escolapladelpuig\/wp-json\/wp\/v2\/pages\/2388\/revisions\/3631"}],"up":[{"embeddable":true,"href":"https:\/\/agora.xtec.cat\/escolapladelpuig\/wp-json\/wp\/v2\/pages\/64"}],"wp:attachment":[{"href":"https:\/\/agora.xtec.cat\/escolapladelpuig\/wp-json\/wp\/v2\/media?parent=2388"}],"curies":[{"name":"wp","href":"https:\/\/api.w.org\/{rel}","templated":true}]}}