{"id":8849,"date":"2025-09-04T15:33:48","date_gmt":"2025-09-04T13:33:48","guid":{"rendered":"https:\/\/agora.xtec.cat\/escolapladelametller\/?page_id=8849"},"modified":"2026-02-22T11:37:35","modified_gmt":"2026-02-22T10:37:35","slug":"cicle-mitja","status":"publish","type":"page","link":"https:\/\/agora.xtec.cat\/escolapladelametller\/cicle-mitja\/","title":{"rendered":"CICLE MITJ\u00c0"},"content":{"rendered":"\n<div class=\"wp-block-getwid-section alignfull alignfull getwid-section-content-custom-width\"><div class=\"wp-block-getwid-section__wrapper getwid-padding-left-medium getwid-padding-right-medium\"><div class=\"wp-block-getwid-section__inner-wrapper\" style=\"max-width:1140px\"><div class=\"wp-block-getwid-section__background-holder\"><div class=\"wp-block-getwid-section__background\"><\/div><div class=\"wp-block-getwid-section__foreground\"><\/div><\/div><div class=\"wp-block-getwid-section__content\"><div class=\"wp-block-getwid-section__inner-content\">\n<div class=\"wp-block-getwid-advanced-heading\" style=\"margin-bottom:0px;margin-top:0px\"><span class=\"wp-block-getwid-advanced-heading__content\" style=\"text-align:left\">COM TREBALLEM<\/span><\/div>\n\n\n\n<div class=\"wp-block-getwid-advanced-heading has-custom-font-size\" style=\"font-size:13px;margin-bottom:60px;margin-top:10px\"><h2 class=\"wp-block-getwid-advanced-heading__content\" style=\"text-align:left;font-family:&quot;AR One Sans&quot;;font-weight:normal\">A cicle mitj\u00e0 continuem aprenent amb il\u00b7lusi\u00f3 i ganes, acompanyant cada infant perqu\u00e8 pugui desenvolupar al m\u00e0xim les seves capacitats. Alhora, fomentem l\u2019autonomia personal i l\u2019adquisici\u00f3 de bons h\u00e0bits de treball, creant un entorn d\u2019aprenentatge positiu que afavoreix el creixement acad\u00e8mic i personal.<\/h2><\/div>\n\n\n\n<div class=\"wp-block-columns is-not-stacked-on-mobile has-2-columns is-layout-flex wp-container-core-columns-is-layout-1 wp-block-columns-is-layout-flex\">\n<div class=\"wp-block-column is-layout-flow wp-block-column-is-layout-flow\">\n<p class=\"has-medium-font-size\"><strong>Les lleng\u00fces<\/strong><\/p>\n\n\n\n<p class=\"has-text-align-left has-small-font-size\" style=\"border-radius:100px\">Pel que fa a les lleng\u00fces aprofundim en el seu aprenentatge i reforcem la lectoescriptura per assolir una bona comprensi\u00f3 lectora i una expressi\u00f3 escrita adequada a l\u2019edat. Tamb\u00e9 comencem a aprendre t\u00e8cniques d\u2019estudi i potenciem l\u2019expressi\u00f3 oral mitjan\u00e7ant exposicions, di\u00e0legs i diverses activitats comunicatives.<br><\/p>\n\n\n\n<figure class=\"wp-block-image size-large is-resized\"><a href=\"https:\/\/agora.xtec.cat\/escolapladelametller\/wp-content\/uploads\/usu1463\/2026\/02\/IMG_4686-1-scaled.jpg\"><img loading=\"lazy\" decoding=\"async\" width=\"981\" height=\"1024\" src=\"https:\/\/agora.xtec.cat\/escolapladelametller\/wp-content\/uploads\/usu1463\/2026\/02\/IMG_4686-1-981x1024.jpg\" alt=\"\" class=\"wp-image-9254\" style=\"width:328px;height:auto\" srcset=\"https:\/\/agora.xtec.cat\/escolapladelametller\/wp-content\/uploads\/usu1463\/2026\/02\/IMG_4686-1-981x1024.jpg 981w, https:\/\/agora.xtec.cat\/escolapladelametller\/wp-content\/uploads\/usu1463\/2026\/02\/IMG_4686-1-287x300.jpg 287w, https:\/\/agora.xtec.cat\/escolapladelametller\/wp-content\/uploads\/usu1463\/2026\/02\/IMG_4686-1-768x802.jpg 768w, https:\/\/agora.xtec.cat\/escolapladelametller\/wp-content\/uploads\/usu1463\/2026\/02\/IMG_4686-1-1471x1536.jpg 1471w, https:\/\/agora.xtec.cat\/escolapladelametller\/wp-content\/uploads\/usu1463\/2026\/02\/IMG_4686-1-1962x2048.jpg 1962w\" sizes=\"auto, (max-width: 981px) 100vw, 981px\" \/><\/a><\/figure>\n<\/div>\n\n\n\n<div class=\"wp-block-column is-layout-flow wp-block-column-is-layout-flow\">\n<p class=\"has-medium-font-size\"><strong>Les Matem\u00e0tiques<\/strong><\/p>\n\n\n\n<p class=\"has-small-font-size\">Treballem les matem\u00e0tiques sobre paper sense deixar de banda la manipulaci\u00f3 i l\u2019experi\u00e8ncia directa, ja que entenem que \u00e9s essencial viure les matem\u00e0tiques per comprendre-les millor. A trav\u00e9s de materials concrets i situacions significatives, afavorim una progressi\u00f3 gradual que va de la manipulaci\u00f3 a la simbolitzaci\u00f3 i, finalment, a l\u2019abstracci\u00f3, promovent un aprenentatge m\u00e9s comprensiu i significatiu.<\/p>\n\n\n\n<figure class=\"wp-block-image size-large is-resized\"><a href=\"https:\/\/agora.xtec.cat\/escolapladelametller\/wp-content\/uploads\/usu1463\/2026\/02\/PXL_20251127_143421110-1-scaled.jpg\"><img loading=\"lazy\" decoding=\"async\" width=\"891\" height=\"1024\" src=\"https:\/\/agora.xtec.cat\/escolapladelametller\/wp-content\/uploads\/usu1463\/2026\/02\/PXL_20251127_143421110-1-891x1024.jpg\" alt=\"\" class=\"wp-image-9257\" style=\"width:296px;height:auto\" srcset=\"https:\/\/agora.xtec.cat\/escolapladelametller\/wp-content\/uploads\/usu1463\/2026\/02\/PXL_20251127_143421110-1-891x1024.jpg 891w, https:\/\/agora.xtec.cat\/escolapladelametller\/wp-content\/uploads\/usu1463\/2026\/02\/PXL_20251127_143421110-1-261x300.jpg 261w, https:\/\/agora.xtec.cat\/escolapladelametller\/wp-content\/uploads\/usu1463\/2026\/02\/PXL_20251127_143421110-1-768x883.jpg 768w, https:\/\/agora.xtec.cat\/escolapladelametller\/wp-content\/uploads\/usu1463\/2026\/02\/PXL_20251127_143421110-1-1337x1536.jpg 1337w, https:\/\/agora.xtec.cat\/escolapladelametller\/wp-content\/uploads\/usu1463\/2026\/02\/PXL_20251127_143421110-1-1782x2048.jpg 1782w\" sizes=\"auto, (max-width: 891px) 100vw, 891px\" \/><\/a><\/figure>\n<\/div>\n<\/div>\n<\/div><\/div><\/div><\/div><\/div>\n\n\n\n<div class=\"wp-block-getwid-section alignfull alignfull getwid-section-content-custom-width\"><div class=\"wp-block-getwid-section__wrapper getwid-padding-left-medium getwid-padding-right-medium\"><div class=\"wp-block-getwid-section__inner-wrapper\" style=\"max-width:1140px\"><div class=\"wp-block-getwid-section__background-holder\"><div class=\"wp-block-getwid-section__background\"><\/div><div class=\"wp-block-getwid-section__foreground\"><\/div><\/div><div class=\"wp-block-getwid-section__content\"><div class=\"wp-block-getwid-section__inner-content\">\n<div class=\"wp-block-getwid-advanced-heading\" style=\"margin-bottom:0px;margin-top:0px\"><span class=\"wp-block-getwid-advanced-heading__content\" style=\"text-align:center\"><\/span><\/div>\n\n\n\n<div class=\"wp-block-getwid-advanced-heading\" style=\"margin-bottom:60px;margin-top:10px\"><h2 class=\"wp-block-getwid-advanced-heading__content\" style=\"text-align:center\"><\/h2><\/div>\n\n\n\n<div class=\"wp-block-columns has-2-columns is-layout-flex wp-container-core-columns-is-layout-2 wp-block-columns-is-layout-flex\">\n<div class=\"wp-block-column is-layout-flow wp-block-column-is-layout-flow\">\n<p class=\"has-medium-font-size\"><strong>Les sortides i el medi<\/strong><\/p>\n\n\n\n<p class=\"has-small-font-size\">Donem molt valor a l\u2019entorn proper i a la natura com a font d\u2019aprenentatge. A trav\u00e9s de sortides a diferents espais de la ciutat i del medi natural, els alumnes tenen l\u2019oportunitat d\u2019observar, explorar i comprendre la realitat que els envolta. Aquest contacte directe amb l\u2019entorn ens permet desenvolupar diversos projectes a 4t de prim\u00e0ria relacionats amb l\u2019\u00e0rea de medi natural i social, connectant els continguts curriculars amb situacions reals i significatives.<\/p>\n\n\n\n<figure class=\"wp-block-image size-large is-resized\"><a href=\"https:\/\/agora.xtec.cat\/escolapladelametller\/wp-content\/uploads\/usu1463\/2026\/02\/PHOTO-2025-10-02-19-29-14-3-3.jpg\"><img loading=\"lazy\" decoding=\"async\" width=\"1024\" height=\"768\" src=\"https:\/\/agora.xtec.cat\/escolapladelametller\/wp-content\/uploads\/usu1463\/2026\/02\/PHOTO-2025-10-02-19-29-14-3-3-1024x768.jpg\" alt=\"\" class=\"wp-image-9247\" style=\"width:336px;height:auto\" srcset=\"https:\/\/agora.xtec.cat\/escolapladelametller\/wp-content\/uploads\/usu1463\/2026\/02\/PHOTO-2025-10-02-19-29-14-3-3-1024x768.jpg 1024w, https:\/\/agora.xtec.cat\/escolapladelametller\/wp-content\/uploads\/usu1463\/2026\/02\/PHOTO-2025-10-02-19-29-14-3-3-300x225.jpg 300w, https:\/\/agora.xtec.cat\/escolapladelametller\/wp-content\/uploads\/usu1463\/2026\/02\/PHOTO-2025-10-02-19-29-14-3-3-768x576.jpg 768w, https:\/\/agora.xtec.cat\/escolapladelametller\/wp-content\/uploads\/usu1463\/2026\/02\/PHOTO-2025-10-02-19-29-14-3-3-1536x1152.jpg 1536w, https:\/\/agora.xtec.cat\/escolapladelametller\/wp-content\/uploads\/usu1463\/2026\/02\/PHOTO-2025-10-02-19-29-14-3-3.jpg 1600w\" sizes=\"auto, (max-width: 1024px) 100vw, 1024px\" \/><\/a><\/figure>\n<\/div>\n\n\n\n<div class=\"wp-block-column is-layout-flow wp-block-column-is-layout-flow\">\n<p class=\"has-medium-font-size\"><strong>Altres aprenentatges<\/strong><\/p>\n\n\n\n<p class=\"has-small-font-size\">La multim\u00e8dia, la m\u00fasica, la pl\u00e0stica, l\u2019angl\u00e8s i l\u2019educaci\u00f3 f\u00edsica tamb\u00e9 tenen un paper destacat en el nostre dia a dia. Aquestes \u00e0rees s\u2019integren de manera natural en les activitats quotidianes i es treballen de forma transversal, establint connexions entre els diferents aprenentatges. D\u2019aquesta manera, afavorim un aprenentatge significatiu i global, que t\u00e9 en compte totes les dimensions de l\u2019alumne i potencia el desenvolupament de compet\u00e8ncies diverses en un context ric, motivador i coherent.<\/p>\n\n\n\n<figure class=\"wp-block-image size-large is-resized\"><a href=\"https:\/\/agora.xtec.cat\/escolapladelametller\/wp-content\/uploads\/usu1463\/2026\/02\/20250314_120829-1-scaled.jpg\"><img loading=\"lazy\" decoding=\"async\" width=\"1024\" height=\"577\" src=\"https:\/\/agora.xtec.cat\/escolapladelametller\/wp-content\/uploads\/usu1463\/2026\/02\/20250314_120829-1-1024x577.jpg\" alt=\"\" class=\"wp-image-9250\" style=\"width:385px;height:auto\" srcset=\"https:\/\/agora.xtec.cat\/escolapladelametller\/wp-content\/uploads\/usu1463\/2026\/02\/20250314_120829-1-1024x577.jpg 1024w, https:\/\/agora.xtec.cat\/escolapladelametller\/wp-content\/uploads\/usu1463\/2026\/02\/20250314_120829-1-300x169.jpg 300w, https:\/\/agora.xtec.cat\/escolapladelametller\/wp-content\/uploads\/usu1463\/2026\/02\/20250314_120829-1-768x432.jpg 768w, https:\/\/agora.xtec.cat\/escolapladelametller\/wp-content\/uploads\/usu1463\/2026\/02\/20250314_120829-1-1536x865.jpg 1536w, https:\/\/agora.xtec.cat\/escolapladelametller\/wp-content\/uploads\/usu1463\/2026\/02\/20250314_120829-1-2048x1153.jpg 2048w\" sizes=\"auto, (max-width: 1024px) 100vw, 1024px\" \/><\/a><\/figure>\n<\/div>\n<\/div>\n<\/div><\/div><\/div><\/div><\/div>\n\n\n\n<div class=\"wp-block-getwid-images-slider has-arrows-inside has-dots-inside has-images-center\"><div class=\"wp-block-getwid-images-slider__wrapper\" data-effect=\"slide\" data-slides-show=\"1\" data-slides-show-laptop=\"1\" data-slides-show-tablet=\"1\" data-slides-show-mobile=\"1\" data-slides-scroll=\"1\" data-autoplay=\"false\" data-pause-hover=\"false\" data-autoplay-speed=\"6000\" data-infinite=\"true\" data-animation-speed=\"800\" data-center-mode=\"false\" data-variable-width=\"false\" data-arrows=\"inside\" data-dots=\"inside\" data-spacing=\"none\"><div class=\"wp-block-getwid-images-slider__item\"><figure><img loading=\"lazy\" decoding=\"async\" width=\"768\" height=\"576\" src=\"https:\/\/agora.xtec.cat\/escolapladelametller\/wp-content\/uploads\/usu1463\/2026\/02\/PXL_20251010_081333205-768x576.jpg\" alt=\"\" data-id=\"9303\" data-link=\"https:\/\/agora.xtec.cat\/escolapladelametller\/cicle-mitja\/attachment\/pxl_20251010_081333205\/\" data-original-link=\"https:\/\/agora.xtec.cat\/escolapladelametller\/wp-content\/uploads\/usu1463\/2026\/02\/PXL_20251010_081333205-scaled.jpg\" class=\"wp-block-getwid-images-slider__image wp-image-9303\" srcset=\"https:\/\/agora.xtec.cat\/escolapladelametller\/wp-content\/uploads\/usu1463\/2026\/02\/PXL_20251010_081333205-768x576.jpg 768w, https:\/\/agora.xtec.cat\/escolapladelametller\/wp-content\/uploads\/usu1463\/2026\/02\/PXL_20251010_081333205-300x225.jpg 300w, https:\/\/agora.xtec.cat\/escolapladelametller\/wp-content\/uploads\/usu1463\/2026\/02\/PXL_20251010_081333205-1024x768.jpg 1024w, https:\/\/agora.xtec.cat\/escolapladelametller\/wp-content\/uploads\/usu1463\/2026\/02\/PXL_20251010_081333205-1536x1152.jpg 1536w, https:\/\/agora.xtec.cat\/escolapladelametller\/wp-content\/uploads\/usu1463\/2026\/02\/PXL_20251010_081333205-2048x1536.jpg 2048w\" sizes=\"auto, (max-width: 768px) 100vw, 768px\" \/><\/figure><\/div><div class=\"wp-block-getwid-images-slider__item\"><figure><img loading=\"lazy\" decoding=\"async\" width=\"768\" height=\"1024\" src=\"https:\/\/agora.xtec.cat\/escolapladelametller\/wp-content\/uploads\/usu1463\/2026\/02\/PXL_20251010_134433934-768x1024.jpg\" alt=\"\" data-id=\"9302\" data-link=\"https:\/\/agora.xtec.cat\/escolapladelametller\/cicle-mitja\/attachment\/pxl_20251010_134433934\/\" data-original-link=\"https:\/\/agora.xtec.cat\/escolapladelametller\/wp-content\/uploads\/usu1463\/2026\/02\/PXL_20251010_134433934-scaled.jpg\" class=\"wp-block-getwid-images-slider__image wp-image-9302\" srcset=\"https:\/\/agora.xtec.cat\/escolapladelametller\/wp-content\/uploads\/usu1463\/2026\/02\/PXL_20251010_134433934-768x1024.jpg 768w, https:\/\/agora.xtec.cat\/escolapladelametller\/wp-content\/uploads\/usu1463\/2026\/02\/PXL_20251010_134433934-225x300.jpg 225w, https:\/\/agora.xtec.cat\/escolapladelametller\/wp-content\/uploads\/usu1463\/2026\/02\/PXL_20251010_134433934-1152x1536.jpg 1152w, https:\/\/agora.xtec.cat\/escolapladelametller\/wp-content\/uploads\/usu1463\/2026\/02\/PXL_20251010_134433934-1536x2048.jpg 1536w, https:\/\/agora.xtec.cat\/escolapladelametller\/wp-content\/uploads\/usu1463\/2026\/02\/PXL_20251010_134433934-scaled.jpg 1920w\" sizes=\"auto, (max-width: 768px) 100vw, 768px\" \/><\/figure><\/div><div class=\"wp-block-getwid-images-slider__item\"><figure><img loading=\"lazy\" decoding=\"async\" width=\"768\" height=\"1024\" src=\"https:\/\/agora.xtec.cat\/escolapladelametller\/wp-content\/uploads\/usu1463\/2026\/02\/PXL_20251013_130239117-768x1024.jpg\" alt=\"\" data-id=\"9301\" data-link=\"https:\/\/agora.xtec.cat\/escolapladelametller\/cicle-mitja\/attachment\/pxl_20251013_130239117\/\" data-original-link=\"https:\/\/agora.xtec.cat\/escolapladelametller\/wp-content\/uploads\/usu1463\/2026\/02\/PXL_20251013_130239117-scaled.jpg\" class=\"wp-block-getwid-images-slider__image wp-image-9301\" srcset=\"https:\/\/agora.xtec.cat\/escolapladelametller\/wp-content\/uploads\/usu1463\/2026\/02\/PXL_20251013_130239117-768x1024.jpg 768w, https:\/\/agora.xtec.cat\/escolapladelametller\/wp-content\/uploads\/usu1463\/2026\/02\/PXL_20251013_130239117-225x300.jpg 225w, https:\/\/agora.xtec.cat\/escolapladelametller\/wp-content\/uploads\/usu1463\/2026\/02\/PXL_20251013_130239117-1152x1536.jpg 1152w, https:\/\/agora.xtec.cat\/escolapladelametller\/wp-content\/uploads\/usu1463\/2026\/02\/PXL_20251013_130239117-1536x2048.jpg 1536w, https:\/\/agora.xtec.cat\/escolapladelametller\/wp-content\/uploads\/usu1463\/2026\/02\/PXL_20251013_130239117-scaled.jpg 1920w\" sizes=\"auto, (max-width: 768px) 100vw, 768px\" \/><\/figure><\/div><div class=\"wp-block-getwid-images-slider__item\"><figure><img loading=\"lazy\" decoding=\"async\" width=\"768\" height=\"576\" src=\"https:\/\/agora.xtec.cat\/escolapladelametller\/wp-content\/uploads\/usu1463\/2026\/02\/PXL_20251121_144125089-768x576.jpg\" alt=\"\" data-id=\"9300\" data-link=\"https:\/\/agora.xtec.cat\/escolapladelametller\/cicle-mitja\/attachment\/pxl_20251121_144125089\/\" data-original-link=\"https:\/\/agora.xtec.cat\/escolapladelametller\/wp-content\/uploads\/usu1463\/2026\/02\/PXL_20251121_144125089-scaled.jpg\" class=\"wp-block-getwid-images-slider__image wp-image-9300\" srcset=\"https:\/\/agora.xtec.cat\/escolapladelametller\/wp-content\/uploads\/usu1463\/2026\/02\/PXL_20251121_144125089-768x576.jpg 768w, https:\/\/agora.xtec.cat\/escolapladelametller\/wp-content\/uploads\/usu1463\/2026\/02\/PXL_20251121_144125089-300x225.jpg 300w, https:\/\/agora.xtec.cat\/escolapladelametller\/wp-content\/uploads\/usu1463\/2026\/02\/PXL_20251121_144125089-1024x768.jpg 1024w, https:\/\/agora.xtec.cat\/escolapladelametller\/wp-content\/uploads\/usu1463\/2026\/02\/PXL_20251121_144125089-1536x1152.jpg 1536w, https:\/\/agora.xtec.cat\/escolapladelametller\/wp-content\/uploads\/usu1463\/2026\/02\/PXL_20251121_144125089-2048x1536.jpg 2048w\" sizes=\"auto, (max-width: 768px) 100vw, 768px\" \/><\/figure><\/div><div class=\"wp-block-getwid-images-slider__item\"><figure><img loading=\"lazy\" decoding=\"async\" width=\"768\" height=\"576\" src=\"https:\/\/agora.xtec.cat\/escolapladelametller\/wp-content\/uploads\/usu1463\/2026\/02\/PXL_20251024_140519572-2-768x576.jpg\" alt=\"\" data-id=\"9285\" data-link=\"https:\/\/agora.xtec.cat\/escolapladelametller\/cicle-mitja\/attachment\/pxl_20251024_140519572-3\/\" data-original-link=\"https:\/\/agora.xtec.cat\/escolapladelametller\/wp-content\/uploads\/usu1463\/2026\/02\/PXL_20251024_140519572-2-scaled.jpg\" class=\"wp-block-getwid-images-slider__image wp-image-9285\" srcset=\"https:\/\/agora.xtec.cat\/escolapladelametller\/wp-content\/uploads\/usu1463\/2026\/02\/PXL_20251024_140519572-2-768x576.jpg 768w, https:\/\/agora.xtec.cat\/escolapladelametller\/wp-content\/uploads\/usu1463\/2026\/02\/PXL_20251024_140519572-2-300x225.jpg 300w, https:\/\/agora.xtec.cat\/escolapladelametller\/wp-content\/uploads\/usu1463\/2026\/02\/PXL_20251024_140519572-2-1024x768.jpg 1024w, https:\/\/agora.xtec.cat\/escolapladelametller\/wp-content\/uploads\/usu1463\/2026\/02\/PXL_20251024_140519572-2-1536x1152.jpg 1536w, https:\/\/agora.xtec.cat\/escolapladelametller\/wp-content\/uploads\/usu1463\/2026\/02\/PXL_20251024_140519572-2-2048x1536.jpg 2048w\" sizes=\"auto, (max-width: 768px) 100vw, 768px\" \/><\/figure><\/div><div class=\"wp-block-getwid-images-slider__item\"><figure><img loading=\"lazy\" decoding=\"async\" width=\"768\" height=\"576\" src=\"https:\/\/agora.xtec.cat\/escolapladelametller\/wp-content\/uploads\/usu1463\/2026\/02\/PXL_20251127_145234270-2-768x576.jpg\" alt=\"\" data-id=\"9286\" data-link=\"https:\/\/agora.xtec.cat\/escolapladelametller\/cicle-mitja\/attachment\/pxl_20251127_145234270-3\/\" data-original-link=\"https:\/\/agora.xtec.cat\/escolapladelametller\/wp-content\/uploads\/usu1463\/2026\/02\/PXL_20251127_145234270-2-scaled.jpg\" class=\"wp-block-getwid-images-slider__image wp-image-9286\" srcset=\"https:\/\/agora.xtec.cat\/escolapladelametller\/wp-content\/uploads\/usu1463\/2026\/02\/PXL_20251127_145234270-2-768x576.jpg 768w, https:\/\/agora.xtec.cat\/escolapladelametller\/wp-content\/uploads\/usu1463\/2026\/02\/PXL_20251127_145234270-2-300x225.jpg 300w, https:\/\/agora.xtec.cat\/escolapladelametller\/wp-content\/uploads\/usu1463\/2026\/02\/PXL_20251127_145234270-2-1024x768.jpg 1024w, https:\/\/agora.xtec.cat\/escolapladelametller\/wp-content\/uploads\/usu1463\/2026\/02\/PXL_20251127_145234270-2-1536x1152.jpg 1536w, https:\/\/agora.xtec.cat\/escolapladelametller\/wp-content\/uploads\/usu1463\/2026\/02\/PXL_20251127_145234270-2-2048x1536.jpg 2048w\" sizes=\"auto, (max-width: 768px) 100vw, 768px\" \/><\/figure><\/div><div class=\"wp-block-getwid-images-slider__item\"><figure><img decoding=\"async\" src=\"https:\/\/agora.xtec.cat\/escolapladelametller\/wp-content\/uploads\/usu1463\/2026\/02\/PXL_20251024_140425044-1-768x1024.jpg\" alt=\"\" data-id=\"9264\" data-link=\"https:\/\/agora.xtec.cat\/escolapladelametller\/cicle-mitja\/attachment\/pxl_20251024_140425044-2\/\" data-original-link=\"https:\/\/agora.xtec.cat\/escolapladelametller\/wp-content\/uploads\/usu1463\/2026\/02\/PXL_20251024_140425044-1-scaled.jpg\" class=\"wp-block-getwid-images-slider__image wp-image-9264\"\/><\/figure><\/div><div class=\"wp-block-getwid-images-slider__item\"><figure><img decoding=\"async\" src=\"https:\/\/agora.xtec.cat\/escolapladelametller\/wp-content\/uploads\/usu1463\/2026\/02\/PXL_20251024_140614388-1-768x1024.jpg\" alt=\"\" data-id=\"9265\" data-link=\"https:\/\/agora.xtec.cat\/escolapladelametller\/cicle-mitja\/attachment\/pxl_20251024_140614388-2\/\" data-original-link=\"https:\/\/agora.xtec.cat\/escolapladelametller\/wp-content\/uploads\/usu1463\/2026\/02\/PXL_20251024_140614388-1-scaled.jpg\" class=\"wp-block-getwid-images-slider__image wp-image-9265\"\/><\/figure><\/div><div class=\"wp-block-getwid-images-slider__item\"><figure><img loading=\"lazy\" decoding=\"async\" width=\"768\" height=\"576\" src=\"https:\/\/agora.xtec.cat\/escolapladelametller\/wp-content\/uploads\/usu1463\/2026\/02\/PXL_20251107_145835210-1-768x576.jpg\" alt=\"\" data-id=\"9266\" data-link=\"https:\/\/agora.xtec.cat\/escolapladelametller\/cicle-mitja\/attachment\/pxl_20251107_145835210-2\/\" data-original-link=\"https:\/\/agora.xtec.cat\/escolapladelametller\/wp-content\/uploads\/usu1463\/2026\/02\/PXL_20251107_145835210-1-scaled.jpg\" class=\"wp-block-getwid-images-slider__image wp-image-9266\" srcset=\"https:\/\/agora.xtec.cat\/escolapladelametller\/wp-content\/uploads\/usu1463\/2026\/02\/PXL_20251107_145835210-1-768x576.jpg 768w, https:\/\/agora.xtec.cat\/escolapladelametller\/wp-content\/uploads\/usu1463\/2026\/02\/PXL_20251107_145835210-1-300x225.jpg 300w, https:\/\/agora.xtec.cat\/escolapladelametller\/wp-content\/uploads\/usu1463\/2026\/02\/PXL_20251107_145835210-1-1024x768.jpg 1024w, https:\/\/agora.xtec.cat\/escolapladelametller\/wp-content\/uploads\/usu1463\/2026\/02\/PXL_20251107_145835210-1-1536x1152.jpg 1536w, https:\/\/agora.xtec.cat\/escolapladelametller\/wp-content\/uploads\/usu1463\/2026\/02\/PXL_20251107_145835210-1-2048x1536.jpg 2048w\" sizes=\"auto, (max-width: 768px) 100vw, 768px\" \/><\/figure><\/div><div class=\"wp-block-getwid-images-slider__item\"><figure><img loading=\"lazy\" decoding=\"async\" width=\"768\" height=\"1084\" src=\"https:\/\/agora.xtec.cat\/escolapladelametller\/wp-content\/uploads\/usu1463\/2026\/02\/PXL_20251128_143325738-1-768x1084.jpg\" alt=\"\" data-id=\"9267\" data-link=\"https:\/\/agora.xtec.cat\/escolapladelametller\/cicle-mitja\/attachment\/pxl_20251128_143325738-2\/\" data-original-link=\"https:\/\/agora.xtec.cat\/escolapladelametller\/wp-content\/uploads\/usu1463\/2026\/02\/PXL_20251128_143325738-1.jpg\" class=\"wp-block-getwid-images-slider__image wp-image-9267\" srcset=\"https:\/\/agora.xtec.cat\/escolapladelametller\/wp-content\/uploads\/usu1463\/2026\/02\/PXL_20251128_143325738-1-768x1084.jpg 768w, https:\/\/agora.xtec.cat\/escolapladelametller\/wp-content\/uploads\/usu1463\/2026\/02\/PXL_20251128_143325738-1-213x300.jpg 213w, https:\/\/agora.xtec.cat\/escolapladelametller\/wp-content\/uploads\/usu1463\/2026\/02\/PXL_20251128_143325738-1-725x1024.jpg 725w, https:\/\/agora.xtec.cat\/escolapladelametller\/wp-content\/uploads\/usu1463\/2026\/02\/PXL_20251128_143325738-1-1088x1536.jpg 1088w, https:\/\/agora.xtec.cat\/escolapladelametller\/wp-content\/uploads\/usu1463\/2026\/02\/PXL_20251128_143325738-1-1451x2048.jpg 1451w, https:\/\/agora.xtec.cat\/escolapladelametller\/wp-content\/uploads\/usu1463\/2026\/02\/PXL_20251128_143325738-1.jpg 1705w\" sizes=\"auto, (max-width: 768px) 100vw, 768px\" \/><\/figure><\/div><\/div><\/div>\n","protected":false},"excerpt":{"rendered":"","protected":false},"author":1,"featured_media":0,"parent":0,"menu_order":0,"comment_status":"closed","ping_status":"close","template":"","meta":{"_bbp_topic_count":0,"_bbp_reply_count":0,"_bbp_total_topic_count":0,"_bbp_total_reply_count":0,"_bbp_voice_count":0,"_bbp_anonymous_reply_count":0,"_bbp_topic_count_hidden":0,"_bbp_reply_count_hidden":0,"_bbp_forum_subforum_count":0,"site-sidebar-layout":"default","site-content-layout":"","ast-site-content-layout":"default","site-content-style":"default","site-sidebar-style":"default","ast-global-header-display":"","ast-banner-title-visibility":"","ast-main-header-display":"","ast-hfb-above-header-display":"","ast-hfb-below-header-display":"","ast-hfb-mobile-header-display":"","site-post-title":"","ast-breadcrumbs-content":"","ast-featured-img":"","footer-sml-layout":"","theme-transparent-header-meta":"","adv-header-id-meta":"","stick-header-meta":"","header-above-stick-meta":"","header-main-stick-meta":"","header-below-stick-meta":"","astra-migrate-meta-layouts":"set","ast-page-background-enabled":"default","ast-page-background-meta":{"desktop":{"background-color":"var(--ast-global-color-4)","background-image":"","background-repeat":"repeat","background-position":"center center","background-size":"auto","background-attachment":"scroll","background-type":"","background-media":"","overlay-type":"","overlay-color":"","overlay-opacity":"","overlay-gradient":""},"tablet":{"background-color":"","background-image":"","background-repeat":"repeat","background-position":"center center","background-size":"auto","background-attachment":"scroll","background-type":"","background-media":"","overlay-type":"","overlay-color":"","overlay-opacity":"","overlay-gradient":""},"mobile":{"background-color":"","background-image":"","background-repeat":"repeat","background-position":"center center","background-size":"auto","background-attachment":"scroll","background-type":"","background-media":"","overlay-type":"","overlay-color":"","overlay-opacity":"","overlay-gradient":""}},"ast-content-background-meta":{"desktop":{"background-color":"var(--ast-global-color-5)","background-image":"","background-repeat":"repeat","background-position":"center center","background-size":"auto","background-attachment":"scroll","background-type":"","background-media":"","overlay-type":"","overlay-color":"","overlay-opacity":"","overlay-gradient":""},"tablet":{"background-color":"var(--ast-global-color-5)","background-image":"","background-repeat":"repeat","background-position":"center center","background-size":"auto","background-attachment":"scroll","background-type":"","background-media":"","overlay-type":"","overlay-color":"","overlay-opacity":"","overlay-gradient":""},"mobile":{"background-color":"var(--ast-global-color-5)","background-image":"","background-repeat":"repeat","background-position":"center center","background-size":"auto","background-attachment":"scroll","background-type":"","background-media":"","overlay-type":"","overlay-color":"","overlay-opacity":"","overlay-gradient":""}},"footnotes":""},"class_list":["post-8849","page","type-page","status-publish","hentry"],"post_mailing_queue_ids":[],"_links":{"self":[{"href":"https:\/\/agora.xtec.cat\/escolapladelametller\/wp-json\/wp\/v2\/pages\/8849","targetHints":{"allow":["GET"]}}],"collection":[{"href":"https:\/\/agora.xtec.cat\/escolapladelametller\/wp-json\/wp\/v2\/pages"}],"about":[{"href":"https:\/\/agora.xtec.cat\/escolapladelametller\/wp-json\/wp\/v2\/types\/page"}],"author":[{"embeddable":true,"href":"https:\/\/agora.xtec.cat\/escolapladelametller\/wp-json\/wp\/v2\/users\/1"}],"replies":[{"embeddable":true,"href":"https:\/\/agora.xtec.cat\/escolapladelametller\/wp-json\/wp\/v2\/comments?post=8849"}],"version-history":[{"count":6,"href":"https:\/\/agora.xtec.cat\/escolapladelametller\/wp-json\/wp\/v2\/pages\/8849\/revisions"}],"predecessor-version":[{"id":9320,"href":"https:\/\/agora.xtec.cat\/escolapladelametller\/wp-json\/wp\/v2\/pages\/8849\/revisions\/9320"}],"wp:attachment":[{"href":"https:\/\/agora.xtec.cat\/escolapladelametller\/wp-json\/wp\/v2\/media?parent=8849"}],"curies":[{"name":"wp","href":"https:\/\/api.w.org\/{rel}","templated":true}]}}