{"id":2970,"date":"2018-01-29T11:52:04","date_gmt":"2018-01-29T10:52:04","guid":{"rendered":"http:\/\/agora.xtec.cat\/escolaperezsala\/?page_id=2970"},"modified":"2023-11-01T15:49:31","modified_gmt":"2023-11-01T14:49:31","slug":"documents-de-escola","status":"publish","type":"page","link":"https:\/\/agora.xtec.cat\/escolaperezsala\/lescola\/documents-de-escola\/","title":{"rendered":"Documents de l&#8217;escola"},"content":{"rendered":"<p><a href=\"https:\/\/agora.xtec.cat\/escolaperezsala\/wp-content\/uploads\/usu463\/2019\/07\/Projecte_Educatiu_Centre_definitiu_2018.pdf\">Projecte Educatiu Centre\u00a0<\/a><\/p>\n<p><a href=\"http:\/\/agora.xtec.cat\/escolaperezsala\/wp-content\/uploads\/usu463\/2016\/09\/Generalitat-de-Catalunya.pdf\">Carta de comprom\u00eds educatiu<\/a><\/p>\n<p><a href=\"http:\/\/agora.xtec.cat\/escolaperezsala\/wp-content\/uploads\/usu463\/2018\/01\/NOFC2015_DEFINITIVES-JULIOL2016.pdf\">Normes d&#8217;organitzaci\u00f3 i funcionament de centre<\/a>\u00a0<a href=\"http:\/\/agora.xtec.cat\/escolaperezsala\/wp-content\/uploads\/usu463\/2018\/01\/NOFC2015_DEFINITIVES-JULIOL2016.pdf\">(NOFC)<\/a><\/p>\n<p><a href=\"https:\/\/agora.xtec.cat\/escolaperezsala\/wp-content\/uploads\/usu463\/2019\/09\/PLC_2019.pdf\">Projecte ling\u00fc\u00edstic de centre (PLC)<\/a><\/p>\n<p><a href=\"https:\/\/agora.xtec.cat\/escolaperezsala\/wp-content\/uploads\/usu463\/2020\/02\/Projecte-de-conviv\u00e8ncia_2020-2023.pdf\">Projecte de conviv\u00e8ncia (PdC)<\/a><\/p>\n<p><a href=\"https:\/\/sites.google.com\/escolaperezsala.cat\/escola-perez-sala\/presentaci%C3%B3\" target=\"_blank\" rel=\"noopener\">Estrat\u00e8gia Digital de Centre (EDC)<\/a><\/p>\n<p>Criteris d&#8217;avaluaci\u00f3: <a href=\"https:\/\/docs.google.com\/document\/d\/1qfULc-Mnbc8SJtp54M3McHH2CIlkzyBUoKxAh2qNAW8\/edit?usp=sharing\" target=\"_blank\" rel=\"noopener\">Infantil<\/a> i Prim\u00e0ria: \u00a0\u00a0<a href=\"https:\/\/drive.google.com\/drive\/folders\/1z_CREaz18JHQpTVIwzWYJPhwStGPQFfL?usp=drive_link\" target=\"_blank\" rel=\"noopener\">1r<\/a>\u00a0 \u00a0 <a href=\"https:\/\/drive.google.com\/drive\/folders\/1puERVH0KFQ-yp0l0H0hOvZ9XlwZG0BrQ?usp=drive_link\" target=\"_blank\" rel=\"noopener\">2n<\/a>\u00a0 \u00a0 <a href=\"https:\/\/drive.google.com\/drive\/folders\/1EsVRg2sZKLSw-wbVcm0f7F-sgMkCQGJw?usp=drive_link\" target=\"_blank\" rel=\"noopener\">3r<\/a>\u00a0 \u00a0 <a href=\"https:\/\/drive.google.com\/drive\/folders\/17lAEgy-9gdmxfQtUTgXbXISe4MhjrSf0?usp=drive_link\" target=\"_blank\" rel=\"noopener\">4t<\/a>\u00a0 \u00a0 <a href=\"https:\/\/drive.google.com\/drive\/folders\/1T8iY8QLglN8XPfGlWYDZTvCpTqPuwyEn?usp=drive_link\" target=\"_blank\" rel=\"noopener\">5\u00e8<\/a>\u00a0 \u00a0 <a href=\"https:\/\/drive.google.com\/drive\/folders\/1KcoCEoY8LNiQvyQyr1jfTB0yOXVrzRiB?usp=drive_link\" target=\"_blank\" rel=\"noopener\">6\u00e8<\/a><\/p>\n<p>&nbsp;<\/p>\n<p>Els documents o apartats d&#8217;aquests amb acc\u00e9s restringit estan custodiats i disponibles per a la comunitat educativa, per\u00f2 no s\u00f3n de car\u00e0cter p\u00fablic, perqu\u00e8 poden contenir dades sensibles.<\/p>\n","protected":false},"excerpt":{"rendered":"<p><a href=\"https:\/\/agora.xtec.cat\/escolaperezsala\/wp-content\/uploads\/usu463\/2019\/07\/Projecte_Educatiu_Centre_definitiu_2018.pdf\">Projecte Educatiu Centre\u00a0<\/a><br \/>\n<a href=\"http:\/\/agora.xtec.cat\/escolaperezsala\/wp-content\/uploads\/usu463\/2016\/09\/Generalitat-de-Catalunya.pdf\">Carta de comprom\u00eds educatiu<\/a><br \/>\n<a href=\"http:\/\/agora.xtec.cat\/escolaperezsala\/wp-content\/uploads\/usu463\/2018\/01\/NOFC2015_DEFINITIVES-JULIOL2016.pdf\">Normes d&#8217;organitzaci\u00f3 i funcionament de centre<\/a>\u00a0<a href=\"http:\/\/agora.xtec.cat\/escolaperezsala\/wp-content\/uploads\/usu463\/2018\/01\/NOFC2015_DEFINITIVES-JULIOL2016.pdf\">(NOFC)<\/a><br \/>\n<a href=\"https:\/\/agora.xtec.cat\/escolaperezsala\/wp-content\/uploads\/usu463\/2019\/09\/PLC_2019.pdf\">Projecte ling\u00fc\u00edstic de centre (PLC)<\/a><br \/>\n<a href=\"https:\/\/agora.xtec.cat\/escolaperezsala\/wp-content\/uploads\/usu463\/2020\/02\/Projecte-de-conviv\u00e8ncia_2020-2023.pdf\">Projecte de conviv\u00e8ncia (PdC)<\/a><br \/>\n<a href=\"https:\/\/sites.google.com\/escolaperezsala.cat\/escola-perez-sala\/presentaci%C3%B3\" target=\"_blank\" rel=\"noopener\">Estrat\u00e8gia Digital de Centre (EDC)<\/a><br \/>\nCriteris d&#8217;avaluaci\u00f3: <a href=\"https:\/\/docs.google.com\/document\/d\/1qfULc-Mnbc8SJtp54M3McHH2CIlkzyBUoKxAh2qNAW8\/edit?usp=sharing\" target=\"_blank\" rel=\"noopener\">Infantil<\/a> i Prim\u00e0ria: \u00a0\u00a0<a href=\"https:\/\/drive.google.com\/drive\/folders\/1z_CREaz18JHQpTVIwzWYJPhwStGPQFfL?usp=drive_link\" target=\"_blank\" rel=\"noopener\">1r<\/a>\u00a0 \u00a0 <a href=\"https:\/\/drive.google.com\/drive\/folders\/1puERVH0KFQ-yp0l0H0hOvZ9XlwZG0BrQ?usp=drive_link\"&hellip;  <a href=\"https:\/\/agora.xtec.cat\/escolaperezsala\/lescola\/documents-de-escola\/\" title=\"Read Documents de l&#8217;escola\">Llegeix m\u00e9s\u00bb<\/a><\/p>\n","protected":false},"author":1,"featured_media":0,"parent":22,"menu_order":4,"comment_status":"closed","ping_status":"closed","template":"page-templates\/side-menu.php","meta":{"_bbp_topic_count":0,"_bbp_reply_count":0,"_bbp_total_topic_count":0,"_bbp_total_reply_count":0,"_bbp_voice_count":0,"_bbp_anonymous_reply_count":0,"_bbp_topic_count_hidden":0,"_bbp_reply_count_hidden":0,"_bbp_forum_subforum_count":0,"footnotes":""},"class_list":["post-2970","page","type-page","status-publish","hentry"],"post_mailing_queue_ids":[],"_links":{"self":[{"href":"https:\/\/agora.xtec.cat\/escolaperezsala\/wp-json\/wp\/v2\/pages\/2970","targetHints":{"allow":["GET"]}}],"collection":[{"href":"https:\/\/agora.xtec.cat\/escolaperezsala\/wp-json\/wp\/v2\/pages"}],"about":[{"href":"https:\/\/agora.xtec.cat\/escolaperezsala\/wp-json\/wp\/v2\/types\/page"}],"author":[{"embeddable":true,"href":"https:\/\/agora.xtec.cat\/escolaperezsala\/wp-json\/wp\/v2\/users\/1"}],"replies":[{"embeddable":true,"href":"https:\/\/agora.xtec.cat\/escolaperezsala\/wp-json\/wp\/v2\/comments?post=2970"}],"version-history":[{"count":6,"href":"https:\/\/agora.xtec.cat\/escolaperezsala\/wp-json\/wp\/v2\/pages\/2970\/revisions"}],"predecessor-version":[{"id":20458,"href":"https:\/\/agora.xtec.cat\/escolaperezsala\/wp-json\/wp\/v2\/pages\/2970\/revisions\/20458"}],"up":[{"embeddable":true,"href":"https:\/\/agora.xtec.cat\/escolaperezsala\/wp-json\/wp\/v2\/pages\/22"}],"wp:attachment":[{"href":"https:\/\/agora.xtec.cat\/escolaperezsala\/wp-json\/wp\/v2\/media?parent=2970"}],"curies":[{"name":"wp","href":"https:\/\/api.w.org\/{rel}","templated":true}]}}