{"id":260,"date":"2016-02-03T22:42:19","date_gmt":"2016-02-03T21:42:19","guid":{"rendered":"http:\/\/agora.xtec.cat\/escolaperezsala\/?page_id=260"},"modified":"2026-04-15T12:12:42","modified_gmt":"2026-04-15T10:12:42","slug":"preinscripcio-i-matricula","status":"publish","type":"page","link":"https:\/\/agora.xtec.cat\/escolaperezsala\/secretaria\/preinscripcio-i-matricula\/","title":{"rendered":"Preinscripci\u00f3 i admissi\u00f3 al llarg del curs"},"content":{"rendered":"<p>&nbsp;<\/p>\n<h5 style=\"text-align: center;\">Per fer una sol\u00b7licitud de pla\u00e7a fora del proc\u00e9s de preinscripci\u00f3 cliqueu AQU\u00cd<\/h5>\n<p>&nbsp;<\/p>\n<p style=\"text-align: center;\"><a href=\"https:\/\/preinscripcio.gencat.cat\/ca\/inici\"><strong>Tota la informaci\u00f3 de la PREINSCRIPCI\u00d3 I MATR\u00cdCULA PEL CURS 2026-2027<\/strong><\/a><\/p>\n<p style=\"text-align: center;\">Codi del centre: 08026749<\/p>\n<table style=\"border-collapse: collapse; width: 99.8796%; height: 436px;\">\n<tbody>\n<tr>\n<td style=\"width: 19.7816%; text-align: center;\">22 al 30 de juny<\/td>\n<td style=\"width: 129.936%;\">\n<h4 style=\"text-align: center;\">MATR\u00cdCULA AL CENTRE AMB CITA PR\u00c8VIA<\/h4>\n<p style=\"text-align: center;\">(S&#8217;envia un correu a les fam\u00edlies per a la cita)<\/p>\n<\/td>\n<\/tr>\n<tr>\n<td style=\"width: 19.7816%; text-align: center;\">10 de juny<\/td>\n<td style=\"width: 129.936%;\">\n<h4 style=\"text-align: center;\">LLISTA ALUMNAT ADM\u00c8S A L&#8217;ESCOLA P\u00c9REZ SALA<\/h4>\n<h4 style=\"text-align: center;\">LLISTA D&#8217;ESPERA<\/h4>\n<h4 style=\"text-align: center;\">LLISTA ALUMNAT PREINSCRIT AL CENTRE<\/h4>\n<\/td>\n<\/tr>\n<tr>\n<td style=\"width: 19.7816%; text-align: center;\">10 de juny<\/td>\n<td style=\"width: 129.936%;\">\n<h4 style=\"text-align: center;\">OFERTA DEFINITIVA DE PLACES<\/h4>\n<\/td>\n<\/tr>\n<tr style=\"height: 174px;\">\n<td style=\"width: 19.7816%; height: 174px; text-align: center;\">29 d&#8217;abril<\/td>\n<td style=\"width: 129.936%; height: 174px;\">\n<h4 style=\"text-align: center;\">LLISTA ORDENADA<\/h4>\n<p style=\"text-align: left;\">Despr\u00e9s del sorteig, s&#8217;elabora la llista ordenada de sol\u00b7licituds per a l&#8217;assignaci\u00f3 de places. Aquesta llista ja no est\u00e0 ordenada per ordre alfab\u00e8tic, sin\u00f3 que recull l&#8217;ordre en qu\u00e8 s&#8217;assignaran les places. Les fam\u00edlies poden, amb aquesta llista, fer-se una idea sobre si obtindran pla\u00e7a en el centre de primera petici\u00f3. Caldr\u00e0 esperar la llista d&#8217;admesos per tenir-ne la seguretat o obtenir l&#8217;assignaci\u00f3 en un centre diferent del primer.<\/p>\n<\/td>\n<\/tr>\n<tr style=\"height: 40px;\">\n<td style=\"width: 19.7816%; height: 40px; text-align: center;\">28 d&#8217;abril<\/td>\n<td style=\"width: 129.936%; height: 40px;\">\n<h4 style=\"text-align: center;\">N\u00daMERO DE DESEMPAT:<\/h4>\n<\/td>\n<\/tr>\n<tr style=\"height: 74px;\">\n<td style=\"width: 19.7816%; height: 74px; text-align: center;\">23 d&#8217;abril<\/td>\n<td style=\"width: 129.936%; height: 74px;\">\n<h4 style=\"text-align: center;\">LLISTA BAREMADA<\/h4>\n<\/td>\n<\/tr>\n<tr style=\"height: 74px;\">\n<td style=\"width: 19.7816%; height: 74px; text-align: center;\">15 d&#8217;abril<\/td>\n<td style=\"width: 129.936%; height: 74px;\">\n<h4 style=\"text-align: center;\"><a href=\"https:\/\/agora.xtec.cat\/escolaperezsala\/wp-content\/uploads\/usu463\/2026\/04\/INFORME_BAREM_PROVISIONAL_BAREM.pdf\">LLISTA BAREMACI\u00d3 PROVISIONAL<\/a><\/h4>\n<p>A partir d\u2019avui es poden presentar reclamacions. Es pot fer des de la mateixa consulta individual o des de l\u2019opci\u00f3 \u201cFes el seguiment de la teva sol\u00b7licitud\u201d de la web preinscripcio.gencat.cat. A m\u00e9s, teniu a la vostra disposici\u00f3 aquest v\u00eddeo tutorial <a href=\"https:\/\/preinscripcio.gencat.cat\/ca\/estudis\/primaria\/ajuda\/pindoles-multimedia\/\">Com presentar una reclamaci\u00f3 contra la llista amb la puntuaci\u00f3 provisional<\/a>.<\/td>\n<\/tr>\n<tr style=\"height: 74px;\">\n<td style=\"width: 19.7816%; height: 74px; text-align: center;\"><strong>4 al 18 de mar\u00e7<\/strong><\/td>\n<td style=\"width: 129.936%; height: 74px;\"><strong>Presentaci\u00f3 i\/o modificaci\u00f3 de sol\u00b7licituds<\/strong><\/td>\n<\/tr>\n<tr>\n<td style=\"width: 19.7816%; text-align: center;\">3 de mar\u00e7<\/td>\n<td style=\"width: 129.936%;\">\n<h4 style=\"text-align: center;\"><a href=\"https:\/\/drive.google.com\/file\/d\/1eXG4SoBl3nfY4JfIIomwjJyXnBCRGeZ3\/view?usp=sharing\">OFERTA INICIAL DE PLACES<\/a><\/h4>\n<\/td>\n<\/tr>\n<\/tbody>\n<\/table>\n<h4 style=\"text-align: center;\"><\/h4>\n<h4><b>Calendari:\u00a0<\/b><\/h4>\n<p><strong>Presentaci\u00f3 de sol\u00b7licituds<\/strong>:<\/p>\n<ul>\n<li>2n cicle educaci\u00f3 infantil (3-6 anys) i educaci\u00f3 prim\u00e0ria, <strong>del 4 al 18 de mar\u00e7 de 2026<\/strong><\/li>\n<li>Educaci\u00f3 Secund\u00e0ria Obligat\u00f2ria, <strong>del 6 al 18 de mar\u00e7 de 2026<\/strong><\/li>\n<\/ul>\n<h4 style=\"text-align: center;\"><\/h4>\n<h4>Presentaci\u00f3 de sol\u00b7licituds:<\/h4>\n<ul>\n<li><strong>Sol\u00b7licitud electr\u00f2nica amb identificaci\u00f3 digital<\/strong>\n<ul>\n<li>El model de sol\u00b7licitud que cal utilitzar \u00e9s la\u00a0<strong>sol\u00b7licitud electr\u00f2nica amb identificaci\u00f3 digital\u00a0<\/strong>a trav\u00e9s d\u2019una eina d\u2019identificaci\u00f3 digital com el DNI electr\u00f2nic, la T-CAT, el\u00a0<a href=\"https:\/\/clave.gob.es\/clave_Home\/ca\/clave.html\" target=\"_blank\" rel=\"noopener\">sistema Cl@ve<\/a>\u00a0o l\u2019<a title=\"idCAT M\u00f2bil\" href=\"https:\/\/web.gencat.cat\/ca\/tramits\/com-tramitar-en-linia\/identificacio-digital\/id-cat-mobil\/\" target=\"_blank\" rel=\"noopener noreferrer\">idCAT M\u00f2bil<\/a>.<\/li>\n<li>Si s\u2019ha indicat el\u00a0<a href=\"http:\/\/educacio.gencat.cat\/ca\/tramits\/tramits-temes\/identificador-alumne\" target=\"_blank\" rel=\"noopener noreferrer\">n\u00famero identificador de RALC de l\u2019alumne<\/a>, no cal presentar cap documentaci\u00f3 acreditativa d\u2019identitat.<\/li>\n<\/ul>\n<\/li>\n<\/ul>\n<ul>\n<li><strong>Sol\u00b7licitud amb suport inform\u00e0tic<\/strong>\n<ul>\n<li>Si es presenta la sol\u00b7licitud en suport inform\u00e0tic,\u00a0<b>cal escanejar o fotografiar tots els documents de filiaci\u00f3 i d\u2019identificaci\u00f3 (llibre de fam\u00edlia i DNI)\u00a0<\/b>i tenir-los disponibles en el dispositiu que utilitzareu per emplenar el formulari de preinscripci\u00f3, sigui un ordinador, una tauleta o un tel\u00e8fon intel\u00b7ligent, per tal de poder-los adjuntar.<\/li>\n<\/ul>\n<\/li>\n<\/ul>\n<h4>Criteris prioritaris i complementaris: (pendent d&#8217;actualitzar)<\/h4>\n<p>Els\u00a0<strong>criteris de prioritaris<\/strong> s\u00f3n els seg\u00fcents:<\/p>\n<ol>\n<li>Si el fill o filla que opta a la pla\u00e7a t\u00e9\u00a0<strong>germans o germanes que ja estan estudiant al centre sol\u00b7licitat<\/strong>, s&#8217;obtenen\u00a0<strong>50 punts<\/strong>.<br \/>\nAquest \u00e9s el criteri que suma m\u00e9s puntuaci\u00f3. Si l&#8217;infant est\u00e0 en situaci\u00f3 d&#8217;acolliment familiar i els fills o les filles de la fam\u00edlia acollidora estan escolaritzats en el centre, tamb\u00e9 obt\u00e9 aquesta puntuaci\u00f3.<\/li>\n<li><strong>Proximitat geogr\u00e0fica del domicili habitual o del lloc de treball del pare o la mare a l&#8217;escola.<br \/>\n<\/strong>Cada centre t\u00e9 una zona educativa per poder establir el criteri de proximitat, i aix\u00f2 permet sumar puntuacions diferents segons les circumst\u00e0ncies:<\/p>\n<ul>\n<li>Quan el domicili habitual de la fam\u00edlia es troba dins la zona educativa del centre escolar que es demana en primer lloc, se sumen\u00a0<strong>30 punts<\/strong>.<\/li>\n<li>Quan la ubicaci\u00f3 del lloc de feina del pare, la mare, el tutor o la tutora est\u00e0 dins la zona educativa del centre triat en primer lloc, se sumen\u00a0<strong>20 punts<\/strong>.<\/li>\n<li>A la ciutat de\u00a0<strong>Barcelona<\/strong>, quan el domicili est\u00e0 situat en el mateix districte municipal que el centre escollit en primer lloc, per\u00f2 fora de la zona educativa del centre, se sumen\u00a0<strong>15 punts<\/strong>.<\/li>\n<li>Quan el domicili familiar es troba dins del mateix municipi, per\u00f2 no dins de la zona educativa del centre que s&#8217;ha triat en primer lloc, se sumen\u00a0<strong>10 punts<\/strong>.<br \/>\nPodeu consultar quina \u00e9s la zona educativa de cada centre al seu web abans de fer la sol\u00b7licitud de preinscripci\u00f3. Cal tenir en compte que, dins del criteri de proximitat geogr\u00e0fica, les puntuacions no se sumen entre si. Aix\u00f2 vol dir que si el lloc de feina del pare o la mare est\u00e0 dins la zona educativa i el domicili habitual dins el mateix municipi, per\u00f2 no dins la zona educativa del centre, les dues puntuacions no es podran sumar.<\/li>\n<\/ul>\n<\/li>\n<li>Si la fam\u00edlia percep la\u00a0<strong>renda garantida de ciutadania<\/strong>, se sumen\u00a0<strong>15 punts<\/strong>.<br \/>\nQuan un membre de la unitat familiar rep l&#8217;ajut de la renda garantida de ciutadania.<\/li>\n<\/ol>\n<p>Els\u00a0<strong>criteri complementaris<\/strong>\u00a0serveixen per desempatar i s\u00f3n:<\/p>\n<ol>\n<li><strong>Criteri del pare, mare o el tutor o tutora legal treballant al centre educatiu<\/strong>. Quan el pare, la mare o el tutor o tutora legal treballen al centre en el moment en qu\u00e8 es presenta la sol\u00b7licitud de preinscripci\u00f3, se sumen\u00a0<strong>10 punts<\/strong>.<\/li>\n<li><strong>Fam\u00edlia nombrosa<\/strong>.\u202fQuan l&#8217;infant forma part d&#8217;una fam\u00edlia nombrosa, se sumen\u00a0<strong>10 punts<\/strong>.<\/li>\n<li><strong>Fam\u00edlia monoparental<\/strong>. Quan l&#8217;infant forma part d&#8217;una fam\u00edlia monoparental, se sumen\u00a0<strong>10 punts<\/strong>.<\/li>\n<li><strong>Ser bess\u00f3 o trigemin<\/strong>. Quan l&#8217;alumne o alumna hagi nascut en un part m\u00faltiple, se sumen\u00a0<strong>10 punts<\/strong>.<\/li>\n<li>Quan l&#8217;alumne o alumna es troba en\u00a0<strong>situaci\u00f3 d&#8217;acolliment familiar<\/strong>, se sumen\u00a0<strong>10 punts<\/strong>.<\/li>\n<li>Si algun membre de la fam\u00edlia t\u00e9 una\u202f<strong>discapacitat<\/strong>, se sumen\u202f<strong>15 punts<\/strong>. Quan el mateix infant, el pare o la mare, o b\u00e9 algun germ\u00e0 o germana t\u00e9 una discapacitat igual o superior al 33 %.<\/li>\n<li>Se sumen\u00a0<strong>10 punts<\/strong>\u00a0si s&#8217;acredita la\u00a0<strong>condici\u00f3 de v\u00edctima de viol\u00e8ncia de g\u00e8nere o de terrorisme<\/strong>.<\/li>\n<\/ol>\n<p>Tots els nens i les nenes tenen una pla\u00e7a garantida en un centre escolar. Si despr\u00e9s d&#8217;aplicar tots els criteris de prioritzaci\u00f3 no s&#8217;obt\u00e9 pla\u00e7a en cap dels centres que s&#8217;han fet constar a la sol\u00b7licitud, se n&#8217;assigna una d&#8217;ofici.<\/p>\n<h3>Cal tenir en compte que:<\/h3>\n<ul>\n<li>Nom\u00e9s es pot presentar una sol\u00b7licitud de preinscripci\u00f3 per alumne\/a per\u00f2 s\u2019hi poden indicar peticions d\u2019admissi\u00f3 en diversos centres.<\/li>\n<li>No s\u2019accepten sol\u00b7licituds que es presentin en paper, ni per correu electr\u00f2nic.<\/li>\n<li>La consulta de resultats es podr\u00e0 fer a trav\u00e9s de\u00a0<a href=\"https:\/\/preinscripcio.gencat.cat\/ca\/estudis\/eso\/preinscriute\/seguiment-sollicitud\/llista-sollicituds-puntuacio\/\" target=\"_blank\" rel=\"noopener noreferrer\">preinscripcio.gencat.cat<\/a>\u00a0amb el codi de sol\u00b7licitud i el n\u00famero del DNI de la persona que ha formalitzat la sol\u00b7licitud.<\/li>\n<li>En cas de tenir algun dubte podreu rebre assessorament a trav\u00e9s de suport telef\u00f2nic al 937591257 o suport per correu electr\u00f2nic a8026749@xtec.cat, de 9h a 13h.<\/li>\n<\/ul>\n<h3>Normativa:<\/h3>\n<p>&nbsp;<\/p>\n<h5 style=\"text-align: center;\">IMPORTANT: Per fer una sol\u00b7licitud de pla\u00e7a fora del proc\u00e9s de preinscripci\u00f3 cliqueu <a href=\"https:\/\/educacio.gencat.cat\/ca\/tramits\/tramits-temes\/admissio-centre-fora-proces-preinscripcio?category=74447ed8-a82c-11e3-a972-000c29052e2c\" target=\"_blank\" rel=\"noopener\">AQU\u00cd<\/a><\/h5>\n","protected":false},"excerpt":{"rendered":"<p>&nbsp;<br \/>\nPer fer una sol\u00b7licitud de pla\u00e7a fora del proc\u00e9s de preinscripci\u00f3 cliqueu AQU\u00cd<br \/>\n&nbsp;<br \/>\n<a href=\"https:\/\/preinscripcio.gencat.cat\/ca\/inici\">Tota la informaci\u00f3 de la PREINSCRIPCI\u00d3 I MATR\u00cdCULA PEL CURS 2026-2027<\/a><br \/>\nCodi del centre: 08026749<\/p>\n<p>22 al 30 de juny<\/p>\n<p>MATR\u00cdCULA AL CENTRE AMB CITA PR\u00c8VIA<br \/>\n(S&#8217;envia un correu a les fam\u00edlies per a la cita)<\/p>\n<p>10&hellip;  <a href=\"https:\/\/agora.xtec.cat\/escolaperezsala\/secretaria\/preinscripcio-i-matricula\/\" title=\"Read Preinscripci\u00f3 i admissi\u00f3 al llarg del curs\">Llegeix m\u00e9s\u00bb<\/a><\/p>\n","protected":false},"author":1,"featured_media":0,"parent":258,"menu_order":3,"comment_status":"closed","ping_status":"closed","template":"page-templates\/side-menu.php","meta":{"_bbp_topic_count":0,"_bbp_reply_count":0,"_bbp_total_topic_count":0,"_bbp_total_reply_count":0,"_bbp_voice_count":0,"_bbp_anonymous_reply_count":0,"_bbp_topic_count_hidden":0,"_bbp_reply_count_hidden":0,"_bbp_forum_subforum_count":0,"footnotes":""},"class_list":["post-260","page","type-page","status-publish","hentry"],"post_mailing_queue_ids":[],"_links":{"self":[{"href":"https:\/\/agora.xtec.cat\/escolaperezsala\/wp-json\/wp\/v2\/pages\/260","targetHints":{"allow":["GET"]}}],"collection":[{"href":"https:\/\/agora.xtec.cat\/escolaperezsala\/wp-json\/wp\/v2\/pages"}],"about":[{"href":"https:\/\/agora.xtec.cat\/escolaperezsala\/wp-json\/wp\/v2\/types\/page"}],"author":[{"embeddable":true,"href":"https:\/\/agora.xtec.cat\/escolaperezsala\/wp-json\/wp\/v2\/users\/1"}],"replies":[{"embeddable":true,"href":"https:\/\/agora.xtec.cat\/escolaperezsala\/wp-json\/wp\/v2\/comments?post=260"}],"version-history":[{"count":8,"href":"https:\/\/agora.xtec.cat\/escolaperezsala\/wp-json\/wp\/v2\/pages\/260\/revisions"}],"predecessor-version":[{"id":22392,"href":"https:\/\/agora.xtec.cat\/escolaperezsala\/wp-json\/wp\/v2\/pages\/260\/revisions\/22392"}],"up":[{"embeddable":true,"href":"https:\/\/agora.xtec.cat\/escolaperezsala\/wp-json\/wp\/v2\/pages\/258"}],"wp:attachment":[{"href":"https:\/\/agora.xtec.cat\/escolaperezsala\/wp-json\/wp\/v2\/media?parent=260"}],"curies":[{"name":"wp","href":"https:\/\/api.w.org\/{rel}","templated":true}]}}