{"id":22583,"date":"2026-04-27T13:47:20","date_gmt":"2026-04-27T11:47:20","guid":{"rendered":"https:\/\/agora.xtec.cat\/escolaperezsala\/?page_id=22583"},"modified":"2026-04-27T13:47:41","modified_gmt":"2026-04-27T11:47:41","slug":"contacte-2","status":"publish","type":"page","link":"https:\/\/agora.xtec.cat\/escolaperezsala\/contacte-2\/","title":{"rendered":"Contacte"},"content":{"rendered":"<p>\u2022\u00a0<strong>Tel\u00e8fon:\u00a0<\/strong>93 759 12 57<\/p>\n<p>\u2022\u00a0<strong>Correu Electr\u00f2nic:<\/strong><\/p>\n<p>Direcci\u00f3: a8026749@xtec.cat<\/p>\n<p>Secretaria:\u00a0secretaria@escolaperezsala.cat<\/p>\n<p>AFA:\u00a0<a href=\"mailto:afa@escoladelpi.cat\">afa@escolaperezsala.cat.cat<\/a><\/p>\n<p>\u2022\u00a0<strong>Adre\u00e7a:<\/strong><\/p>\n<p>Avinguda Montevideo, 40 (08340) (Vilassar de Mar), Barcelona<\/p>\n<h5 class=\"wp-block-heading\">Horari:<\/h5>\n<p>&nbsp;<\/p>\n<p>\u2022\u00a0<strong>Horari Atenci\u00f3 Tutoria:<\/strong> dimecres de 12:40 a 14:00. (Cal concertar l\u2019entrevista pr\u00e8viament).<\/p>\n<p>&nbsp;<\/p>\n<p>\u2022\u00a0<strong>Horari Atenci\u00f3 Administrativa del Centre:<\/strong> dilluns a divendres de 8:30 a 13h i dilluns i dimecres de 15:30 a 16:45h.<\/p>\n<p>&nbsp;<\/p>\n<p>\u2022\u00a0<strong>Horari Atenci\u00f3 Secretaria del Centre:<\/strong> cal concertar cita pr\u00e8via<\/p>\n<p>&nbsp;<\/p>\n<p>\u2022\u00a0<strong>Horari Atenci\u00f3 Direcci\u00f3 del Centre:<\/strong> cal concertar cita pr\u00e8via<\/p>\n<p>&nbsp;<\/p>\n<h5 class=\"wp-block-heading\">Contacte amb les fam\u00edlies:<\/h5>\n<p>&nbsp;<\/p>\n<p>Les comunicacions es faran a trav\u00e9s de correu electr\u00f2nic.<\/p>\n<p>El contacte amb les\u00a0tutories\u00a0es far\u00e0 per correu electr\u00f2nic (infantil i prim\u00e0ria i\/o l\u2019agenda (prim\u00e0ria).<\/p>\n","protected":false},"excerpt":{"rendered":"<p>\u2022\u00a0Tel\u00e8fon:\u00a093 759 12 57 \u2022\u00a0Correu Electr\u00f2nic: Direcci\u00f3: a8026749@xtec.cat Secretaria:\u00a0secretaria@escolaperezsala.cat AFA:\u00a0afa@escolaperezsala.cat.cat \u2022\u00a0Adre\u00e7a: Avinguda Montevideo, 40 (08340) (Vilassar de Mar), Barcelona Horari: &nbsp; \u2022\u00a0Horari Atenci\u00f3 Tutoria: dimecres de 12:40 a 14:00. (Cal concertar l\u2019entrevista pr\u00e8viament). &nbsp; \u2022\u00a0Horari Atenci\u00f3 Administrativa del Centre: dilluns a divendres de 8:30 a 13h i dilluns i dimecres de 15:30 a 16:45h. &nbsp; [&hellip;]<\/p>\n","protected":false},"author":1,"featured_media":0,"parent":0,"menu_order":0,"comment_status":"closed","ping_status":"closed","template":"","meta":{"_bbp_topic_count":0,"_bbp_reply_count":0,"_bbp_total_topic_count":0,"_bbp_total_reply_count":0,"_bbp_voice_count":0,"_bbp_anonymous_reply_count":0,"_bbp_topic_count_hidden":0,"_bbp_reply_count_hidden":0,"_bbp_forum_subforum_count":0,"site-sidebar-layout":"default","site-content-layout":"","ast-site-content-layout":"default","site-content-style":"default","site-sidebar-style":"default","ast-global-header-display":"","ast-banner-title-visibility":"","ast-main-header-display":"","ast-hfb-above-header-display":"","ast-hfb-below-header-display":"","ast-hfb-mobile-header-display":"","site-post-title":"","ast-breadcrumbs-content":"","ast-featured-img":"","footer-sml-layout":"","theme-transparent-header-meta":"default","adv-header-id-meta":"","stick-header-meta":"","header-above-stick-meta":"","header-main-stick-meta":"","header-below-stick-meta":"","astra-migrate-meta-layouts":"set","ast-page-background-enabled":"default","ast-page-background-meta":{"desktop":{"background-color":"var(--ast-global-color-4)","background-image":"","background-repeat":"repeat","background-position":"center center","background-size":"auto","background-attachment":"scroll","background-type":"","background-media":"","overlay-type":"","overlay-color":"","overlay-opacity":"","overlay-gradient":""},"tablet":{"background-color":"","background-image":"","background-repeat":"repeat","background-position":"center center","background-size":"auto","background-attachment":"scroll","background-type":"","background-media":"","overlay-type":"","overlay-color":"","overlay-opacity":"","overlay-gradient":""},"mobile":{"background-color":"","background-image":"","background-repeat":"repeat","background-position":"center center","background-size":"auto","background-attachment":"scroll","background-type":"","background-media":"","overlay-type":"","overlay-color":"","overlay-opacity":"","overlay-gradient":""}},"ast-content-background-meta":{"desktop":{"background-color":"var(--ast-global-color-5)","background-image":"","background-repeat":"repeat","background-position":"center center","background-size":"auto","background-attachment":"scroll","background-type":"","background-media":"","overlay-type":"","overlay-color":"","overlay-opacity":"","overlay-gradient":""},"tablet":{"background-color":"var(--ast-global-color-5)","background-image":"","background-repeat":"repeat","background-position":"center center","background-size":"auto","background-attachment":"scroll","background-type":"","background-media":"","overlay-type":"","overlay-color":"","overlay-opacity":"","overlay-gradient":""},"mobile":{"background-color":"var(--ast-global-color-5)","background-image":"","background-repeat":"repeat","background-position":"center center","background-size":"auto","background-attachment":"scroll","background-type":"","background-media":"","overlay-type":"","overlay-color":"","overlay-opacity":"","overlay-gradient":""}},"footnotes":""},"class_list":["post-22583","page","type-page","status-publish","hentry"],"post_mailing_queue_ids":[],"_links":{"self":[{"href":"https:\/\/agora.xtec.cat\/escolaperezsala\/wp-json\/wp\/v2\/pages\/22583","targetHints":{"allow":["GET"]}}],"collection":[{"href":"https:\/\/agora.xtec.cat\/escolaperezsala\/wp-json\/wp\/v2\/pages"}],"about":[{"href":"https:\/\/agora.xtec.cat\/escolaperezsala\/wp-json\/wp\/v2\/types\/page"}],"author":[{"embeddable":true,"href":"https:\/\/agora.xtec.cat\/escolaperezsala\/wp-json\/wp\/v2\/users\/1"}],"replies":[{"embeddable":true,"href":"https:\/\/agora.xtec.cat\/escolaperezsala\/wp-json\/wp\/v2\/comments?post=22583"}],"version-history":[{"count":2,"href":"https:\/\/agora.xtec.cat\/escolaperezsala\/wp-json\/wp\/v2\/pages\/22583\/revisions"}],"predecessor-version":[{"id":22585,"href":"https:\/\/agora.xtec.cat\/escolaperezsala\/wp-json\/wp\/v2\/pages\/22583\/revisions\/22585"}],"wp:attachment":[{"href":"https:\/\/agora.xtec.cat\/escolaperezsala\/wp-json\/wp\/v2\/media?parent=22583"}],"curies":[{"name":"wp","href":"https:\/\/api.w.org\/{rel}","templated":true}]}}

<p>• <strong>Telèfon: </strong>93 759 12 57</p>
<p>• <strong>Correu Electrònic:</strong></p>
<p>Direcció: a8026749@xtec.cat</p>
<p>Secretaria: secretaria@escolaperezsala.cat</p>
<p>AFA: <a href="mailto:afa@escoladelpi.cat">afa@escolaperezsala.cat.cat</a></p>
<p>• <strong>Adreça:</strong></p>
<p>Avinguda Montevideo, 40 (08340) (Vilassar de Mar), Barcelona</p>
<h5 class="wp-block-heading">Horari:</h5>
<p>&nbsp;</p>
<p>• <strong>Horari Atenció Tutoria:</strong> dimecres de 12:40 a 14:00. (Cal concertar l’entrevista prèviament).</p>
<p>&nbsp;</p>
<p>• <strong>Horari Atenció Administrativa del Centre:</strong> dilluns a divendres de 8:30 a 13h i dilluns i dimecres de 15:30 a 16:45h.</p>
<p>&nbsp;</p>
<p>• <strong>Horari Atenció Secretaria del Centre:</strong> cal concertar cita prèvia</p>
<p>&nbsp;</p>
<p>• <strong>Horari Atenció Direcció del Centre:</strong> cal concertar cita prèvia</p>
<p>&nbsp;</p>
<h5 class="wp-block-heading">Contacte amb les famílies:</h5>
<p>&nbsp;</p>
<p>Les comunicacions es faran a través de correu electrònic.</p>
<p>El contacte amb les tutories es farà per correu electrònic (infantil i primària i/o l’agenda (primària).</p>

<p>• Telèfon: 93 759 12 57 • Correu Electrònic: Direcció: a8026749@xtec.cat Secretaria: secretaria@escolaperezsala.cat AFA: afa@escolaperezsala.cat.cat • Adreça: Avinguda Montevideo, 40 (08340) (Vilassar de Mar), Barcelona Horari: &nbsp; • Horari Atenció Tutoria: dimecres de 12:40 a 14:00. (Cal concertar l’entrevista prèviament). &nbsp; • Horari Atenció Administrativa del Centre: dilluns a divendres de 8:30 a 13h i dilluns i dimecres de 15:30 a 16:45h. &nbsp; [&hellip;]</p>
