{"id":22560,"date":"2026-04-27T11:06:44","date_gmt":"2026-04-27T09:06:44","guid":{"rendered":"https:\/\/agora.xtec.cat\/escolaperezsala\/?page_id=22560"},"modified":"2026-04-27T11:07:54","modified_gmt":"2026-04-27T09:07:54","slug":"consulta-idalu","status":"publish","type":"page","link":"https:\/\/agora.xtec.cat\/escolaperezsala\/secretaria\/consulta-idalu\/","title":{"rendered":"Consulta IDALU"},"content":{"rendered":"<p>Qu\u00e8 \u00e9s l&#8217;IDALU?<\/p>\n<div class=\"wrapper_list_needToKnow-group-article\">\n<div class=\"list_needToKnow-group-item-paragraph\">\n<div class=\"link-dotted\">\n<p>L&#8217;identificador de l&#8217;alumne \u00e9s el n\u00famero d&#8217;inscripci\u00f3 al Registre d&#8217;alumnes de Catalunya (RALC), que s&#8217;assigna (de manera \u00fanica) a un alumne quan fa la primera matr\u00edcula en centres educatius p\u00fablics i privats d&#8217;ensenyaments reglats no universitaris que desenvolupen l&#8217;activitat a Catalunya.<\/p>\n<p>Amb aquest identificador es poden obtenir les dades identificatives dels alumnes i l&#8217;historial de matr\u00edcules (des del curs 2015-2016), fet que facilita als centres i als alumnes el desenvolupament de tr\u00e0mits electr\u00f2nics, com \u00e9s el cas de la preinscripci\u00f3.<\/p>\n<\/div>\n<\/div>\n<\/div>\n<p><a href=\"https:\/\/tramits.gencat.cat\/ca\/tramits\/tramits-temes\/identificador-alumne\">Consulta l&#8217;identificador de l&#8217;alumne o alumna i\/o sol\u00b7licita la rectificaci\u00f3 de les dades<\/a><\/p>\n<p>&nbsp;<\/p>\n<p>&nbsp;<\/p>\n","protected":false},"excerpt":{"rendered":"<p>Qu\u00e8 \u00e9s l&#8217;IDALU? L&#8217;identificador de l&#8217;alumne \u00e9s el n\u00famero d&#8217;inscripci\u00f3 al Registre d&#8217;alumnes de Catalunya (RALC), que s&#8217;assigna (de manera \u00fanica) a un alumne quan fa la primera matr\u00edcula en centres educatius p\u00fablics i privats d&#8217;ensenyaments reglats no universitaris que desenvolupen l&#8217;activitat a Catalunya. Amb aquest identificador es poden obtenir les dades identificatives dels alumnes [&hellip;]<\/p>\n","protected":false},"author":1,"featured_media":0,"parent":258,"menu_order":3,"comment_status":"closed","ping_status":"closed","template":"","meta":{"_bbp_topic_count":0,"_bbp_reply_count":0,"_bbp_total_topic_count":0,"_bbp_total_reply_count":0,"_bbp_voice_count":0,"_bbp_anonymous_reply_count":0,"_bbp_topic_count_hidden":0,"_bbp_reply_count_hidden":0,"_bbp_forum_subforum_count":0,"site-sidebar-layout":"default","site-content-layout":"","ast-site-content-layout":"default","site-content-style":"default","site-sidebar-style":"default","ast-global-header-display":"","ast-banner-title-visibility":"","ast-main-header-display":"","ast-hfb-above-header-display":"","ast-hfb-below-header-display":"","ast-hfb-mobile-header-display":"","site-post-title":"","ast-breadcrumbs-content":"","ast-featured-img":"","footer-sml-layout":"","theme-transparent-header-meta":"default","adv-header-id-meta":"","stick-header-meta":"","header-above-stick-meta":"","header-main-stick-meta":"","header-below-stick-meta":"","astra-migrate-meta-layouts":"set","ast-page-background-enabled":"default","ast-page-background-meta":{"desktop":{"background-color":"var(--ast-global-color-4)","background-image":"","background-repeat":"repeat","background-position":"center center","background-size":"auto","background-attachment":"scroll","background-type":"","background-media":"","overlay-type":"","overlay-color":"","overlay-opacity":"","overlay-gradient":""},"tablet":{"background-color":"","background-image":"","background-repeat":"repeat","background-position":"center center","background-size":"auto","background-attachment":"scroll","background-type":"","background-media":"","overlay-type":"","overlay-color":"","overlay-opacity":"","overlay-gradient":""},"mobile":{"background-color":"","background-image":"","background-repeat":"repeat","background-position":"center center","background-size":"auto","background-attachment":"scroll","background-type":"","background-media":"","overlay-type":"","overlay-color":"","overlay-opacity":"","overlay-gradient":""}},"ast-content-background-meta":{"desktop":{"background-color":"var(--ast-global-color-5)","background-image":"","background-repeat":"repeat","background-position":"center center","background-size":"auto","background-attachment":"scroll","background-type":"","background-media":"","overlay-type":"","overlay-color":"","overlay-opacity":"","overlay-gradient":""},"tablet":{"background-color":"var(--ast-global-color-5)","background-image":"","background-repeat":"repeat","background-position":"center center","background-size":"auto","background-attachment":"scroll","background-type":"","background-media":"","overlay-type":"","overlay-color":"","overlay-opacity":"","overlay-gradient":""},"mobile":{"background-color":"var(--ast-global-color-5)","background-image":"","background-repeat":"repeat","background-position":"center center","background-size":"auto","background-attachment":"scroll","background-type":"","background-media":"","overlay-type":"","overlay-color":"","overlay-opacity":"","overlay-gradient":""}},"footnotes":""},"class_list":["post-22560","page","type-page","status-publish","hentry"],"post_mailing_queue_ids":[],"_links":{"self":[{"href":"https:\/\/agora.xtec.cat\/escolaperezsala\/wp-json\/wp\/v2\/pages\/22560","targetHints":{"allow":["GET"]}}],"collection":[{"href":"https:\/\/agora.xtec.cat\/escolaperezsala\/wp-json\/wp\/v2\/pages"}],"about":[{"href":"https:\/\/agora.xtec.cat\/escolaperezsala\/wp-json\/wp\/v2\/types\/page"}],"author":[{"embeddable":true,"href":"https:\/\/agora.xtec.cat\/escolaperezsala\/wp-json\/wp\/v2\/users\/1"}],"replies":[{"embeddable":true,"href":"https:\/\/agora.xtec.cat\/escolaperezsala\/wp-json\/wp\/v2\/comments?post=22560"}],"version-history":[{"count":1,"href":"https:\/\/agora.xtec.cat\/escolaperezsala\/wp-json\/wp\/v2\/pages\/22560\/revisions"}],"predecessor-version":[{"id":22561,"href":"https:\/\/agora.xtec.cat\/escolaperezsala\/wp-json\/wp\/v2\/pages\/22560\/revisions\/22561"}],"up":[{"embeddable":true,"href":"https:\/\/agora.xtec.cat\/escolaperezsala\/wp-json\/wp\/v2\/pages\/258"}],"wp:attachment":[{"href":"https:\/\/agora.xtec.cat\/escolaperezsala\/wp-json\/wp\/v2\/media?parent=22560"}],"curies":[{"name":"wp","href":"https:\/\/api.w.org\/{rel}","templated":true}]}}

<p>Què és l&#8217;IDALU?</p>
<div class="wrapper_list_needToKnow-group-article">
<div class="list_needToKnow-group-item-paragraph">
<div class="link-dotted">
<p>L&#8217;identificador de l&#8217;alumne és el número d&#8217;inscripció al Registre d&#8217;alumnes de Catalunya (RALC), que s&#8217;assigna (de manera única) a un alumne quan fa la primera matrícula en centres educatius públics i privats d&#8217;ensenyaments reglats no universitaris que desenvolupen l&#8217;activitat a Catalunya.</p>
<p>Amb aquest identificador es poden obtenir les dades identificatives dels alumnes i l&#8217;historial de matrícules (des del curs 2015-2016), fet que facilita als centres i als alumnes el desenvolupament de tràmits electrònics, com és el cas de la preinscripció.</p>
</div>
</div>
</div>
<p><a href="https://tramits.gencat.cat/ca/tramits/tramits-temes/identificador-alumne">Consulta l&#8217;identificador de l&#8217;alumne o alumna i/o sol·licita la rectificació de les dades</a></p>
<p>&nbsp;</p>
<p>&nbsp;</p>

<p>Què és l&#8217;IDALU? L&#8217;identificador de l&#8217;alumne és el número d&#8217;inscripció al Registre d&#8217;alumnes de Catalunya (RALC), que s&#8217;assigna (de manera única) a un alumne quan fa la primera matrícula en centres educatius públics i privats d&#8217;ensenyaments reglats no universitaris que desenvolupen l&#8217;activitat a Catalunya. Amb aquest identificador es poden obtenir les dades identificatives dels alumnes [&hellip;]</p>
