{"id":22469,"date":"2026-04-25T10:03:37","date_gmt":"2026-04-25T08:03:37","guid":{"rendered":"https:\/\/agora.xtec.cat\/escolaperezsala\/?page_id=22469"},"modified":"2026-04-25T10:04:20","modified_gmt":"2026-04-25T08:04:20","slug":"espai-migdia","status":"publish","type":"page","link":"https:\/\/agora.xtec.cat\/escolaperezsala\/espai-migdia\/","title":{"rendered":"Espai Migdia"},"content":{"rendered":"<p><strong>Disposem de cuina pr\u00f2pia<\/strong>, elaboraci\u00f3 casolana amb productes de primera qualitat. Els nostres men\u00fas inclouen productes ecol\u00f2gics i de proximitat.<\/p>\n<p>El servei \u00e9s gestionat pel consell escolar i l\u2019empresa <a href=\"https:\/\/ecomenja.com\/\">Ecomenja.<\/a><\/p>\n<p>El preu del dinar \u00e9s de\u00a0<strong>7,25 euros pels alumnes fixos. <\/strong>Pels alumnes\u00a0<strong>espor\u00e0dics<\/strong>\u00a0el preu \u00e9s de<strong> 7,98 euros<\/strong>.<\/p>\n<p>L\u2019alumnat fix que no assisteixi al servei de menjador, la fam\u00edlia haur\u00e0 d\u2019avisar al mat\u00ed abans de les 9,30 hores, informant-ho mitjan\u00e7ant l\u2019APP d\u2019Ecomenja, o trucant al n\u00famero de tel\u00e8fon 679 277 424 o enviant un WhatsApp, cada dia que no hi assisteixi encara que siguin consecutius.<br \/>\nL\u2019import retornat ser\u00e0 de 2,30 \u20ac\/dia i es descomptar\u00e0 del rebut del mes vinent.<br \/>\n<strong>Les abs\u00e8ncies que no siguin comunicades dintre d\u2019aquests par\u00e0metres es cobrar\u00e0 l\u2019import <\/strong><strong>\u00edntegre del servei: 7,25 \u20ac\/dia<\/strong><\/p>\n<p><strong>Tel\u00e8fon: 679 277 424<\/strong><\/p>\n<p><strong>Correu electr\u00f2nic: <a href=\"mailto:menjadorecomenja@escolaperezsala.cat\">menjadorecomenja@escolaperezsala.cat<\/a><\/strong><\/p>\n<ul>\n<li><a href=\"https:\/\/drive.google.com\/file\/d\/11e4MNHeecZ0GHBGCquo6EvyLrxtyjsuw\/view?usp=sharing\">Inscripci\u00f3 i Normativa espai migdia (curs 25-26)<\/a><\/li>\n<li><a href=\"https:\/\/drive.google.com\/file\/d\/18jeY57kpCThXdERPe3kr5XDCBNI01dFc\/view?usp=sharing\">Manual d\u2019\u00fas de l\u2019APP del menjador\u00a0<\/a><\/li>\n<li><a href=\"https:\/\/drive.google.com\/file\/d\/19kSiOYtMG_kVPRsNui4qMtBjQuAQNJ1Z\/view?usp=sharing\">Pla de funcionament de l&#8217;espai migdia<\/a><\/li>\n<li><a href=\"https:\/\/ecomenja.com\/menus\/\">Men\u00fas<\/a><\/li>\n<\/ul>\n","protected":false},"excerpt":{"rendered":"<p>Disposem de cuina pr\u00f2pia, elaboraci\u00f3 casolana amb productes de primera qualitat. Els nostres men\u00fas inclouen productes ecol\u00f2gics i de proximitat. El servei \u00e9s gestionat pel consell escolar i l\u2019empresa Ecomenja. El preu del dinar \u00e9s de\u00a07,25 euros pels alumnes fixos. Pels alumnes\u00a0espor\u00e0dics\u00a0el preu \u00e9s de 7,98 euros. L\u2019alumnat fix que no assisteixi al servei de [&hellip;]<\/p>\n","protected":false},"author":1,"featured_media":0,"parent":0,"menu_order":0,"comment_status":"closed","ping_status":"closed","template":"","meta":{"_bbp_topic_count":0,"_bbp_reply_count":0,"_bbp_total_topic_count":0,"_bbp_total_reply_count":0,"_bbp_voice_count":0,"_bbp_anonymous_reply_count":0,"_bbp_topic_count_hidden":0,"_bbp_reply_count_hidden":0,"_bbp_forum_subforum_count":0,"site-sidebar-layout":"default","site-content-layout":"","ast-site-content-layout":"default","site-content-style":"default","site-sidebar-style":"default","ast-global-header-display":"","ast-banner-title-visibility":"","ast-main-header-display":"","ast-hfb-above-header-display":"","ast-hfb-below-header-display":"","ast-hfb-mobile-header-display":"","site-post-title":"","ast-breadcrumbs-content":"","ast-featured-img":"","footer-sml-layout":"","theme-transparent-header-meta":"default","adv-header-id-meta":"","stick-header-meta":"","header-above-stick-meta":"","header-main-stick-meta":"","header-below-stick-meta":"","astra-migrate-meta-layouts":"set","ast-page-background-enabled":"default","ast-page-background-meta":{"desktop":{"background-color":"var(--ast-global-color-4)","background-image":"","background-repeat":"repeat","background-position":"center center","background-size":"auto","background-attachment":"scroll","background-type":"","background-media":"","overlay-type":"","overlay-color":"","overlay-opacity":"","overlay-gradient":""},"tablet":{"background-color":"","background-image":"","background-repeat":"repeat","background-position":"center center","background-size":"auto","background-attachment":"scroll","background-type":"","background-media":"","overlay-type":"","overlay-color":"","overlay-opacity":"","overlay-gradient":""},"mobile":{"background-color":"","background-image":"","background-repeat":"repeat","background-position":"center center","background-size":"auto","background-attachment":"scroll","background-type":"","background-media":"","overlay-type":"","overlay-color":"","overlay-opacity":"","overlay-gradient":""}},"ast-content-background-meta":{"desktop":{"background-color":"var(--ast-global-color-5)","background-image":"","background-repeat":"repeat","background-position":"center center","background-size":"auto","background-attachment":"scroll","background-type":"","background-media":"","overlay-type":"","overlay-color":"","overlay-opacity":"","overlay-gradient":""},"tablet":{"background-color":"var(--ast-global-color-5)","background-image":"","background-repeat":"repeat","background-position":"center center","background-size":"auto","background-attachment":"scroll","background-type":"","background-media":"","overlay-type":"","overlay-color":"","overlay-opacity":"","overlay-gradient":""},"mobile":{"background-color":"var(--ast-global-color-5)","background-image":"","background-repeat":"repeat","background-position":"center center","background-size":"auto","background-attachment":"scroll","background-type":"","background-media":"","overlay-type":"","overlay-color":"","overlay-opacity":"","overlay-gradient":""}},"footnotes":""},"class_list":["post-22469","page","type-page","status-publish","hentry"],"post_mailing_queue_ids":[],"_links":{"self":[{"href":"https:\/\/agora.xtec.cat\/escolaperezsala\/wp-json\/wp\/v2\/pages\/22469","targetHints":{"allow":["GET"]}}],"collection":[{"href":"https:\/\/agora.xtec.cat\/escolaperezsala\/wp-json\/wp\/v2\/pages"}],"about":[{"href":"https:\/\/agora.xtec.cat\/escolaperezsala\/wp-json\/wp\/v2\/types\/page"}],"author":[{"embeddable":true,"href":"https:\/\/agora.xtec.cat\/escolaperezsala\/wp-json\/wp\/v2\/users\/1"}],"replies":[{"embeddable":true,"href":"https:\/\/agora.xtec.cat\/escolaperezsala\/wp-json\/wp\/v2\/comments?post=22469"}],"version-history":[{"count":2,"href":"https:\/\/agora.xtec.cat\/escolaperezsala\/wp-json\/wp\/v2\/pages\/22469\/revisions"}],"predecessor-version":[{"id":22471,"href":"https:\/\/agora.xtec.cat\/escolaperezsala\/wp-json\/wp\/v2\/pages\/22469\/revisions\/22471"}],"wp:attachment":[{"href":"https:\/\/agora.xtec.cat\/escolaperezsala\/wp-json\/wp\/v2\/media?parent=22469"}],"curies":[{"name":"wp","href":"https:\/\/api.w.org\/{rel}","templated":true}]}}