{"id":217,"date":"2016-02-01T18:11:33","date_gmt":"2016-02-01T17:11:33","guid":{"rendered":"http:\/\/agora.xtec.cat\/escolaperezsala\/?page_id=217"},"modified":"2022-10-29T11:25:16","modified_gmt":"2022-10-29T09:25:16","slug":"impuls-a-la-lectura","status":"publish","type":"page","link":"https:\/\/agora.xtec.cat\/escolaperezsala\/projecte-educatiu\/impuls-a-la-lectura\/","title":{"rendered":"Impuls a la lectura"},"content":{"rendered":"<p style=\"text-align: justify;\">El desenvolupament del gust per la lectura t\u00e9 un temps i un espai reservat a l\u2019escola, ja que afavoreix l\u2019adquisici\u00f3 de l\u2019h\u00e0bit lector i garanteix la igualtat d\u2019oportunitats.<br \/>\nEl gust per llegir i l\u2019h\u00e0bit lector incideixen directament en la millora dels resultats escolars, donat que fomenta la comprensi\u00f3, la compet\u00e8ncia lectora, l\u2019expressi\u00f3 escrita i estimula la curiositat pels coneixements generals d\u2019altres cultures i realitats.<\/p>\n<p style=\"text-align: justify;\">Els objectius de l&#8217;impuls a la lectura s\u00f3n els seg\u00fcents:<\/p>\n<ul>\n<li style=\"text-align: justify;\">Desenvolupar l&#8217;h\u00e0bit lector fomentant en l&#8217;alumnat l\u2019inter\u00e8s per la lectura amb activitats d&#8217;oci i plaer.<\/li>\n<li style=\"text-align: justify;\">Assegurar el dret de tots els infants a aprendre a llegir i a cr\u00e9ixer mitjan\u00e7ant la lectura de textos i d\u2019imatges.<\/li>\n<li style=\"text-align: justify;\">Contemplar dins de l\u2019horari lectiu, un temps diari dedicat a la lectura a l\u2019aula per aconseguir l&#8217;h\u00e0bit lector<\/li>\n<li style=\"text-align: justify;\">Compartir el gust per llegir col\u00b7lectivament: apadrinament lector<\/li>\n<li style=\"text-align: justify;\">Utilitzar els recursos literaris que ofereix la Biblioteca Escolar i la Biblioteca Municipal<\/li>\n<li style=\"text-align: justify;\">Participar dels programes de l\u2019entorn que ofereixen el desenvolupament de l&#8217;h\u00e0bit lector de l\u2019alumnat<\/li>\n<\/ul>\n","protected":false},"excerpt":{"rendered":"<p>El desenvolupament del gust per la lectura t\u00e9 un temps i un espai reservat a l\u2019escola, ja que afavoreix l\u2019adquisici\u00f3 de l\u2019h\u00e0bit lector i garanteix la igualtat d\u2019oportunitats.<br \/>\nEl gust per llegir i l\u2019h\u00e0bit lector incideixen directament en la millora dels resultats escolars, donat que fomenta&hellip;  <a href=\"https:\/\/agora.xtec.cat\/escolaperezsala\/projecte-educatiu\/impuls-a-la-lectura\/\" title=\"Read Impuls a la lectura\">Llegeix m\u00e9s\u00bb<\/a><\/p>\n","protected":false},"author":1,"featured_media":0,"parent":64,"menu_order":7,"comment_status":"closed","ping_status":"closed","template":"page-templates\/side-menu.php","meta":{"_bbp_topic_count":0,"_bbp_reply_count":0,"_bbp_total_topic_count":0,"_bbp_total_reply_count":0,"_bbp_voice_count":0,"_bbp_anonymous_reply_count":0,"_bbp_topic_count_hidden":0,"_bbp_reply_count_hidden":0,"_bbp_forum_subforum_count":0,"footnotes":""},"class_list":["post-217","page","type-page","status-publish","hentry"],"post_mailing_queue_ids":[],"_links":{"self":[{"href":"https:\/\/agora.xtec.cat\/escolaperezsala\/wp-json\/wp\/v2\/pages\/217","targetHints":{"allow":["GET"]}}],"collection":[{"href":"https:\/\/agora.xtec.cat\/escolaperezsala\/wp-json\/wp\/v2\/pages"}],"about":[{"href":"https:\/\/agora.xtec.cat\/escolaperezsala\/wp-json\/wp\/v2\/types\/page"}],"author":[{"embeddable":true,"href":"https:\/\/agora.xtec.cat\/escolaperezsala\/wp-json\/wp\/v2\/users\/1"}],"replies":[{"embeddable":true,"href":"https:\/\/agora.xtec.cat\/escolaperezsala\/wp-json\/wp\/v2\/comments?post=217"}],"version-history":[{"count":3,"href":"https:\/\/agora.xtec.cat\/escolaperezsala\/wp-json\/wp\/v2\/pages\/217\/revisions"}],"predecessor-version":[{"id":19201,"href":"https:\/\/agora.xtec.cat\/escolaperezsala\/wp-json\/wp\/v2\/pages\/217\/revisions\/19201"}],"up":[{"embeddable":true,"href":"https:\/\/agora.xtec.cat\/escolaperezsala\/wp-json\/wp\/v2\/pages\/64"}],"wp:attachment":[{"href":"https:\/\/agora.xtec.cat\/escolaperezsala\/wp-json\/wp\/v2\/media?parent=217"}],"curies":[{"name":"wp","href":"https:\/\/api.w.org\/{rel}","templated":true}]}}