{"id":2155,"date":"2020-01-24T13:09:51","date_gmt":"2020-01-24T12:09:51","guid":{"rendered":"http:\/\/agora.xtec.cat\/escolaperevirgili\/?page_id=2155"},"modified":"2020-12-04T13:20:59","modified_gmt":"2020-12-04T12:20:59","slug":"poefa","status":"publish","type":"page","link":"https:\/\/agora.xtec.cat\/escolaperevirgili\/projecte-educatiu\/poefa\/","title":{"rendered":"POEFA"},"content":{"rendered":"<p><img loading=\"lazy\" decoding=\"async\" class=\"aligncenter size-full wp-image-2156\" src=\"https:\/\/agora.xtec.cat\/escolaperevirgili\/wp-content\/uploads\/usu1802\/2020\/01\/Captura.jpg\" alt=\"\" width=\"647\" height=\"438\" srcset=\"https:\/\/agora.xtec.cat\/escolaperevirgili\/wp-content\/uploads\/usu1802\/2020\/01\/Captura.jpg 647w, https:\/\/agora.xtec.cat\/escolaperevirgili\/wp-content\/uploads\/usu1802\/2020\/01\/Captura-300x203.jpg 300w\" sizes=\"auto, (max-width: 647px) 100vw, 647px\" \/><\/p>\n<p><strong>LA NOSTRA ESCOLA PARTICIPA EN EL <\/strong><strong>PROJECTE AMB OPORTUNITATS D\u2019\u00c8XIT EDUCATIU A FAVOR DE L\u2019ALUMNAT (<\/strong><strong>POEFA)<\/strong><\/p>\n<p>Us volem informar que <strong>el Departament d\u2019Educaci\u00f3 ha seleccionat el nostre centre per <\/strong>participar<strong> en un projecte amb oportunitats d\u2019\u00e8xit educatiu a favor de l\u2019alumnat (POEFA) <\/strong>que forma part del Programa d\u2019orientaci\u00f3 i refor\u00e7 per la millora i suport en l\u2019educaci\u00f3 del Ministeri d\u2019Educaci\u00f3 i Formaci\u00f3 Professional i est\u00e0 cofinan\u00e7at pel Programa operatiu d\u2019ocupaci\u00f3, formaci\u00f3 i educaci\u00f3 del Fons Social Europeu 2014-2020.<\/p>\n<p><strong>El nostre projecte <\/strong>que s\u2019anomena<strong> CONNECTEM-NOS s\u2019adre\u00e7a<\/strong><strong> a l\u2019alumnat de 5\u00e8 i 6\u00e8, <\/strong>i durant el segon i tercer trimestre d\u2019aquest curs preveu activitats com: treballar la llengua oral en angl\u00e8s amb un professor auxiliar de conversa natiu, assistir a una representaci\u00f3 teatral en angl\u00e8s i realitzar sortides l\u00fadico-pedag\u00f2giques.<\/p>\n<p>Anireu rebent informaci\u00f3!<\/p>\n<p><strong>\u00a0<\/strong><\/p>\n<p><strong>VISITA AL CRAM<\/strong><\/p>\n<p><a href=\"https:\/\/agora.xtec.cat\/escolaperevirgili\/wp-content\/uploads\/usu1802\/2020\/12\/IMG_6684.jpg\"><img loading=\"lazy\" decoding=\"async\" class=\"alignnone size-medium wp-image-3842\" src=\"https:\/\/agora.xtec.cat\/escolaperevirgili\/wp-content\/uploads\/usu1802\/2020\/12\/IMG_6684-300x225.jpg\" alt=\"\" width=\"300\" height=\"225\" srcset=\"https:\/\/agora.xtec.cat\/escolaperevirgili\/wp-content\/uploads\/usu1802\/2020\/12\/IMG_6684-300x225.jpg 300w, https:\/\/agora.xtec.cat\/escolaperevirgili\/wp-content\/uploads\/usu1802\/2020\/12\/IMG_6684-768x576.jpg 768w, https:\/\/agora.xtec.cat\/escolaperevirgili\/wp-content\/uploads\/usu1802\/2020\/12\/IMG_6684-1024x768.jpg 1024w, https:\/\/agora.xtec.cat\/escolaperevirgili\/wp-content\/uploads\/usu1802\/2020\/12\/IMG_6684-200x150.jpg 200w, https:\/\/agora.xtec.cat\/escolaperevirgili\/wp-content\/uploads\/usu1802\/2020\/12\/IMG_6684.jpg 2016w\" sizes=\"auto, (max-width: 300px) 100vw, 300px\" \/><\/a> <a href=\"https:\/\/agora.xtec.cat\/escolaperevirgili\/wp-content\/uploads\/usu1802\/2020\/12\/IMG_6690.jpg\"><img loading=\"lazy\" decoding=\"async\" class=\"alignnone size-medium wp-image-3844\" src=\"https:\/\/agora.xtec.cat\/escolaperevirgili\/wp-content\/uploads\/usu1802\/2020\/12\/IMG_6690-300x225.jpg\" alt=\"\" width=\"300\" height=\"225\" srcset=\"https:\/\/agora.xtec.cat\/escolaperevirgili\/wp-content\/uploads\/usu1802\/2020\/12\/IMG_6690-300x225.jpg 300w, https:\/\/agora.xtec.cat\/escolaperevirgili\/wp-content\/uploads\/usu1802\/2020\/12\/IMG_6690-768x576.jpg 768w, https:\/\/agora.xtec.cat\/escolaperevirgili\/wp-content\/uploads\/usu1802\/2020\/12\/IMG_6690-1024x768.jpg 1024w, https:\/\/agora.xtec.cat\/escolaperevirgili\/wp-content\/uploads\/usu1802\/2020\/12\/IMG_6690-200x150.jpg 200w, https:\/\/agora.xtec.cat\/escolaperevirgili\/wp-content\/uploads\/usu1802\/2020\/12\/IMG_6690.jpg 2016w\" sizes=\"auto, (max-width: 300px) 100vw, 300px\" \/><\/a> <a href=\"https:\/\/agora.xtec.cat\/escolaperevirgili\/wp-content\/uploads\/usu1802\/2020\/12\/IMG_6683.jpg\"><img loading=\"lazy\" decoding=\"async\" class=\"alignnone size-medium wp-image-3848\" src=\"https:\/\/agora.xtec.cat\/escolaperevirgili\/wp-content\/uploads\/usu1802\/2020\/12\/IMG_6683-300x225.jpg\" alt=\"\" width=\"300\" height=\"225\" srcset=\"https:\/\/agora.xtec.cat\/escolaperevirgili\/wp-content\/uploads\/usu1802\/2020\/12\/IMG_6683-300x225.jpg 300w, https:\/\/agora.xtec.cat\/escolaperevirgili\/wp-content\/uploads\/usu1802\/2020\/12\/IMG_6683-768x576.jpg 768w, https:\/\/agora.xtec.cat\/escolaperevirgili\/wp-content\/uploads\/usu1802\/2020\/12\/IMG_6683-1024x768.jpg 1024w, https:\/\/agora.xtec.cat\/escolaperevirgili\/wp-content\/uploads\/usu1802\/2020\/12\/IMG_6683-200x150.jpg 200w, https:\/\/agora.xtec.cat\/escolaperevirgili\/wp-content\/uploads\/usu1802\/2020\/12\/IMG_6683.jpg 2016w\" sizes=\"auto, (max-width: 300px) 100vw, 300px\" \/><\/a><\/p>\n<p><strong>AUXILIAR DE CONVERSA<\/strong><\/p>\n<p><a href=\"https:\/\/agora.xtec.cat\/escolaperevirgili\/wp-content\/uploads\/usu1802\/2020\/12\/IMG_6289-1.jpg\"><img loading=\"lazy\" decoding=\"async\" class=\"alignnone size-medium wp-image-3846\" src=\"https:\/\/agora.xtec.cat\/escolaperevirgili\/wp-content\/uploads\/usu1802\/2020\/12\/IMG_6289-1-300x225.jpg\" alt=\"\" width=\"300\" height=\"225\" srcset=\"https:\/\/agora.xtec.cat\/escolaperevirgili\/wp-content\/uploads\/usu1802\/2020\/12\/IMG_6289-1-300x225.jpg 300w, https:\/\/agora.xtec.cat\/escolaperevirgili\/wp-content\/uploads\/usu1802\/2020\/12\/IMG_6289-1-768x576.jpg 768w, https:\/\/agora.xtec.cat\/escolaperevirgili\/wp-content\/uploads\/usu1802\/2020\/12\/IMG_6289-1-1024x768.jpg 1024w, https:\/\/agora.xtec.cat\/escolaperevirgili\/wp-content\/uploads\/usu1802\/2020\/12\/IMG_6289-1-200x150.jpg 200w, https:\/\/agora.xtec.cat\/escolaperevirgili\/wp-content\/uploads\/usu1802\/2020\/12\/IMG_6289-1.jpg 2016w\" sizes=\"auto, (max-width: 300px) 100vw, 300px\" \/><\/a><a href=\"https:\/\/agora.xtec.cat\/escolaperevirgili\/wp-content\/uploads\/usu1802\/2020\/12\/IMG_6291-1.jpg\"><img loading=\"lazy\" decoding=\"async\" class=\"alignnone size-medium wp-image-3845\" src=\"https:\/\/agora.xtec.cat\/escolaperevirgili\/wp-content\/uploads\/usu1802\/2020\/12\/IMG_6291-1-300x225.jpg\" alt=\"\" width=\"300\" height=\"225\" srcset=\"https:\/\/agora.xtec.cat\/escolaperevirgili\/wp-content\/uploads\/usu1802\/2020\/12\/IMG_6291-1-300x225.jpg 300w, https:\/\/agora.xtec.cat\/escolaperevirgili\/wp-content\/uploads\/usu1802\/2020\/12\/IMG_6291-1-768x576.jpg 768w, https:\/\/agora.xtec.cat\/escolaperevirgili\/wp-content\/uploads\/usu1802\/2020\/12\/IMG_6291-1-1024x768.jpg 1024w, https:\/\/agora.xtec.cat\/escolaperevirgili\/wp-content\/uploads\/usu1802\/2020\/12\/IMG_6291-1-200x150.jpg 200w, https:\/\/agora.xtec.cat\/escolaperevirgili\/wp-content\/uploads\/usu1802\/2020\/12\/IMG_6291-1.jpg 2016w\" sizes=\"auto, (max-width: 300px) 100vw, 300px\" \/><\/a><\/p>\n","protected":false},"excerpt":{"rendered":"<p>LA NOSTRA ESCOLA PARTICIPA EN EL PROJECTE AMB OPORTUNITATS D\u2019\u00c8XIT EDUCATIU A FAVOR DE L\u2019ALUMNAT (POEFA)<br \/>\nUs volem informar que el Departament d\u2019Educaci\u00f3 ha seleccionat el nostre centre per participar en un projecte amb oportunitats d\u2019\u00e8xit educatiu a favor de l\u2019alumnat (POEFA) que forma part del&hellip;  <a href=\"https:\/\/agora.xtec.cat\/escolaperevirgili\/projecte-educatiu\/poefa\/\" title=\"Read POEFA\">Llegeix m\u00e9s\u00bb<\/a><\/p>\n","protected":false},"author":1,"featured_media":0,"parent":64,"menu_order":0,"comment_status":"closed","ping_status":"closed","template":"","meta":{"_bbp_topic_count":0,"_bbp_reply_count":0,"_bbp_total_topic_count":0,"_bbp_total_reply_count":0,"_bbp_voice_count":0,"_bbp_anonymous_reply_count":0,"_bbp_topic_count_hidden":0,"_bbp_reply_count_hidden":0,"_bbp_forum_subforum_count":0,"footnotes":""},"class_list":["post-2155","page","type-page","status-publish","hentry"],"post_mailing_queue_ids":[],"_links":{"self":[{"href":"https:\/\/agora.xtec.cat\/escolaperevirgili\/wp-json\/wp\/v2\/pages\/2155","targetHints":{"allow":["GET"]}}],"collection":[{"href":"https:\/\/agora.xtec.cat\/escolaperevirgili\/wp-json\/wp\/v2\/pages"}],"about":[{"href":"https:\/\/agora.xtec.cat\/escolaperevirgili\/wp-json\/wp\/v2\/types\/page"}],"author":[{"embeddable":true,"href":"https:\/\/agora.xtec.cat\/escolaperevirgili\/wp-json\/wp\/v2\/users\/1"}],"replies":[{"embeddable":true,"href":"https:\/\/agora.xtec.cat\/escolaperevirgili\/wp-json\/wp\/v2\/comments?post=2155"}],"version-history":[{"count":3,"href":"https:\/\/agora.xtec.cat\/escolaperevirgili\/wp-json\/wp\/v2\/pages\/2155\/revisions"}],"predecessor-version":[{"id":3849,"href":"https:\/\/agora.xtec.cat\/escolaperevirgili\/wp-json\/wp\/v2\/pages\/2155\/revisions\/3849"}],"up":[{"embeddable":true,"href":"https:\/\/agora.xtec.cat\/escolaperevirgili\/wp-json\/wp\/v2\/pages\/64"}],"wp:attachment":[{"href":"https:\/\/agora.xtec.cat\/escolaperevirgili\/wp-json\/wp\/v2\/media?parent=2155"}],"curies":[{"name":"wp","href":"https:\/\/api.w.org\/{rel}","templated":true}]}}