{"id":36,"date":"2014-09-18T12:33:11","date_gmt":"2014-09-18T12:33:11","guid":{"rendered":"http:\/\/agora.xtec.cat\/escolaperevila\/?page_id=36"},"modified":"2025-09-05T14:50:13","modified_gmt":"2025-09-05T12:50:13","slug":"material-escolar","status":"publish","type":"page","link":"https:\/\/agora.xtec.cat\/escolaperevila\/lescola\/material-escolar\/","title":{"rendered":"Material escolar"},"content":{"rendered":"<h4>Despeses Escolars 2024-25<\/h4>\n<p><a href=\"https:\/\/agora.xtec.cat\/escolaperevila\/wp-content\/uploads\/usu223\/2025\/09\/Despeses_Escolars_Curs_2025_2026.docx-1.png\"><img loading=\"lazy\" decoding=\"async\" class=\"alignnone wp-image-5020 size-large\" src=\"https:\/\/agora.xtec.cat\/escolaperevila\/wp-content\/uploads\/usu223\/2025\/09\/Despeses_Escolars_Curs_2025_2026.docx-1-725x1024.png\" alt=\"\" width=\"725\" height=\"1024\" srcset=\"https:\/\/agora.xtec.cat\/escolaperevila\/wp-content\/uploads\/usu223\/2025\/09\/Despeses_Escolars_Curs_2025_2026.docx-1-725x1024.png 725w, https:\/\/agora.xtec.cat\/escolaperevila\/wp-content\/uploads\/usu223\/2025\/09\/Despeses_Escolars_Curs_2025_2026.docx-1-212x300.png 212w, https:\/\/agora.xtec.cat\/escolaperevila\/wp-content\/uploads\/usu223\/2025\/09\/Despeses_Escolars_Curs_2025_2026.docx-1-768x1085.png 768w, https:\/\/agora.xtec.cat\/escolaperevila\/wp-content\/uploads\/usu223\/2025\/09\/Despeses_Escolars_Curs_2025_2026.docx-1-1087x1536.png 1087w, https:\/\/agora.xtec.cat\/escolaperevila\/wp-content\/uploads\/usu223\/2025\/09\/Despeses_Escolars_Curs_2025_2026.docx-1-1450x2048.png 1450w, https:\/\/agora.xtec.cat\/escolaperevila\/wp-content\/uploads\/usu223\/2025\/09\/Despeses_Escolars_Curs_2025_2026.docx-1.png 1656w\" sizes=\"auto, (max-width: 725px) 100vw, 725px\" \/><\/a><\/p>\n<ul>\n<li>En cas de fraccionar el pagament, la quota ha d&#8217;estar \u00edntegrament abonada abans de gener.<\/li>\n<li><strong>En un sol termini<\/strong>: fins al 30 d\u2019octubre de 2025<\/li>\n<li><strong>En tres terminis:<\/strong>\n<ul>\n<li>1r termini: abans del 30 de setembre de 2025<\/li>\n<li>2n termini: abans del 30 de novembre de 2025<\/li>\n<li>3r termini: abans de 30 de gener de 2026<\/li>\n<\/ul>\n<\/li>\n<\/ul>\n<h4>Llibres de text i material curricular<\/h4>\n<p>L&#8217;escola Pere Vila participa en el Programa de reutilitzaci\u00f3 de llibres de text i material did\u00e0ctic del Departament d&#8217;Educaci\u00f3. Tamb\u00e9 comptem amb el suport econ\u00f2mic del Districte de Ciutat Vella.<\/p>\n<p>Aquestes subvencions permeten que part dels llibres de text i altre material curricular sigui reutilitzat i d&#8217;\u00fas col\u00b7lectiu, el que significa un estalvi important per les fam\u00edlies i ofereix a l&#8217;alumnat una experi\u00e8ncia real de responsabilitat i sostenibilitat.<\/p>\n<p>L&#8217;aportaci\u00f3 anual que fa la fam\u00edlia per cada fill\/a inclou les despeses del material fungible d&#8217;\u00fas com\u00fa i pel lloguer i la reposici\u00f3 dels llibres reutilitzats.<\/p>\n","protected":false},"excerpt":{"rendered":"<p>Despeses Escolars 2024-25 En cas de fraccionar el pagament, la quota ha d&#8217;estar \u00edntegrament abonada abans de gener. En un sol termini: fins al 30 d\u2019octubre de 2025 En tres terminis: 1r termini: abans del 30 de setembre de 2025 2n termini: abans del 30 de novembre de 2025 3r termini: abans de 30 de [&hellip;]<\/p>\n","protected":false},"author":2,"featured_media":0,"parent":22,"menu_order":90,"comment_status":"closed","ping_status":"closed","template":"","meta":{"_bbp_topic_count":0,"_bbp_reply_count":0,"_bbp_total_topic_count":0,"_bbp_total_reply_count":0,"_bbp_voice_count":0,"_bbp_anonymous_reply_count":0,"_bbp_topic_count_hidden":0,"_bbp_reply_count_hidden":0,"_bbp_forum_subforum_count":0,"site-sidebar-layout":"default","site-content-layout":"","ast-site-content-layout":"default","site-content-style":"default","site-sidebar-style":"default","ast-global-header-display":"","ast-banner-title-visibility":"","ast-main-header-display":"","ast-hfb-above-header-display":"","ast-hfb-below-header-display":"","ast-hfb-mobile-header-display":"","site-post-title":"","ast-breadcrumbs-content":"","ast-featured-img":"","footer-sml-layout":"","theme-transparent-header-meta":"","adv-header-id-meta":"","stick-header-meta":"","header-above-stick-meta":"","header-main-stick-meta":"","header-below-stick-meta":"","astra-migrate-meta-layouts":"set","ast-page-background-enabled":"default","ast-page-background-meta":{"desktop":{"background-color":"var(--ast-global-color-4)","background-image":"","background-repeat":"repeat","background-position":"center center","background-size":"auto","background-attachment":"scroll","background-type":"","background-media":"","overlay-type":"","overlay-color":"","overlay-opacity":"","overlay-gradient":""},"tablet":{"background-color":"","background-image":"","background-repeat":"repeat","background-position":"center center","background-size":"auto","background-attachment":"scroll","background-type":"","background-media":"","overlay-type":"","overlay-color":"","overlay-opacity":"","overlay-gradient":""},"mobile":{"background-color":"","background-image":"","background-repeat":"repeat","background-position":"center center","background-size":"auto","background-attachment":"scroll","background-type":"","background-media":"","overlay-type":"","overlay-color":"","overlay-opacity":"","overlay-gradient":""}},"ast-content-background-meta":{"desktop":{"background-color":"var(--ast-global-color-5)","background-image":"","background-repeat":"repeat","background-position":"center center","background-size":"auto","background-attachment":"scroll","background-type":"","background-media":"","overlay-type":"","overlay-color":"","overlay-opacity":"","overlay-gradient":""},"tablet":{"background-color":"var(--ast-global-color-5)","background-image":"","background-repeat":"repeat","background-position":"center center","background-size":"auto","background-attachment":"scroll","background-type":"","background-media":"","overlay-type":"","overlay-color":"","overlay-opacity":"","overlay-gradient":""},"mobile":{"background-color":"var(--ast-global-color-5)","background-image":"","background-repeat":"repeat","background-position":"center center","background-size":"auto","background-attachment":"scroll","background-type":"","background-media":"","overlay-type":"","overlay-color":"","overlay-opacity":"","overlay-gradient":""}},"footnotes":""},"class_list":["post-36","page","type-page","status-publish","hentry"],"post_mailing_queue_ids":[],"_links":{"self":[{"href":"https:\/\/agora.xtec.cat\/escolaperevila\/wp-json\/wp\/v2\/pages\/36","targetHints":{"allow":["GET"]}}],"collection":[{"href":"https:\/\/agora.xtec.cat\/escolaperevila\/wp-json\/wp\/v2\/pages"}],"about":[{"href":"https:\/\/agora.xtec.cat\/escolaperevila\/wp-json\/wp\/v2\/types\/page"}],"author":[{"embeddable":true,"href":"https:\/\/agora.xtec.cat\/escolaperevila\/wp-json\/wp\/v2\/users\/2"}],"replies":[{"embeddable":true,"href":"https:\/\/agora.xtec.cat\/escolaperevila\/wp-json\/wp\/v2\/comments?post=36"}],"version-history":[{"count":6,"href":"https:\/\/agora.xtec.cat\/escolaperevila\/wp-json\/wp\/v2\/pages\/36\/revisions"}],"predecessor-version":[{"id":5021,"href":"https:\/\/agora.xtec.cat\/escolaperevila\/wp-json\/wp\/v2\/pages\/36\/revisions\/5021"}],"up":[{"embeddable":true,"href":"https:\/\/agora.xtec.cat\/escolaperevila\/wp-json\/wp\/v2\/pages\/22"}],"wp:attachment":[{"href":"https:\/\/agora.xtec.cat\/escolaperevila\/wp-json\/wp\/v2\/media?parent=36"}],"curies":[{"name":"wp","href":"https:\/\/api.w.org\/{rel}","templated":true}]}}