{"id":261,"date":"2015-02-21T13:56:31","date_gmt":"2015-02-21T12:56:31","guid":{"rendered":"http:\/\/agora.xtec.cat\/escolaperevila\/?page_id=261"},"modified":"2025-12-02T13:16:49","modified_gmt":"2025-12-02T12:16:49","slug":"lequip-de-pere-vila","status":"publish","type":"page","link":"https:\/\/agora.xtec.cat\/escolaperevila\/lescola\/lequip-de-pere-vila\/","title":{"rendered":"L&#8217;equip del Pere Vila"},"content":{"rendered":"\n<h3 class=\"wp-block-heading has-text-align-center\">&nbsp;Quadre de tutories<\/h3>\n\n\n\n<figure class=\"wp-block-image aligncenter size-large\"><a href=\"https:\/\/agora.xtec.cat\/escolaperevila\/wp-content\/uploads\/usu223\/2025\/09\/Quadre_Tutors_2025_2026.docx-1.png\"><img loading=\"lazy\" decoding=\"async\" width=\"725\" height=\"1024\" src=\"https:\/\/agora.xtec.cat\/escolaperevila\/wp-content\/uploads\/usu223\/2025\/09\/Quadre_Tutors_2025_2026.docx-1-725x1024.png\" alt=\"\" class=\"wp-image-5014\" srcset=\"https:\/\/agora.xtec.cat\/escolaperevila\/wp-content\/uploads\/usu223\/2025\/09\/Quadre_Tutors_2025_2026.docx-1-725x1024.png 725w, https:\/\/agora.xtec.cat\/escolaperevila\/wp-content\/uploads\/usu223\/2025\/09\/Quadre_Tutors_2025_2026.docx-1-212x300.png 212w, https:\/\/agora.xtec.cat\/escolaperevila\/wp-content\/uploads\/usu223\/2025\/09\/Quadre_Tutors_2025_2026.docx-1-768x1085.png 768w, https:\/\/agora.xtec.cat\/escolaperevila\/wp-content\/uploads\/usu223\/2025\/09\/Quadre_Tutors_2025_2026.docx-1-1087x1536.png 1087w, https:\/\/agora.xtec.cat\/escolaperevila\/wp-content\/uploads\/usu223\/2025\/09\/Quadre_Tutors_2025_2026.docx-1-1450x2048.png 1450w, https:\/\/agora.xtec.cat\/escolaperevila\/wp-content\/uploads\/usu223\/2025\/09\/Quadre_Tutors_2025_2026.docx-1.png 1656w\" sizes=\"auto, (max-width: 725px) 100vw, 725px\" \/><\/a><\/figure>\n\n\n\n<div class=\"wp-block-group is-layout-constrained wp-block-group-is-layout-constrained\">\n<figure class=\"wp-block-table aligncenter is-style-regular\"><table><tbody><tr><td class=\"has-text-align-center\" data-align=\"center\" colspan=\"4\"><h4>Especialistes i Suports<\/h4><\/td><\/tr><tr><td class=\"has-text-align-center\" data-align=\"center\">&nbsp;<\/td><td class=\"has-text-align-center\" data-align=\"center\"><h5>Cicle 1<\/h5><p>(Educaci\u00f3 infantil)<\/p><\/td><td class=\"has-text-align-center\" data-align=\"center\"><h5>Cicle 2<\/h5><p>(1r, 2n i 3r)<\/p><\/td><td class=\"has-text-align-center\" data-align=\"center\"><h5>Cicle 3<\/h5><p>(4t, 5\u00e8 i 6\u00e8)<\/p><\/td><\/tr><tr><td class=\"has-text-align-center\" data-align=\"center\"><br><h5>Angl\u00e8s<\/h5><\/td><td class=\"has-text-align-center\" data-align=\"center\">Arantxa P.<\/td><td class=\"has-text-align-center\" data-align=\"center\">Arantxa P. \/ <br>Anna Barrantes <\/td><td class=\"has-text-align-center\" data-align=\"center\">Anna Barrantes<\/td><\/tr><tr><td class=\"has-text-align-center\" data-align=\"center\"><br><h5>Aula d&#8217;Acollida<\/h5><\/td><td class=\"has-text-align-center\" data-align=\"center\">&nbsp;<\/td><td class=\"has-text-align-center\" data-align=\"center\">Aitor D\u00edaz<\/td><td class=\"has-text-align-center\" data-align=\"center\">Aitor D\u00edaz<\/td><\/tr><tr><td class=\"has-text-align-center\" data-align=\"center\"><br><h5>E. Especial<\/h5><\/td><td class=\"has-text-align-center\" data-align=\"center\">Cristina Llorens (MALL)&nbsp;<\/td><td class=\"has-text-align-center\" data-align=\"center\">Sara D\u00edez<\/td><td class=\"has-text-align-center\" data-align=\"center\">Maria Moratal<\/td><\/tr><tr><td class=\"has-text-align-center\" data-align=\"center\"><br><h5>Educaci\u00f3 F\u00edsica<\/h5><\/td><td class=\"has-text-align-center\" data-align=\"center\">\u00a0Eva Bayot<\/td><td class=\"has-text-align-center\" data-align=\"center\">Xavi Garcia<\/td><td class=\"has-text-align-center\" data-align=\"center\">Xavi Garcia<\/td><\/tr><tr><td class=\"has-text-align-center\" data-align=\"center\"><br><h5>M\u00fasica<\/h5><\/td><td class=\"has-text-align-center\" data-align=\"center\">Rosana Sureda<\/td><td class=\"has-text-align-center\" data-align=\"center\">Mar Calvet \/ Rosana Sureda<\/td><td class=\"has-text-align-center\" data-align=\"center\">Rosana Sureda<\/td><\/tr><tr><td class=\"has-text-align-center\" data-align=\"center\"><br><h5>Religi\u00f3<\/h5><\/td><td class=\"has-text-align-center\" data-align=\"center\">&nbsp;<\/td><td class=\"has-text-align-center\" data-align=\"center\">Bel\u00e9n Fern\u00e1ndez<\/td><td class=\"has-text-align-center\" data-align=\"center\">Bel\u00e9n Fern\u00e1ndez<\/td><\/tr><tr><td class=\"has-text-align-center\" data-align=\"center\"><br><h5>SIEI<\/h5><\/td><td class=\"has-text-align-center\" data-align=\"center\">Rodrigo G.&nbsp;<\/td><td class=\"has-text-align-center\" data-align=\"center\"><\/td><td class=\"has-text-align-center\" data-align=\"center\">Ada Puig<\/td><\/tr><\/tbody><\/table><\/figure>\n<\/div>\n\n\n\n<div class=\"wp-block-group is-layout-constrained wp-block-group-is-layout-constrained\">\n<figure class=\"wp-block-table aligncenter\" style=\"font-size:16px\"><table><tbody><tr><td class=\"has-text-align-center\" data-align=\"center\" colspan=\"2\"><br><h3 style=\"text-align: center;\">Equip de Direcci\u00f3<\/h3><\/td><td class=\"has-text-align-center\" data-align=\"center\" colspan=\"4\"><br><h3 style=\"text-align: center;\">Equip de Coordinaci\u00f3<\/h3><\/td><\/tr><tr><td class=\"has-text-align-center\" data-align=\"center\"><br><h5>Directora<\/h5><\/td><td class=\"has-text-align-center\" data-align=\"center\">Mar Fargas<\/td><td class=\"has-text-align-center\" data-align=\"center\">\n<h5>Coordinadora d&#8217;Infantil<\/h5>\n<\/td><td class=\"has-text-align-center\" data-align=\"center\">Raquel Juan<\/td><td class=\"has-text-align-center\" data-align=\"center\">\n<h5>Coordinador Biblioteca<\/h5>\n<\/td><td class=\"has-text-align-center\" data-align=\"center\"><\/td><\/tr><tr><td class=\"has-text-align-center\" data-align=\"center\"><br><h5>Cap d&#8217;Estudis<\/h5><\/td><td class=\"has-text-align-center\" data-align=\"center\">S\u00f2nia Roca<\/td><td class=\"has-text-align-center\" data-align=\"center\"><h5>Coordinadora<\/h5> <span style=\"font-family: Poppins, sans-serif; font-size: 1.11111rem; font-weight: 600; background-color: rgba(0, 0, 0, 0);\">Prim\u00e0ria 1<\/span><\/td><td class=\"has-text-align-center\" data-align=\"center\">Anna Barrantes<\/td><td class=\"has-text-align-center\" data-align=\"center\">\n<h5>Coordinador DIGITAL<\/h5>\n<\/td><td class=\"has-text-align-center\" data-align=\"center\">Xavi Garcia<\/td><\/tr><tr><td class=\"has-text-align-center\" data-align=\"center\">\n<h5>Secret\u00e0ria<\/h5>\n<\/td><td class=\"has-text-align-center\" data-align=\"center\">Mar Calvet<\/td><td class=\"has-text-align-center\" data-align=\"center\"><h5>Coordinadora<\/h5><h5>Prim\u00e0ria 2<\/h5><\/td><td class=\"has-text-align-center\" data-align=\"center\">Alba Aguilar<\/td><td class=\"has-text-align-center\" data-align=\"center\">\n<h5>Coordinadora LIC<\/h5>\n<\/td><td class=\"has-text-align-center\" data-align=\"center\">Aloma Vives<\/td><\/tr><tr><td class=\"has-text-align-center\" data-align=\"center\">&nbsp;<\/td><td class=\"has-text-align-center\" data-align=\"center\">&nbsp;<\/td><td class=\"has-text-align-center\" data-align=\"center\">&nbsp;<\/td><td class=\"has-text-align-center\" data-align=\"center\">&nbsp;<\/td><td class=\"has-text-align-center\" data-align=\"center\">\n<h5>Coordinadora Riscos Laborals<\/h5>\n<\/td><td class=\"has-text-align-center\" data-align=\"center\">Rosana Sureda<\/td><\/tr><\/tbody><\/table><\/figure>\n<\/div>\n\n\n\n<figure class=\"wp-block-table\"><table class=\"has-fixed-layout\"><tbody><tr><td class=\"has-text-align-center\" data-align=\"center\" colspan=\"2\"><h4>Personal d&#8217;Administraci\u00f3 i Serveis<\/h4><\/td><\/tr><tr><td class=\"has-text-align-center\" data-align=\"center\"><h5>Auxiliar Administrativa<\/h5><\/td><td class=\"has-text-align-center\" data-align=\"center\">Inma Nogu\u00e9s<\/td><\/tr><tr><td class=\"has-text-align-center\" data-align=\"center\"><h5>Suport Admin. Menjador<\/h5><\/td><td class=\"has-text-align-center\" data-align=\"center\">&nbsp;<\/td><\/tr><tr><td class=\"has-text-align-center\" data-align=\"center\"><h5>Conserge<\/h5><\/td><td class=\"has-text-align-center\" data-align=\"center\">Jaume Coll<\/td><\/tr><\/tbody><\/table><\/figure>\n\n\n\n<figure class=\"wp-block-table is-style-regular\"><table class=\"has-fixed-layout\"><tbody><tr><td class=\"has-text-align-center\" data-align=\"center\" colspan=\"8\"><h4>Personal de Cuina i Monitores de Menjador<\/h4><\/td><\/tr><tr><td class=\"has-text-align-center\" data-align=\"center\">\n<h5>Cuiner<\/h5>\n<\/td><td>&nbsp;<\/td><td class=\"has-text-align-center\" data-align=\"center\">\n<h5>Ajudant de Cuina<\/h5>\n<\/td><td>&nbsp;<\/td><td>\n<h5>Ajudant de Cuina<\/h5>\n<\/td><td>&nbsp;<\/td><td>\n<h5>Coordinadora<\/h5>\n<\/td><td>Alba Olvera<\/td><\/tr><tr><td class=\"has-text-align-center\" data-align=\"center\">\n<h5>Monitores I3A<\/h5>\n<\/td><td>Cristina i Julia<\/td><td class=\"has-text-align-center\" data-align=\"center\">\n<h5 style=\"text-align: center;\">Monitores<br>I3B<\/h5>\n<\/td><td>Paula i Diana<\/td><td>\n<h5 style=\"text-align: center;\">Monitora 1rA<\/h5>\n<\/td><td>Carolina<\/td><td>\n<h5 style=\"text-align: center;\">Monitora 1rB<\/h5>\n<\/td><td>Irina<\/td><\/tr><tr><td class=\"has-text-align-center\" data-align=\"center\">\n<h5>Monitora I4A<\/h5>\n<\/td><td>Anna<\/td><td class=\"has-text-align-center\" data-align=\"center\">\n<h5 style=\"text-align: center;\">Monitora<br>I4B<\/h5>\n<\/td><td>Andrea<\/td><td>\n<h5 style=\"text-align: center;\">Monitora 2nA<\/h5>\n<\/td><td>Sheila<\/td><td>\n<h5 style=\"text-align: center;\">Monitora 2nB<\/h5>\n<\/td><td>Anna<\/td><\/tr><tr><td class=\"has-text-align-center\" data-align=\"center\">\n<h5>Monitora I5A<\/h5>\n<\/td><td>Emma<\/td><td class=\"has-text-align-center\" data-align=\"center\">\n<h5 style=\"text-align: center;\">Monitora<br>I5B<\/h5>\n<\/td><td>Sumaya<\/td><td>\n<h5 style=\"text-align: center;\">Monitor 3rA<\/h5>\n<\/td><td>Lautaro<\/td><td>\n<h5 style=\"text-align: center;\">Monitor 3rB<\/h5>\n<\/td><td>Jan<\/td><\/tr><tr><td class=\"has-text-align-center\" data-align=\"center\">\n<h5><u>Pr\u00e0ctiques monitoratge<\/u><\/h5>\n<\/td><td>Alex (monitor)<br>Berta (monitora)<br>Dina (coordinadora)<\/td><td class=\"has-text-align-center\" data-align=\"center\">\n<h5 style=\"text-align: center;\">&nbsp;<\/h5>\n<\/td><td>&nbsp;<\/td><td>\n<h5 style=\"text-align: center;\">Monitora 4tA<\/h5>\n<\/td><td>Salwa<\/td><td>\n<h5 style=\"text-align: center;\">Monitor 4tB<\/h5>\n<\/td><td>Oriol<\/td><\/tr><tr><td class=\"has-text-align-center\" data-align=\"center\">\n<h5>&nbsp;<\/h5>\n<\/td><td>&nbsp;<\/td><td class=\"has-text-align-center\" data-align=\"center\">\n<h5 style=\"text-align: center;\">&nbsp;<\/h5>\n<\/td><td>&nbsp;<\/td><td>\n<h5 style=\"text-align: center;\">Monitor 5\u00e8A<\/h5>\n<\/td><td>Arnau<\/td><td>\n<h5 style=\"text-align: center;\">Monitora 5\u00e8B<\/h5>\n<\/td><td>Llu\u00eds<\/td><\/tr><tr><td class=\"has-text-align-center\" data-align=\"center\">\n<h5>Vetlladores<\/h5>\n<\/td><td>Andrea (Infantil)Eli (1r-3r)\n<p>Alejandra (4t)<\/p>\n<\/td><td class=\"has-text-align-center\" data-align=\"center\">\n<h5 style=\"text-align: center;\">&nbsp;<\/h5>\n<\/td><td>&nbsp;<\/td><td>\n<h5 style=\"text-align: center;\">Monitora 6\u00e8A<\/h5>\n<\/td><td>M\u00aa \u00c0ngels<\/td><td>\n<h5 style=\"text-align: center;\">Monitor 6\u00e8B<\/h5>\n<\/td><td>David<\/td><\/tr><\/tbody><\/table><\/figure>\n\n\n\n<figure class=\"wp-block-table aligncenter\"><table class=\"has-fixed-layout\"><tbody><tr><td class=\"has-text-align-center\" data-align=\"center\" colspan=\"5\"><h4><strong><span style=\"color: #000000;\">Programes i Serveis Educatius<\/span><\/strong><\/h4><\/td><\/tr><tr><td class=\"has-text-align-center\" data-align=\"center\"><br><h5><strong>CREDA<\/strong><\/h5><h5><strong> Logopeda<\/strong><\/h5><br><\/td><td class=\"has-text-align-center\" data-align=\"center\"><br><h5><strong>CRP<\/strong><\/h5><h5><strong> Referent<\/strong><\/h5><br><\/td><td class=\"has-text-align-center\" data-align=\"center\"><br><h5><strong>EAP<\/strong><strong style=\"font-size: 1.11111rem;\"> Psicopedagoga<\/strong><\/h5><br><\/td><td class=\"has-text-align-center\" data-align=\"center\"><h5><strong style=\"font-size: 1.11111rem; background-color: rgba(0, 0, 0, 0);\">Treballadora Social<\/strong><\/h5><h5><strong style=\"font-size: 1.11111rem; background-color: rgba(0, 0, 0, 0);\">EAP<\/strong><strong style=\"background-color: rgba(0, 0, 0, 0); font-size: 1.11111rem;\"> <\/strong><\/h5><br><\/td><td class=\"has-text-align-center\" data-align=\"center\"><br><h5><strong>LIC<\/strong><strong style=\"font-size: 1.11111rem; background-color: rgba(0, 0, 0, 0);\"> Assessora<\/strong><\/h5><br><\/td><\/tr><tr><td class=\"has-text-align-center\" data-align=\"center\">&nbsp;<\/td><td class=\"has-text-align-center\" data-align=\"center\">&nbsp;<\/td><td class=\"has-text-align-center\" data-align=\"center\">Gala A.&nbsp;<\/td><td class=\"has-text-align-center\" data-align=\"center\">&nbsp;<\/td><td class=\"has-text-align-center\" data-align=\"center\">Mariona Grau<\/td><\/tr><\/tbody><\/table><\/figure>\n\n\n\n<p><\/p>\n","protected":false},"excerpt":{"rendered":"<p>&nbsp;Quadre de tutories Especialistes i Suports &nbsp; Cicle 1 (Educaci\u00f3 infantil) Cicle 2 (1r, 2n i 3r) Cicle 3 (4t, 5\u00e8 i 6\u00e8) Angl\u00e8s Arantxa P. Arantxa P. \/ Anna Barrantes Anna Barrantes Aula d&#8217;Acollida &nbsp; Aitor D\u00edaz Aitor D\u00edaz E. Especial Cristina Llorens (MALL)&nbsp; Sara D\u00edez Maria Moratal Educaci\u00f3 F\u00edsica \u00a0Eva Bayot Xavi Garcia [&hellip;]<\/p>\n","protected":false},"author":1,"featured_media":0,"parent":22,"menu_order":30,"comment_status":"closed","ping_status":"closed","template":"","meta":{"_bbp_topic_count":0,"_bbp_reply_count":0,"_bbp_total_topic_count":0,"_bbp_total_reply_count":0,"_bbp_voice_count":0,"_bbp_anonymous_reply_count":0,"_bbp_topic_count_hidden":0,"_bbp_reply_count_hidden":0,"_bbp_forum_subforum_count":0,"site-sidebar-layout":"default","site-content-layout":"","ast-site-content-layout":"full-width-container","site-content-style":"default","site-sidebar-style":"default","ast-global-header-display":"","ast-banner-title-visibility":"","ast-main-header-display":"","ast-hfb-above-header-display":"","ast-hfb-below-header-display":"","ast-hfb-mobile-header-display":"","site-post-title":"","ast-breadcrumbs-content":"","ast-featured-img":"","footer-sml-layout":"","theme-transparent-header-meta":"","adv-header-id-meta":"","stick-header-meta":"","header-above-stick-meta":"","header-main-stick-meta":"","header-below-stick-meta":"","astra-migrate-meta-layouts":"set","ast-page-background-enabled":"default","ast-page-background-meta":{"desktop":{"background-color":"var(--ast-global-color-4)","background-image":"","background-repeat":"repeat","background-position":"center center","background-size":"auto","background-attachment":"scroll","background-type":"","background-media":"","overlay-type":"","overlay-color":"","overlay-opacity":"","overlay-gradient":""},"tablet":{"background-color":"","background-image":"","background-repeat":"repeat","background-position":"center center","background-size":"auto","background-attachment":"scroll","background-type":"","background-media":"","overlay-type":"","overlay-color":"","overlay-opacity":"","overlay-gradient":""},"mobile":{"background-color":"","background-image":"","background-repeat":"repeat","background-position":"center center","background-size":"auto","background-attachment":"scroll","background-type":"","background-media":"","overlay-type":"","overlay-color":"","overlay-opacity":"","overlay-gradient":""}},"ast-content-background-meta":{"desktop":{"background-color":"var(--ast-global-color-5)","background-image":"","background-repeat":"repeat","background-position":"center center","background-size":"auto","background-attachment":"scroll","background-type":"","background-media":"","overlay-type":"","overlay-color":"","overlay-opacity":"","overlay-gradient":""},"tablet":{"background-color":"var(--ast-global-color-5)","background-image":"","background-repeat":"repeat","background-position":"center center","background-size":"auto","background-attachment":"scroll","background-type":"","background-media":"","overlay-type":"","overlay-color":"","overlay-opacity":"","overlay-gradient":""},"mobile":{"background-color":"var(--ast-global-color-5)","background-image":"","background-repeat":"repeat","background-position":"center center","background-size":"auto","background-attachment":"scroll","background-type":"","background-media":"","overlay-type":"","overlay-color":"","overlay-opacity":"","overlay-gradient":""}},"footnotes":""},"class_list":["post-261","page","type-page","status-publish","hentry"],"post_mailing_queue_ids":[],"_links":{"self":[{"href":"https:\/\/agora.xtec.cat\/escolaperevila\/wp-json\/wp\/v2\/pages\/261","targetHints":{"allow":["GET"]}}],"collection":[{"href":"https:\/\/agora.xtec.cat\/escolaperevila\/wp-json\/wp\/v2\/pages"}],"about":[{"href":"https:\/\/agora.xtec.cat\/escolaperevila\/wp-json\/wp\/v2\/types\/page"}],"author":[{"embeddable":true,"href":"https:\/\/agora.xtec.cat\/escolaperevila\/wp-json\/wp\/v2\/users\/1"}],"replies":[{"embeddable":true,"href":"https:\/\/agora.xtec.cat\/escolaperevila\/wp-json\/wp\/v2\/comments?post=261"}],"version-history":[{"count":5,"href":"https:\/\/agora.xtec.cat\/escolaperevila\/wp-json\/wp\/v2\/pages\/261\/revisions"}],"predecessor-version":[{"id":5085,"href":"https:\/\/agora.xtec.cat\/escolaperevila\/wp-json\/wp\/v2\/pages\/261\/revisions\/5085"}],"up":[{"embeddable":true,"href":"https:\/\/agora.xtec.cat\/escolaperevila\/wp-json\/wp\/v2\/pages\/22"}],"wp:attachment":[{"href":"https:\/\/agora.xtec.cat\/escolaperevila\/wp-json\/wp\/v2\/media?parent=261"}],"curies":[{"name":"wp","href":"https:\/\/api.w.org\/{rel}","templated":true}]}}