{"id":518,"date":"2019-08-31T12:42:39","date_gmt":"2019-08-31T10:42:39","guid":{"rendered":"https:\/\/agora.xtec.cat\/escolapegaso\/?page_id=518"},"modified":"2025-12-07T19:15:51","modified_gmt":"2025-12-07T18:15:51","slug":"educacio-musical","status":"publish","type":"page","link":"https:\/\/agora.xtec.cat\/escolapegaso\/projecte-educatiu\/educacio-musical\/","title":{"rendered":"Educaci\u00f3 musical"},"content":{"rendered":"<div class=\"page-header\">\n<p style=\"text-align: justify;\"><span style=\"font-family: inherit; font-size: 1em;\">La m\u00fasica \u00e9s un llenguatge art\u00edstic que permet expressar sentiments, emocions, viv\u00e8ncies i a la vegada \u00e9s una mitja de comunicaci\u00f3 i relaci\u00f3 amb els altres.<\/span><\/p>\n<\/div>\n<div>\n<p style=\"text-align: justify;\">Treballem la m\u00fasica des d&#8217;I3 fins a 6\u00e8 amb la mestra especialista. A l&#8217;educaci\u00f3 infantil les sessions de m\u00fasica s\u00f3n molt vivencials i a partir de prim\u00e0ria es van introduint ja diferents aspectes del llenguatge musical.<\/p>\n<p style=\"text-align: justify;\">Fem servir <strong>la veu<\/strong> i alhora experimentem amb <strong>instruments musicals<\/strong>. A partir de 3r s&#8217;introdueix en llenguatge musical a trav\u00e9s de l&#8217;Ukelele, que \u00e9s un instrument f\u00e0cil de tocar, port\u00e0til, divertit, amb un preu assequible i amb moltes possibilitats. <a href=\"https:\/\/drive.google.com\/file\/d\/1XnvCIaFYexkDlAlkBDt8oH9POJs2rlGX\/view?usp=sharing\" target=\"_blank\" rel=\"noopener noreferrer\">Veure Guia did\u00e0ctica<\/a><\/p>\n<p><a href=\"https:\/\/agora.xtec.cat\/escolapegaso\/wp-content\/uploads\/usu2022\/2025\/12\/ukeleles.jpeg\"><img loading=\"lazy\" decoding=\"async\" class=\"aligncenter wp-image-3959 \" src=\"https:\/\/agora.xtec.cat\/escolapegaso\/wp-content\/uploads\/usu2022\/2025\/12\/ukeleles-1024x408.jpeg\" alt=\"\" width=\"868\" height=\"346\" srcset=\"https:\/\/agora.xtec.cat\/escolapegaso\/wp-content\/uploads\/usu2022\/2025\/12\/ukeleles-1024x408.jpeg 1024w, https:\/\/agora.xtec.cat\/escolapegaso\/wp-content\/uploads\/usu2022\/2025\/12\/ukeleles-300x120.jpeg 300w, https:\/\/agora.xtec.cat\/escolapegaso\/wp-content\/uploads\/usu2022\/2025\/12\/ukeleles-768x306.jpeg 768w, https:\/\/agora.xtec.cat\/escolapegaso\/wp-content\/uploads\/usu2022\/2025\/12\/ukeleles-1536x612.jpeg 1536w, https:\/\/agora.xtec.cat\/escolapegaso\/wp-content\/uploads\/usu2022\/2025\/12\/ukeleles.jpeg 1600w\" sizes=\"auto, (max-width: 868px) 100vw, 868px\" \/><\/a>Amb la m\u00fasica aprenem a gaudir de la veu, dels espectacles musicals, dels sons, treballem el ritme, la dansa, el gest, el moviment, els sons, el cant en grup i comencem a endinsar-nos el m\u00f3n dels grans compositors.<\/p>\n<p style=\"text-align: justify;\">A l&#8217;escola, la m\u00fasica hi \u00e9s present en molts moments:<\/p>\n<ul style=\"text-align: justify;\">\n<li>M\u00fasica de la setmana. Cada setmana es proposa una can\u00e7\u00f3 relacionada amb el tema transversal del curs.<\/li>\n<li>Concert d&#8217;Hivern: Tots els nivells fan un concert obert a les fam\u00edlies.<\/li>\n<li>Dia de la Pau (nens i nenes de 6\u00e8 s\u00f3n els dinamitzadors de la can\u00e7\u00f3 treballada durant la setmana)<\/li>\n<li>Jocs Florals: l&#8217;alumnat voluntari de 3r a 6\u00e8 fa alguna actuaci\u00f3 musical durant l&#8217;acte d&#8217;entrega de premis.<\/li>\n<li>Mostres de fi de curs: Cada cicle realitza una mostra art\u00edstica (m\u00fasica, cant i\/o dansa) en un acte obert a les fam\u00edlies.<\/li>\n<\/ul>\n<p>L&#8217;escola participa en diferents actes organitzats per entitats de la ciutat com s\u00f3n:<\/p>\n<ul style=\"text-align: justify;\">\n<li>Cant\u00e0nia. Activitat participativa de cant. Alumnes de 5\u00e8<\/li>\n<li>Dansa Ara. Activitat participativa de dansa. Alumnes de 2n<\/li>\n<\/ul>\n<p><span style=\"font-size: 16px; text-align: justify;\">Ambdues activitats tenen diferents fases d&#8217;actuaci\u00f3: sessions de formaci\u00f3 amb el professorat, treball del professorat a la seva aula i concerts finals interpretats per l&#8217;alumnat inscrit. Durant tot el curs escolar es treballa tant des de l&#8217;organitzaci\u00f3 com des de l&#8217;escola.<\/span><\/p>\n<p style=\"text-align: justify;\">A m\u00e9s a m\u00e9s tots els cursos assisteixen a espectacles musicals en diverses sales, teatres de la ciutat com s\u00f3n l&#8217;Auditori, Palau de la M\u00fasica, Petit Liceu \/Gran Teatre del Liceu o b\u00e9 tallers al centre, per exemple de percussi\u00f3 africana.<\/p>\n<p>&nbsp;<\/p>\n<\/div>\n","protected":false},"excerpt":{"rendered":"<p>La m\u00fasica \u00e9s un llenguatge art\u00edstic que permet expressar sentiments, emocions, viv\u00e8ncies i a la vegada \u00e9s una mitja de comunicaci\u00f3 i relaci\u00f3 amb els altres. Treballem la m\u00fasica des d&#8217;I3 fins a 6\u00e8 amb la mestra especialista. A l&#8217;educaci\u00f3 infantil les sessions de m\u00fasica s\u00f3n molt vivencials i a partir de prim\u00e0ria es van [&hellip;]<\/p>\n","protected":false},"author":1,"featured_media":0,"parent":64,"menu_order":7,"comment_status":"closed","ping_status":"closed","template":"","meta":{"_bbp_topic_count":0,"_bbp_reply_count":0,"_bbp_total_topic_count":0,"_bbp_total_reply_count":0,"_bbp_voice_count":0,"_bbp_anonymous_reply_count":0,"_bbp_topic_count_hidden":0,"_bbp_reply_count_hidden":0,"_bbp_forum_subforum_count":0,"site-sidebar-layout":"default","site-content-layout":"","ast-site-content-layout":"default","site-content-style":"default","site-sidebar-style":"default","ast-global-header-display":"","ast-banner-title-visibility":"","ast-main-header-display":"","ast-hfb-above-header-display":"","ast-hfb-below-header-display":"","ast-hfb-mobile-header-display":"","site-post-title":"","ast-breadcrumbs-content":"","ast-featured-img":"","footer-sml-layout":"","theme-transparent-header-meta":"default","adv-header-id-meta":"","stick-header-meta":"","header-above-stick-meta":"","header-main-stick-meta":"","header-below-stick-meta":"","astra-migrate-meta-layouts":"set","ast-page-background-enabled":"default","ast-page-background-meta":{"desktop":{"background-color":"var(--ast-global-color-4)","background-image":"","background-repeat":"repeat","background-position":"center center","background-size":"auto","background-attachment":"scroll","background-type":"","background-media":"","overlay-type":"","overlay-color":"","overlay-opacity":"","overlay-gradient":""},"tablet":{"background-color":"","background-image":"","background-repeat":"repeat","background-position":"center center","background-size":"auto","background-attachment":"scroll","background-type":"","background-media":"","overlay-type":"","overlay-color":"","overlay-opacity":"","overlay-gradient":""},"mobile":{"background-color":"","background-image":"","background-repeat":"repeat","background-position":"center center","background-size":"auto","background-attachment":"scroll","background-type":"","background-media":"","overlay-type":"","overlay-color":"","overlay-opacity":"","overlay-gradient":""}},"ast-content-background-meta":{"desktop":{"background-color":"var(--ast-global-color-5)","background-image":"","background-repeat":"repeat","background-position":"center center","background-size":"auto","background-attachment":"scroll","background-type":"","background-media":"","overlay-type":"","overlay-color":"","overlay-opacity":"","overlay-gradient":""},"tablet":{"background-color":"var(--ast-global-color-5)","background-image":"","background-repeat":"repeat","background-position":"center center","background-size":"auto","background-attachment":"scroll","background-type":"","background-media":"","overlay-type":"","overlay-color":"","overlay-opacity":"","overlay-gradient":""},"mobile":{"background-color":"var(--ast-global-color-5)","background-image":"","background-repeat":"repeat","background-position":"center center","background-size":"auto","background-attachment":"scroll","background-type":"","background-media":"","overlay-type":"","overlay-color":"","overlay-opacity":"","overlay-gradient":""}},"footnotes":""},"class_list":["post-518","page","type-page","status-publish","hentry"],"post_mailing_queue_ids":[],"_links":{"self":[{"href":"https:\/\/agora.xtec.cat\/escolapegaso\/wp-json\/wp\/v2\/pages\/518","targetHints":{"allow":["GET"]}}],"collection":[{"href":"https:\/\/agora.xtec.cat\/escolapegaso\/wp-json\/wp\/v2\/pages"}],"about":[{"href":"https:\/\/agora.xtec.cat\/escolapegaso\/wp-json\/wp\/v2\/types\/page"}],"author":[{"embeddable":true,"href":"https:\/\/agora.xtec.cat\/escolapegaso\/wp-json\/wp\/v2\/users\/1"}],"replies":[{"embeddable":true,"href":"https:\/\/agora.xtec.cat\/escolapegaso\/wp-json\/wp\/v2\/comments?post=518"}],"version-history":[{"count":5,"href":"https:\/\/agora.xtec.cat\/escolapegaso\/wp-json\/wp\/v2\/pages\/518\/revisions"}],"predecessor-version":[{"id":3961,"href":"https:\/\/agora.xtec.cat\/escolapegaso\/wp-json\/wp\/v2\/pages\/518\/revisions\/3961"}],"up":[{"embeddable":true,"href":"https:\/\/agora.xtec.cat\/escolapegaso\/wp-json\/wp\/v2\/pages\/64"}],"wp:attachment":[{"href":"https:\/\/agora.xtec.cat\/escolapegaso\/wp-json\/wp\/v2\/media?parent=518"}],"curies":[{"name":"wp","href":"https:\/\/api.w.org\/{rel}","templated":true}]}}