{"id":514,"date":"2019-08-31T12:41:08","date_gmt":"2019-08-31T10:41:08","guid":{"rendered":"https:\/\/agora.xtec.cat\/escolapegaso\/?page_id=514"},"modified":"2025-12-07T19:15:39","modified_gmt":"2025-12-07T18:15:39","slug":"lart-a-lescola","status":"publish","type":"page","link":"https:\/\/agora.xtec.cat\/escolapegaso\/projecte-educatiu\/lart-a-lescola\/","title":{"rendered":"L&#8217;Art a l&#8217;Escola"},"content":{"rendered":"<div class=\"page-header\">\n<p style=\"text-align: justify;\"><span style=\"font-family: inherit; font-size: 1em;\">Fa bastants anys que l&#8217;escola va iniciar <\/span><strong style=\"font-family: inherit; font-size: 1em;\">un projecte art\u00edstic on treballar<\/strong><strong style=\"font-family: inherit; font-size: 1em;\">\u00a0materials i t\u00e8cniques art\u00edstiques i pl\u00e0stiques<\/strong><span style=\"font-family: inherit; font-size: 1em;\"> amb els alumnes d&#8217;una <\/span><strong style=\"font-family: inherit; font-size: 1em;\">manera vivencial<\/strong><span style=\"font-family: inherit; font-size: 1em;\"> i coherent a tota l&#8217;escola. El projecte va portar una formaci\u00f3 de tres anys als mestres i educadors, d&#8217;aprenentatge, de metodologia i programaci\u00f3.<\/span><\/p>\n<\/div>\n<div>\n<p style=\"text-align: justify;\">La programaci\u00f3 de l&#8217;escola contempla la progressi\u00f3 al llarg dels cursos i nivells i en totes\u00a0els\u00a0vessants de l&#8217;art.<\/p>\n<p style=\"text-align: justify;\">Posteriorment, a prim\u00e0ria, es va<strong> integrar la mat\u00e8ria d&#8217;angl\u00e8s amb la pl\u00e0stica<\/strong>, des de tercer de prim\u00e0ria les sessions d&#8217;art es fan en angl\u00e8s.<\/p>\n<p style=\"text-align: justify;\"><span style=\"font-weight: 400;\"><strong>TALLERS I VISITES ART\u00cdSTIQUES<\/strong><\/span><\/p>\n<p style=\"text-align: justify;\"><span style=\"font-weight: 400;\">Dins de les sortides escolars s\u2019inclouen tallers art\u00edstics, visites a museus\u2026 a tots els cursos i tamb\u00e9 s\u2019apropa l\u2019art a l\u2019escola amb la realitzaci\u00f3 de tallers de fang o altres t\u00e8cniques de la m\u00e0 d\u2019experts. L\u2019art \u00e9s un llenguatge i permet expressar-se de moltes maneres.<\/span><\/p>\n<p>&nbsp;<\/p>\n<p style=\"text-align: justify;\"><span style=\"font-weight: 400;\"><strong>EXPERIMENTACI\u00d3 AMB DIFERENTS T\u00c8CNIQUES I MATERIALS<\/strong> a les sessions de pl\u00e0stica \/Art des d&#8217;I3 a 6\u00e8.\u00a0<\/span><\/p>\n<p><a href=\"https:\/\/agora.xtec.cat\/escolapegaso\/wp-content\/uploads\/usu2022\/2020\/03\/resized_PSX_20200228_202954.jpg\"><img loading=\"lazy\" decoding=\"async\" class=\"alignnone size-medium wp-image-1450\" src=\"https:\/\/agora.xtec.cat\/escolapegaso\/wp-content\/uploads\/usu2022\/2020\/03\/resized_PSX_20200228_202954-300x169.jpg\" alt=\"\" width=\"300\" height=\"169\" srcset=\"https:\/\/agora.xtec.cat\/escolapegaso\/wp-content\/uploads\/usu2022\/2020\/03\/resized_PSX_20200228_202954-300x169.jpg 300w, https:\/\/agora.xtec.cat\/escolapegaso\/wp-content\/uploads\/usu2022\/2020\/03\/resized_PSX_20200228_202954-768x432.jpg 768w, https:\/\/agora.xtec.cat\/escolapegaso\/wp-content\/uploads\/usu2022\/2020\/03\/resized_PSX_20200228_202954-1024x576.jpg 1024w\" sizes=\"auto, (max-width: 300px) 100vw, 300px\" \/><\/a> <a href=\"https:\/\/agora.xtec.cat\/escolapegaso\/wp-content\/uploads\/usu2022\/2020\/03\/resized_PSX_20200228_203236.jpg\"><img loading=\"lazy\" decoding=\"async\" class=\"alignnone size-medium wp-image-1454\" src=\"https:\/\/agora.xtec.cat\/escolapegaso\/wp-content\/uploads\/usu2022\/2020\/03\/resized_PSX_20200228_203236-300x169.jpg\" alt=\"\" width=\"300\" height=\"169\" srcset=\"https:\/\/agora.xtec.cat\/escolapegaso\/wp-content\/uploads\/usu2022\/2020\/03\/resized_PSX_20200228_203236-300x169.jpg 300w, https:\/\/agora.xtec.cat\/escolapegaso\/wp-content\/uploads\/usu2022\/2020\/03\/resized_PSX_20200228_203236-768x432.jpg 768w, https:\/\/agora.xtec.cat\/escolapegaso\/wp-content\/uploads\/usu2022\/2020\/03\/resized_PSX_20200228_203236-1024x576.jpg 1024w\" sizes=\"auto, (max-width: 300px) 100vw, 300px\" \/><\/a><\/p>\n<p style=\"text-align: justify;\"><span style=\"font-weight: 400;\"><strong>L&#8217;ART AMB LA MIRADA DELS ARTISTES<\/strong><\/span><\/p>\n<p style=\"text-align: justify;\"><span style=\"font-weight: 400;\">Cada curs treballa un artista diferent (pintor\/escultor) i a trav\u00e9s d\u2019aquest es treballen els continguts del curr\u00edculum.<\/span><\/p>\n<p><a href=\"https:\/\/agora.xtec.cat\/escolapegaso\/wp-content\/uploads\/usu2022\/2020\/03\/resized_20191120_165728.jpg\"><img loading=\"lazy\" decoding=\"async\" class=\"alignnone size-medium wp-image-1421\" src=\"https:\/\/agora.xtec.cat\/escolapegaso\/wp-content\/uploads\/usu2022\/2020\/03\/resized_20191120_165728-300x225.jpg\" alt=\"\" width=\"300\" height=\"225\" srcset=\"https:\/\/agora.xtec.cat\/escolapegaso\/wp-content\/uploads\/usu2022\/2020\/03\/resized_20191120_165728-300x225.jpg 300w, https:\/\/agora.xtec.cat\/escolapegaso\/wp-content\/uploads\/usu2022\/2020\/03\/resized_20191120_165728-768x576.jpg 768w, https:\/\/agora.xtec.cat\/escolapegaso\/wp-content\/uploads\/usu2022\/2020\/03\/resized_20191120_165728-1024x768.jpg 1024w, https:\/\/agora.xtec.cat\/escolapegaso\/wp-content\/uploads\/usu2022\/2020\/03\/resized_20191120_165728-200x150.jpg 200w, https:\/\/agora.xtec.cat\/escolapegaso\/wp-content\/uploads\/usu2022\/2020\/03\/resized_20191120_165728.jpg 2048w\" sizes=\"auto, (max-width: 300px) 100vw, 300px\" \/><\/a><\/p>\n<\/div>\n","protected":false},"excerpt":{"rendered":"<p>Fa bastants anys que l&#8217;escola va iniciar un projecte art\u00edstic on treballar\u00a0materials i t\u00e8cniques art\u00edstiques i pl\u00e0stiques amb els alumnes d&#8217;una manera vivencial i coherent a tota l&#8217;escola. El projecte va portar una formaci\u00f3 de tres anys als mestres i educadors, d&#8217;aprenentatge, de metodologia i programaci\u00f3. La programaci\u00f3 de l&#8217;escola contempla la progressi\u00f3 al llarg [&hellip;]<\/p>\n","protected":false},"author":1,"featured_media":0,"parent":64,"menu_order":6,"comment_status":"closed","ping_status":"closed","template":"","meta":{"_bbp_topic_count":0,"_bbp_reply_count":0,"_bbp_total_topic_count":0,"_bbp_total_reply_count":0,"_bbp_voice_count":0,"_bbp_anonymous_reply_count":0,"_bbp_topic_count_hidden":0,"_bbp_reply_count_hidden":0,"_bbp_forum_subforum_count":0,"site-sidebar-layout":"default","site-content-layout":"","ast-site-content-layout":"default","site-content-style":"default","site-sidebar-style":"default","ast-global-header-display":"","ast-banner-title-visibility":"","ast-main-header-display":"","ast-hfb-above-header-display":"","ast-hfb-below-header-display":"","ast-hfb-mobile-header-display":"","site-post-title":"","ast-breadcrumbs-content":"","ast-featured-img":"","footer-sml-layout":"","theme-transparent-header-meta":"default","adv-header-id-meta":"","stick-header-meta":"","header-above-stick-meta":"","header-main-stick-meta":"","header-below-stick-meta":"","astra-migrate-meta-layouts":"set","ast-page-background-enabled":"default","ast-page-background-meta":{"desktop":{"background-color":"var(--ast-global-color-4)","background-image":"","background-repeat":"repeat","background-position":"center center","background-size":"auto","background-attachment":"scroll","background-type":"","background-media":"","overlay-type":"","overlay-color":"","overlay-opacity":"","overlay-gradient":""},"tablet":{"background-color":"","background-image":"","background-repeat":"repeat","background-position":"center center","background-size":"auto","background-attachment":"scroll","background-type":"","background-media":"","overlay-type":"","overlay-color":"","overlay-opacity":"","overlay-gradient":""},"mobile":{"background-color":"","background-image":"","background-repeat":"repeat","background-position":"center center","background-size":"auto","background-attachment":"scroll","background-type":"","background-media":"","overlay-type":"","overlay-color":"","overlay-opacity":"","overlay-gradient":""}},"ast-content-background-meta":{"desktop":{"background-color":"var(--ast-global-color-5)","background-image":"","background-repeat":"repeat","background-position":"center center","background-size":"auto","background-attachment":"scroll","background-type":"","background-media":"","overlay-type":"","overlay-color":"","overlay-opacity":"","overlay-gradient":""},"tablet":{"background-color":"var(--ast-global-color-5)","background-image":"","background-repeat":"repeat","background-position":"center center","background-size":"auto","background-attachment":"scroll","background-type":"","background-media":"","overlay-type":"","overlay-color":"","overlay-opacity":"","overlay-gradient":""},"mobile":{"background-color":"var(--ast-global-color-5)","background-image":"","background-repeat":"repeat","background-position":"center center","background-size":"auto","background-attachment":"scroll","background-type":"","background-media":"","overlay-type":"","overlay-color":"","overlay-opacity":"","overlay-gradient":""}},"footnotes":""},"class_list":["post-514","page","type-page","status-publish","hentry"],"post_mailing_queue_ids":[],"_links":{"self":[{"href":"https:\/\/agora.xtec.cat\/escolapegaso\/wp-json\/wp\/v2\/pages\/514","targetHints":{"allow":["GET"]}}],"collection":[{"href":"https:\/\/agora.xtec.cat\/escolapegaso\/wp-json\/wp\/v2\/pages"}],"about":[{"href":"https:\/\/agora.xtec.cat\/escolapegaso\/wp-json\/wp\/v2\/types\/page"}],"author":[{"embeddable":true,"href":"https:\/\/agora.xtec.cat\/escolapegaso\/wp-json\/wp\/v2\/users\/1"}],"replies":[{"embeddable":true,"href":"https:\/\/agora.xtec.cat\/escolapegaso\/wp-json\/wp\/v2\/comments?post=514"}],"version-history":[{"count":4,"href":"https:\/\/agora.xtec.cat\/escolapegaso\/wp-json\/wp\/v2\/pages\/514\/revisions"}],"predecessor-version":[{"id":3958,"href":"https:\/\/agora.xtec.cat\/escolapegaso\/wp-json\/wp\/v2\/pages\/514\/revisions\/3958"}],"up":[{"embeddable":true,"href":"https:\/\/agora.xtec.cat\/escolapegaso\/wp-json\/wp\/v2\/pages\/64"}],"wp:attachment":[{"href":"https:\/\/agora.xtec.cat\/escolapegaso\/wp-json\/wp\/v2\/media?parent=514"}],"curies":[{"name":"wp","href":"https:\/\/api.w.org\/{rel}","templated":true}]}}