{"id":482,"date":"2019-07-19T11:37:30","date_gmt":"2019-07-19T09:37:30","guid":{"rendered":"https:\/\/agora.xtec.cat\/escolapegaso\/?page_id=482"},"modified":"2025-12-07T19:13:03","modified_gmt":"2025-12-07T18:13:03","slug":"qui-som","status":"publish","type":"page","link":"https:\/\/agora.xtec.cat\/escolapegaso\/lescola\/qui-som\/","title":{"rendered":"Qui som?"},"content":{"rendered":"<p>L&#8217;escola, com b\u00e9 molts sabeu, t\u00e9 el nom de la f\u00e0brica de camions Pegaso, que estava en els terrenys on ara ens trobem.<\/p>\n<p>Va n\u00e9ixer de la lluita i la reivindicaci\u00f3 popular dels barris de Sant Andreu i la Sagrera, al voltant del 1970. Que tenia necessitat d&#8217;escoles p\u00fabliques pels seus infants.<\/p>\n<p><a href=\"https:\/\/agora.xtec.cat\/escolapegaso\/wp-content\/uploads\/usu2022\/2020\/01\/1.1.1.1.historia-3.jpg\"><img loading=\"lazy\" decoding=\"async\" class=\"alignnone size-large wp-image-1004\" src=\"https:\/\/agora.xtec.cat\/escolapegaso\/wp-content\/uploads\/usu2022\/2020\/01\/1.1.1.1.historia-3-723x1024.jpg\" alt=\"\" width=\"723\" height=\"1024\" srcset=\"https:\/\/agora.xtec.cat\/escolapegaso\/wp-content\/uploads\/usu2022\/2020\/01\/1.1.1.1.historia-3-723x1024.jpg 723w, https:\/\/agora.xtec.cat\/escolapegaso\/wp-content\/uploads\/usu2022\/2020\/01\/1.1.1.1.historia-3-212x300.jpg 212w, https:\/\/agora.xtec.cat\/escolapegaso\/wp-content\/uploads\/usu2022\/2020\/01\/1.1.1.1.historia-3-768x1087.jpg 768w, https:\/\/agora.xtec.cat\/escolapegaso\/wp-content\/uploads\/usu2022\/2020\/01\/1.1.1.1.historia-3.jpg 1012w\" sizes=\"auto, (max-width: 723px) 100vw, 723px\" \/><\/a><\/p>\n<p>Van lluitar dia rere l&#8217;altre per aconseguir una escola digne i una pla\u00e7a p\u00fablica escolar per als seus fill\/es.<\/p>\n<p>L&#8217;ajuntament comen\u00e7\u00e0 el 1975 la construcci\u00f3 de l&#8217;escola per la pressi\u00f3 de les Associacions de Ve\u00efns i altres institucions populars.<\/p>\n<p>Una escola que des de l&#8217;inici va n\u00e9ixer amb voluntat d&#8217;un ensenyament de qualitat, diferent del que era habitual a l&#8217;\u00e8poca.<\/p>\n<p>Aix\u00ed va n\u00e9ixer una gran escola que al llarg de la seva historia i amb els anys ha anat canviant de format i d&#8217;alumnes, fins hi tot part de l&#8217;edifici s&#8217;ha convertit en Institut d&#8217;educaci\u00f3 secund\u00e0ria.<\/p>\n<p>La Pegaso \u00e9s una escola de les anomenades \u00abEscoles en lluita\u00bb que va haver-hi a Catalunya els anys 70 i 80,com a reivindicaci\u00f3 de places p\u00fabliques d&#8217;ensenyament i per aconseguir una \u00abEscola P\u00fablica i de Qualitat\u00bb. Tota una lluita, fruit de les necessitats d&#8217;una renovaci\u00f3 pedag\u00f2gica per millorar l&#8217;ensenyament en general i sobretot l&#8217;ensenyament p\u00fablic, i tamb\u00e9 un programa d&#8217;immersi\u00f3 a la llengua catalana,innovador a l&#8217; \u00e8poca.<\/p>\n<p>Va ser una escola que va n\u00e9ixer i cr\u00e9ixer del treball i la implicaci\u00f3 d&#8217;uns mestres interins i uns pares que hi van dedicar moltes hores, esfor\u00e7 i treball.<\/p>\n<p>L&#8217;escola s&#8217;inaugur\u00e0 el curs 1977\/78.<\/p>\n<p><a href=\"https:\/\/agora.xtec.cat\/escolapegaso\/wp-content\/uploads\/usu2022\/2020\/01\/1.1.1.2.historia-2.jpg\"><img loading=\"lazy\" decoding=\"async\" class=\"alignnone size-full wp-image-1000\" src=\"https:\/\/agora.xtec.cat\/escolapegaso\/wp-content\/uploads\/usu2022\/2020\/01\/1.1.1.2.historia-2.jpg\" alt=\"\" width=\"800\" height=\"600\" srcset=\"https:\/\/agora.xtec.cat\/escolapegaso\/wp-content\/uploads\/usu2022\/2020\/01\/1.1.1.2.historia-2.jpg 800w, https:\/\/agora.xtec.cat\/escolapegaso\/wp-content\/uploads\/usu2022\/2020\/01\/1.1.1.2.historia-2-300x225.jpg 300w, https:\/\/agora.xtec.cat\/escolapegaso\/wp-content\/uploads\/usu2022\/2020\/01\/1.1.1.2.historia-2-768x576.jpg 768w, https:\/\/agora.xtec.cat\/escolapegaso\/wp-content\/uploads\/usu2022\/2020\/01\/1.1.1.2.historia-2-200x150.jpg 200w\" sizes=\"auto, (max-width: 800px) 100vw, 800px\" \/><\/a><\/p>\n<p>Era probablement la m\u00e9s gran de Barcelona, ja que constava de sis l\u00ednies.<\/p>\n<p>Aviat es va fer evident que una escola tan gran era dif\u00edcil de gestionar i coordinar,per tant dos cursos m\u00e9s tard es va prendre la decisi\u00f3 de crear quatre escoles independents, tot i que s&#8217;havien de compartir espais (patis, menjadors, sales, etc.) i coordinar-ho tot per un munt de q\u00fcestions pr\u00e0ctiques.<\/p>\n<p>M\u00e9s endavant, amb la baixa de la natalitat i les noves necessitats que implicava el nou sistema educatiu, es va acordar que partint de les quatre escoles se&#8217;n formessin tres i es va donar pas a la creaci\u00f3 d&#8217;una extensi\u00f3 del batxillerat al mateix edifici al setembre de 1990.<\/p>\n<p>Finalment, despr\u00e9s de diversos processos de reestructuraci\u00f3, en el curs 1997\/98 es va crear l&#8217;escola en el format de tres l\u00ednies, des de P3 fins a 6\u00e8 curs, \u00e9s a dir, amb 27 tutories.<\/p>\n<p><a href=\"https:\/\/agora.xtec.cat\/escolapegaso\/wp-content\/uploads\/usu2022\/2020\/01\/1.1.1.3.historia-escola1.jpg\"><img loading=\"lazy\" decoding=\"async\" class=\"alignnone size-full wp-image-1001\" src=\"https:\/\/agora.xtec.cat\/escolapegaso\/wp-content\/uploads\/usu2022\/2020\/01\/1.1.1.3.historia-escola1.jpg\" alt=\"\" width=\"800\" height=\"600\" srcset=\"https:\/\/agora.xtec.cat\/escolapegaso\/wp-content\/uploads\/usu2022\/2020\/01\/1.1.1.3.historia-escola1.jpg 800w, https:\/\/agora.xtec.cat\/escolapegaso\/wp-content\/uploads\/usu2022\/2020\/01\/1.1.1.3.historia-escola1-300x225.jpg 300w, https:\/\/agora.xtec.cat\/escolapegaso\/wp-content\/uploads\/usu2022\/2020\/01\/1.1.1.3.historia-escola1-768x576.jpg 768w, https:\/\/agora.xtec.cat\/escolapegaso\/wp-content\/uploads\/usu2022\/2020\/01\/1.1.1.3.historia-escola1-200x150.jpg 200w\" sizes=\"auto, (max-width: 800px) 100vw, 800px\" \/><\/a><\/p>\n<p>Des del curs 2012-2013 l&#8217;escola va comen\u00e7ar a tenir dues l\u00ednies a partir de P3 fins .<\/p>\n<p>L&#8217;educaci\u00f3 prim\u00e0ria ocupa dos blocs de l&#8217;edificaci\u00f3 , els altres dos s\u00f3n l&#8217;Institut Pr\u00edncep de Viana amb qui compartim espais i gran part dels alumnes.<\/p>\n<div class=\"ast-oembed-container \" style=\"height: 100%;\"><iframe loading=\"lazy\" title=\"Escola Pegaso. hist\u00f2ria d&#039;una lluita\" width=\"500\" height=\"375\" src=\"https:\/\/www.youtube.com\/embed\/2py2OaX-0Vo?feature=oembed\" frameborder=\"0\" allow=\"accelerometer; autoplay; clipboard-write; encrypted-media; gyroscope; picture-in-picture; web-share\" referrerpolicy=\"strict-origin-when-cross-origin\" allowfullscreen><\/iframe><\/div>\n<p>&nbsp;<\/p>\n","protected":false},"excerpt":{"rendered":"<p>L&#8217;escola, com b\u00e9 molts sabeu, t\u00e9 el nom de la f\u00e0brica de camions Pegaso, que estava en els terrenys on ara ens trobem. Va n\u00e9ixer de la lluita i la reivindicaci\u00f3 popular dels barris de Sant Andreu i la Sagrera, al voltant del 1970. Que tenia necessitat d&#8217;escoles p\u00fabliques pels seus infants. Van lluitar dia [&hellip;]<\/p>\n","protected":false},"author":1,"featured_media":0,"parent":22,"menu_order":0,"comment_status":"closed","ping_status":"closed","template":"","meta":{"_bbp_topic_count":0,"_bbp_reply_count":0,"_bbp_total_topic_count":0,"_bbp_total_reply_count":0,"_bbp_voice_count":0,"_bbp_anonymous_reply_count":0,"_bbp_topic_count_hidden":0,"_bbp_reply_count_hidden":0,"_bbp_forum_subforum_count":0,"site-sidebar-layout":"default","site-content-layout":"","ast-site-content-layout":"default","site-content-style":"default","site-sidebar-style":"default","ast-global-header-display":"","ast-banner-title-visibility":"","ast-main-header-display":"","ast-hfb-above-header-display":"","ast-hfb-below-header-display":"","ast-hfb-mobile-header-display":"","site-post-title":"","ast-breadcrumbs-content":"","ast-featured-img":"","footer-sml-layout":"","theme-transparent-header-meta":"default","adv-header-id-meta":"","stick-header-meta":"","header-above-stick-meta":"","header-main-stick-meta":"","header-below-stick-meta":"","astra-migrate-meta-layouts":"set","ast-page-background-enabled":"default","ast-page-background-meta":{"desktop":{"background-color":"var(--ast-global-color-4)","background-image":"","background-repeat":"repeat","background-position":"center center","background-size":"auto","background-attachment":"scroll","background-type":"","background-media":"","overlay-type":"","overlay-color":"","overlay-opacity":"","overlay-gradient":""},"tablet":{"background-color":"","background-image":"","background-repeat":"repeat","background-position":"center center","background-size":"auto","background-attachment":"scroll","background-type":"","background-media":"","overlay-type":"","overlay-color":"","overlay-opacity":"","overlay-gradient":""},"mobile":{"background-color":"","background-image":"","background-repeat":"repeat","background-position":"center center","background-size":"auto","background-attachment":"scroll","background-type":"","background-media":"","overlay-type":"","overlay-color":"","overlay-opacity":"","overlay-gradient":""}},"ast-content-background-meta":{"desktop":{"background-color":"var(--ast-global-color-5)","background-image":"","background-repeat":"repeat","background-position":"center center","background-size":"auto","background-attachment":"scroll","background-type":"","background-media":"","overlay-type":"","overlay-color":"","overlay-opacity":"","overlay-gradient":""},"tablet":{"background-color":"var(--ast-global-color-5)","background-image":"","background-repeat":"repeat","background-position":"center center","background-size":"auto","background-attachment":"scroll","background-type":"","background-media":"","overlay-type":"","overlay-color":"","overlay-opacity":"","overlay-gradient":""},"mobile":{"background-color":"var(--ast-global-color-5)","background-image":"","background-repeat":"repeat","background-position":"center center","background-size":"auto","background-attachment":"scroll","background-type":"","background-media":"","overlay-type":"","overlay-color":"","overlay-opacity":"","overlay-gradient":""}},"footnotes":""},"class_list":["post-482","page","type-page","status-publish","hentry"],"post_mailing_queue_ids":[],"_links":{"self":[{"href":"https:\/\/agora.xtec.cat\/escolapegaso\/wp-json\/wp\/v2\/pages\/482","targetHints":{"allow":["GET"]}}],"collection":[{"href":"https:\/\/agora.xtec.cat\/escolapegaso\/wp-json\/wp\/v2\/pages"}],"about":[{"href":"https:\/\/agora.xtec.cat\/escolapegaso\/wp-json\/wp\/v2\/types\/page"}],"author":[{"embeddable":true,"href":"https:\/\/agora.xtec.cat\/escolapegaso\/wp-json\/wp\/v2\/users\/1"}],"replies":[{"embeddable":true,"href":"https:\/\/agora.xtec.cat\/escolapegaso\/wp-json\/wp\/v2\/comments?post=482"}],"version-history":[{"count":3,"href":"https:\/\/agora.xtec.cat\/escolapegaso\/wp-json\/wp\/v2\/pages\/482\/revisions"}],"predecessor-version":[{"id":1367,"href":"https:\/\/agora.xtec.cat\/escolapegaso\/wp-json\/wp\/v2\/pages\/482\/revisions\/1367"}],"up":[{"embeddable":true,"href":"https:\/\/agora.xtec.cat\/escolapegaso\/wp-json\/wp\/v2\/pages\/22"}],"wp:attachment":[{"href":"https:\/\/agora.xtec.cat\/escolapegaso\/wp-json\/wp\/v2\/media?parent=482"}],"curies":[{"name":"wp","href":"https:\/\/api.w.org\/{rel}","templated":true}]}}