{"id":633,"date":"2020-02-20T09:56:36","date_gmt":"2020-02-20T08:56:36","guid":{"rendered":"https:\/\/agora.xtec.cat\/escolapauvila\/?page_id=633"},"modified":"2024-03-19T13:55:49","modified_gmt":"2024-03-19T12:55:49","slug":"relacio-familia-escola","status":"publish","type":"page","link":"https:\/\/agora.xtec.cat\/escolapauvila\/families\/relacio-familia-escola\/","title":{"rendered":"Relaci\u00f3 fam\u00edlia-escola"},"content":{"rendered":"<p><span style=\"font-weight: 400;\">A l\u2019etapa d\u2019Educaci\u00f3 Infantil i Prim\u00e0ria la relaci\u00f3 di\u00e0ria i fluida amb\u00a0 les fam\u00edlies es considera a l\u2019escola un valor afegit.\u00a0<\/span><\/p>\n<p><span style=\"font-weight: 400;\">En els cursos de les comunitats dels petits les fam\u00edlies <\/span><b>recullen <\/b><span style=\"font-weight: 400;\">els alumnes a l\u2019aula di\u00e0riament. En el cas del primer curs a l\u2019escola (I3) tamb\u00e9 els acompanyen <\/span><span style=\"font-family: inherit; font-size: 1em;\">al mat\u00ed a l\u2019aula, i durant el primer mes poden entrar dins la classe per facilitar el proc\u00e9s d\u2019adaptaci\u00f3 dels infants.\u00a0<\/span><\/p>\n<p><span style=\"font-weight: 400;\"><a href=\"https:\/\/agora.xtec.cat\/escolapauvila\/wp-content\/uploads\/usu1565\/2024\/03\/escola-i-familia.png\"><img loading=\"lazy\" decoding=\"async\" class=\"alignleft wp-image-10567 size-medium\" src=\"https:\/\/agora.xtec.cat\/escolapauvila\/wp-content\/uploads\/usu1565\/2024\/03\/escola-i-familia-300x169.png\" alt=\"\" width=\"300\" height=\"169\" srcset=\"https:\/\/agora.xtec.cat\/escolapauvila\/wp-content\/uploads\/usu1565\/2024\/03\/escola-i-familia-300x169.png 300w, https:\/\/agora.xtec.cat\/escolapauvila\/wp-content\/uploads\/usu1565\/2024\/03\/escola-i-familia-1024x576.png 1024w, https:\/\/agora.xtec.cat\/escolapauvila\/wp-content\/uploads\/usu1565\/2024\/03\/escola-i-familia-768x432.png 768w, https:\/\/agora.xtec.cat\/escolapauvila\/wp-content\/uploads\/usu1565\/2024\/03\/escola-i-familia.png 1280w\" sizes=\"auto, (max-width: 300px) 100vw, 300px\" \/><\/a>Tots els alumnes disposen d\u2019una <\/span><b>agenda <\/b><span style=\"font-weight: 400;\">per afavorir i potenciar la com<\/span><span style=\"font-weight: 400;\">unicaci\u00f3<\/span><span style=\"font-family: inherit; font-size: 1em;\"> entre la fam\u00edlia i l\u2019escola. Els\u00a0 alumnes\u00a0 de\u00a0 la Comunitat\u00a0 dels\u00a0 Petits\u00a0 i\u00a0 els\u00a0 dos\u00a0 primers cursos de la Comunitat dels Mitjans fan servir una agenda elaborada per persones amb diversitat funcional. Aquesta ha estat\u00a0 creada per posar en valor\u00a0 la\u00a0 diversitat\u00a0 des de\u00a0 la\u00a0 perspectiva\u00a0 de\u00a0 contemplar les possibilitats creatives i d\u2019acci\u00f3 de les persones amb discapacitat.\u00a0\u00a0<\/span><\/p>\n<p><span style=\"font-weight: 400;\">L&#8217;alumnat de 3r fins a 6\u00e8\u00a0 disposen\u00a0 d\u2019una agenda amb eines de coach educatiu, que ajuda\u00a0 a\u00a0 treballar\u00a0 les emocions, la cohesi\u00f3\u00a0 de\u00a0 grup i els valors. \u00c9s\u00a0 important\u00a0 d\u2019aprofitar-la i tenir-la present al llarg del curs tant des del punt de vista organitzatiu com pels recursos que la pr\u00f2pia agenda ofereix.\u00a0\u00a0<\/span><\/p>\n<p><span style=\"font-weight: 400;\">A\u00a0 part,\u00a0 utilitzem\u00a0 el\u00a0 <\/span><b>correu\u00a0 electr\u00f2nic <\/b><span style=\"font-weight: 400;\">i\u00a0 les <\/span><b>circulars <\/b><span style=\"font-weight: 400;\">informatives\u00a0 per\u00a0 compartir\u00a0 amb\u00a0 les\u00a0 fam\u00edlies les activitats i informacions del centre. Les circulars acostumen a enviar-se per correu exceptuant aquelles fam\u00edlies que no en disposen\u00a0 i els les facilitem en format paper.\u00a0\u00a0<\/span><\/p>\n<p><span style=\"font-weight: 400;\">Altrament, s\u2019organitza una <\/span><b>Assemblea d\u2019inici de curs<\/b><b>\u00a0<\/b><span style=\"font-weight: 400;\">i\u00a0 <\/span><b>reunions\u00a0 de\u00a0 comunitats\u00a0 o\u00a0 nivell <\/b><span style=\"font-weight: 400;\">amb\u00a0 les\u00a0 fam\u00edlies,\u00a0 aix\u00ed\u00a0 com\u00a0 <\/span><b>entrevistes <\/b><span style=\"font-weight: 400;\">personalitzades\u00a0 per\u00a0 informar\u00a0 del\u00a0 proc\u00e9s\u00a0 individual\u00a0 de\u00a0 cada\u00a0 infant.\u00a0 S&#8217;acorda\u00a0 amb les\u00a0 fam\u00edlies estrat\u00e8gies\u00a0 d\u2019atenci\u00f3 als infants. Tal com marca la llei, cal fer\u00a0 un m\u00ednim\u00a0 d\u2019una\u00a0 entrevista\u00a0 per\u00a0 alumne\u00a0 al\u00a0 curs\u00a0 i\u00a0 totes\u00a0 aquelles\u00a0 que\u00a0 siguin necess\u00e0ries. Podeu consultar\u00a0 al\u00a0 calendari els actes en comunitat que formen part de la Programaci\u00f3 Anual del Centre, als quals podreu d\u2019assistir.\u00a0<\/span><\/p>\n<p><span style=\"font-weight: 400;\">A l\u2019escola, creiem fermament en la necessitat de fomentar el vincle entre el personal del centre i les fam\u00edlies. Per aquest motiu, s\u2019organitzen activitats tant dins com fora de l\u2019horari lectiu.\u00a0<\/span><\/p>\n<p><span style=\"font-weight: 400;\">Convidem a les fam\u00edlies a:\u00a0<\/span><\/p>\n<p><strong>COMUNITAT DE PETITS:<\/strong><\/p>\n<ul>\n<li>Sortides en fam\u00edlia, en qu\u00e8 podeu entrar a l&#8217;aula l&#8217;\u00faltima estona de la tarda.<\/li>\n<li><span style=\"font-weight: 400;\">Pres\u00e8ncia com a \u201cexperts i expertes\u201d en temes diversos al llarg del curs.<\/span><\/li>\n<li>Col\u00b7laboraci\u00f3 dins l&#8217;aula duent a terme alguna activitat o en els racons.<\/li>\n<\/ul>\n<p><strong>COMUNITAT DE MITJANS:<\/strong><\/p>\n<ul>\n<li>Compartir les tardes dels divendres en fam\u00edlia de 16 a 16:25.<\/li>\n<li><span style=\"font-weight: 400;\">Pres\u00e8ncia com a \u201cexperts i expertes\u201d en temes diversos al llarg del curs.<\/span><\/li>\n<\/ul>\n<p><strong>COMUNITAT DE GRANS:<\/strong><\/p>\n<ul>\n<li><span style=\"font-weight: 400;\">Pres\u00e8ncia com a \u201cexperts i expertes\u201d en temes diversos al llarg del curs.<\/span><\/li>\n<\/ul>\n<p><strong>COMUNITAT EDUCATIVA:<\/strong><\/p>\n<ul>\n<li><span style=\"font-weight: 400;\">Assist\u00e8ncia i participaci\u00f3 en Festes i celebracions de l&#8217;escola com ara l\u2019Assemblea d\u2019inici de curs, Xocolatada, Rua de carnaval o la Mostra de la Primavera.<\/span><\/li>\n<li><span style=\"font-family: inherit; font-size: 1em;\">Participaci\u00f3 en els tallers d\u2019elaboraci\u00f3 de disfresses de carnestoltes.<\/span><\/li>\n<li>Acompanyament a les sortides locals.<\/li>\n<\/ul>\n<p>&nbsp;<\/p>\n","protected":false},"excerpt":{"rendered":"<p>A l\u2019etapa d\u2019Educaci\u00f3 Infantil i Prim\u00e0ria la relaci\u00f3 di\u00e0ria i fluida amb\u00a0 les fam\u00edlies es considera a l\u2019escola un valor afegit.\u00a0<br \/>\nEn els cursos de les comunitats dels petits les fam\u00edlies recullen els alumnes a l\u2019aula di\u00e0riament. En el cas del primer curs a l\u2019escola (I3)&hellip;  <a href=\"https:\/\/agora.xtec.cat\/escolapauvila\/families\/relacio-familia-escola\/\" title=\"Read Relaci\u00f3 fam\u00edlia-escola\">Llegeix m\u00e9s\u00bb<\/a><\/p>\n","protected":false},"author":1,"featured_media":0,"parent":66,"menu_order":0,"comment_status":"closed","ping_status":"closed","template":"","meta":{"_bbp_topic_count":0,"_bbp_reply_count":0,"_bbp_total_topic_count":0,"_bbp_total_reply_count":0,"_bbp_voice_count":0,"_bbp_anonymous_reply_count":0,"_bbp_topic_count_hidden":0,"_bbp_reply_count_hidden":0,"_bbp_forum_subforum_count":0,"footnotes":""},"class_list":["post-633","page","type-page","status-publish","hentry"],"post_mailing_queue_ids":[],"_links":{"self":[{"href":"https:\/\/agora.xtec.cat\/escolapauvila\/wp-json\/wp\/v2\/pages\/633","targetHints":{"allow":["GET"]}}],"collection":[{"href":"https:\/\/agora.xtec.cat\/escolapauvila\/wp-json\/wp\/v2\/pages"}],"about":[{"href":"https:\/\/agora.xtec.cat\/escolapauvila\/wp-json\/wp\/v2\/types\/page"}],"author":[{"embeddable":true,"href":"https:\/\/agora.xtec.cat\/escolapauvila\/wp-json\/wp\/v2\/users\/1"}],"replies":[{"embeddable":true,"href":"https:\/\/agora.xtec.cat\/escolapauvila\/wp-json\/wp\/v2\/comments?post=633"}],"version-history":[{"count":7,"href":"https:\/\/agora.xtec.cat\/escolapauvila\/wp-json\/wp\/v2\/pages\/633\/revisions"}],"predecessor-version":[{"id":10569,"href":"https:\/\/agora.xtec.cat\/escolapauvila\/wp-json\/wp\/v2\/pages\/633\/revisions\/10569"}],"up":[{"embeddable":true,"href":"https:\/\/agora.xtec.cat\/escolapauvila\/wp-json\/wp\/v2\/pages\/66"}],"wp:attachment":[{"href":"https:\/\/agora.xtec.cat\/escolapauvila\/wp-json\/wp\/v2\/media?parent=633"}],"curies":[{"name":"wp","href":"https:\/\/api.w.org\/{rel}","templated":true}]}}