{"id":613,"date":"2020-02-20T09:49:46","date_gmt":"2020-02-20T08:49:46","guid":{"rendered":"https:\/\/agora.xtec.cat\/escolapauvila\/?page_id=613"},"modified":"2022-12-15T13:49:20","modified_gmt":"2022-12-15T12:49:20","slug":"tac","status":"publish","type":"page","link":"https:\/\/agora.xtec.cat\/escolapauvila\/projecte-educatiu\/tac\/","title":{"rendered":"Cultura Digital"},"content":{"rendered":"<p>Al Pau Vila entenem les Tecnologies d&#8217;Aprenentatge i Coneixement (TAC) com una eina al servei de la millora dels processos d&#8217;ensenyament-aprenentatge. El nostre objectiu no \u00e9s nom\u00e9s ensenyar a utilitzar la tecnologia, si no amb la tecnologia.<\/p>\n<p>\u00c9s per aix\u00f2 que, en els darrers cursos, estem transformant aquesta visi\u00f3 al centre. Hem dotat a totes les aules d&#8217;un &#8220;espai TAC&#8221;, on els i les alumnes disposen d&#8217;ordinadors i\/o port\u00e0tils. Tamb\u00e9 s&#8217;ha fet una gran inversi\u00f3 en Pantalles Interactives, tant dins les aules com m\u00f2bils, que podem utilitzar en diferents espais. Comptem tamb\u00e9 amb tauletes digitals, molt utilitzades tant en els treballs per racons com en d&#8217;altres situacions d&#8217;aula.<\/p>\n<p>Pel que fa als espais destinats a l&#8217;\u00fas de les TAC, comptem amb una aula d&#8217;inform\u00e0tica i un espai audiovisual, amb diferents pantalles de croma per fer enregistraments i fotografies.<\/p>\n<p>Des de fa uns anys l&#8217;alumnat de 5\u00e8 i 6\u00e8 disposa d&#8217;ordinadors port\u00e0tils personals que han sigut cedits pel Departament d&#8217;Educaci\u00f3.<\/p>\n<table style=\"height: 297px; width: 1263px;\">\n<tbody>\n<tr style=\"height: 266px;\">\n<td style=\"height: 266px; width: 312px;\"><a href=\"https:\/\/agora.xtec.cat\/escolapauvila\/wp-content\/uploads\/usu1565\/2020\/03\/pdi.jpg\"><br \/>\n<img loading=\"lazy\" decoding=\"async\" class=\"wp-image-831 alignright\" src=\"https:\/\/agora.xtec.cat\/escolapauvila\/wp-content\/uploads\/usu1565\/2020\/03\/pdi.jpg\" alt=\"\" width=\"295\" height=\"221\" srcset=\"https:\/\/agora.xtec.cat\/escolapauvila\/wp-content\/uploads\/usu1565\/2020\/03\/pdi.jpg 948w, https:\/\/agora.xtec.cat\/escolapauvila\/wp-content\/uploads\/usu1565\/2020\/03\/pdi-300x225.jpg 300w, https:\/\/agora.xtec.cat\/escolapauvila\/wp-content\/uploads\/usu1565\/2020\/03\/pdi-768x576.jpg 768w, https:\/\/agora.xtec.cat\/escolapauvila\/wp-content\/uploads\/usu1565\/2020\/03\/pdi-200x150.jpg 200w\" sizes=\"auto, (max-width: 295px) 100vw, 295px\" \/><\/a><\/td>\n<td style=\"width: 313px; height: 266px;\"><a href=\"https:\/\/agora.xtec.cat\/escolapauvila\/wp-content\/uploads\/usu1565\/2020\/03\/pdi2.jpg\"><img loading=\"lazy\" decoding=\"async\" class=\"alignnone size-full wp-image-832\" src=\"https:\/\/agora.xtec.cat\/escolapauvila\/wp-content\/uploads\/usu1565\/2020\/03\/pdi2.jpg\" alt=\"\" width=\"883\" height=\"662\" srcset=\"https:\/\/agora.xtec.cat\/escolapauvila\/wp-content\/uploads\/usu1565\/2020\/03\/pdi2.jpg 883w, https:\/\/agora.xtec.cat\/escolapauvila\/wp-content\/uploads\/usu1565\/2020\/03\/pdi2-300x225.jpg 300w, https:\/\/agora.xtec.cat\/escolapauvila\/wp-content\/uploads\/usu1565\/2020\/03\/pdi2-768x576.jpg 768w, https:\/\/agora.xtec.cat\/escolapauvila\/wp-content\/uploads\/usu1565\/2020\/03\/pdi2-200x150.jpg 200w\" sizes=\"auto, (max-width: 883px) 100vw, 883px\" \/><\/a><\/td>\n<td style=\"width: 313px; height: 266px;\"><a href=\"https:\/\/agora.xtec.cat\/escolapauvila\/wp-content\/uploads\/usu1565\/2020\/03\/tauleta.jpg\"><img loading=\"lazy\" decoding=\"async\" class=\"alignnone size-full wp-image-833\" src=\"https:\/\/agora.xtec.cat\/escolapauvila\/wp-content\/uploads\/usu1565\/2020\/03\/tauleta.jpg\" alt=\"\" width=\"883\" height=\"662\" srcset=\"https:\/\/agora.xtec.cat\/escolapauvila\/wp-content\/uploads\/usu1565\/2020\/03\/tauleta.jpg 883w, https:\/\/agora.xtec.cat\/escolapauvila\/wp-content\/uploads\/usu1565\/2020\/03\/tauleta-300x225.jpg 300w, https:\/\/agora.xtec.cat\/escolapauvila\/wp-content\/uploads\/usu1565\/2020\/03\/tauleta-768x576.jpg 768w, https:\/\/agora.xtec.cat\/escolapauvila\/wp-content\/uploads\/usu1565\/2020\/03\/tauleta-200x150.jpg 200w\" sizes=\"auto, (max-width: 883px) 100vw, 883px\" \/><\/a><\/td>\n<td style=\"width: 313px; height: 266px;\"><a href=\"https:\/\/agora.xtec.cat\/escolapauvila\/wp-content\/uploads\/usu1565\/2020\/03\/tauleta-planta.jpg\"><img loading=\"lazy\" decoding=\"async\" class=\"alignnone size-full wp-image-834\" src=\"https:\/\/agora.xtec.cat\/escolapauvila\/wp-content\/uploads\/usu1565\/2020\/03\/tauleta-planta.jpg\" alt=\"\" width=\"883\" height=\"662\" srcset=\"https:\/\/agora.xtec.cat\/escolapauvila\/wp-content\/uploads\/usu1565\/2020\/03\/tauleta-planta.jpg 883w, https:\/\/agora.xtec.cat\/escolapauvila\/wp-content\/uploads\/usu1565\/2020\/03\/tauleta-planta-300x225.jpg 300w, https:\/\/agora.xtec.cat\/escolapauvila\/wp-content\/uploads\/usu1565\/2020\/03\/tauleta-planta-768x576.jpg 768w, https:\/\/agora.xtec.cat\/escolapauvila\/wp-content\/uploads\/usu1565\/2020\/03\/tauleta-planta-200x150.jpg 200w\" sizes=\"auto, (max-width: 883px) 100vw, 883px\" \/><\/a><\/td>\n<\/tr>\n<tr style=\"height: 31px;\">\n<td style=\"height: 31px; width: 312px;\">\u00das de la Pantalla Interactiva i les tauletes<\/td>\n<td style=\"width: 313px; height: 31px;\">Activitat a la Pantalla Interactiva<\/td>\n<td style=\"width: 313px; height: 31px;\">\u00das de les tauletes a l&#8217;aula<\/td>\n<td style=\"width: 313px; height: 31px;\">Tauletes al pati<\/td>\n<\/tr>\n<\/tbody>\n<\/table>\n","protected":false},"excerpt":{"rendered":"<p>Al Pau Vila entenem les Tecnologies d&#8217;Aprenentatge i Coneixement (TAC) com una eina al servei de la millora dels processos d&#8217;ensenyament-aprenentatge. El nostre objectiu no \u00e9s nom\u00e9s ensenyar a utilitzar la tecnologia, si no amb la tecnologia.<br \/>\n\u00c9s per aix\u00f2 que, en els darrers cursos, estem&hellip;  <a href=\"https:\/\/agora.xtec.cat\/escolapauvila\/projecte-educatiu\/tac\/\" title=\"Read Cultura Digital\">Llegeix m\u00e9s\u00bb<\/a><\/p>\n","protected":false},"author":1,"featured_media":0,"parent":64,"menu_order":0,"comment_status":"closed","ping_status":"closed","template":"","meta":{"_bbp_topic_count":0,"_bbp_reply_count":0,"_bbp_total_topic_count":0,"_bbp_total_reply_count":0,"_bbp_voice_count":0,"_bbp_anonymous_reply_count":0,"_bbp_topic_count_hidden":0,"_bbp_reply_count_hidden":0,"_bbp_forum_subforum_count":0,"footnotes":""},"class_list":["post-613","page","type-page","status-publish","hentry"],"post_mailing_queue_ids":[],"_links":{"self":[{"href":"https:\/\/agora.xtec.cat\/escolapauvila\/wp-json\/wp\/v2\/pages\/613","targetHints":{"allow":["GET"]}}],"collection":[{"href":"https:\/\/agora.xtec.cat\/escolapauvila\/wp-json\/wp\/v2\/pages"}],"about":[{"href":"https:\/\/agora.xtec.cat\/escolapauvila\/wp-json\/wp\/v2\/types\/page"}],"author":[{"embeddable":true,"href":"https:\/\/agora.xtec.cat\/escolapauvila\/wp-json\/wp\/v2\/users\/1"}],"replies":[{"embeddable":true,"href":"https:\/\/agora.xtec.cat\/escolapauvila\/wp-json\/wp\/v2\/comments?post=613"}],"version-history":[{"count":4,"href":"https:\/\/agora.xtec.cat\/escolapauvila\/wp-json\/wp\/v2\/pages\/613\/revisions"}],"predecessor-version":[{"id":9201,"href":"https:\/\/agora.xtec.cat\/escolapauvila\/wp-json\/wp\/v2\/pages\/613\/revisions\/9201"}],"up":[{"embeddable":true,"href":"https:\/\/agora.xtec.cat\/escolapauvila\/wp-json\/wp\/v2\/pages\/64"}],"wp:attachment":[{"href":"https:\/\/agora.xtec.cat\/escolapauvila\/wp-json\/wp\/v2\/media?parent=613"}],"curies":[{"name":"wp","href":"https:\/\/api.w.org\/{rel}","templated":true}]}}