{"id":617,"date":"2018-02-20T10:53:12","date_gmt":"2018-02-20T09:53:12","guid":{"rendered":"http:\/\/agora.xtec.cat\/escolapauclaris\/?page_id=617"},"modified":"2018-03-12T12:58:17","modified_gmt":"2018-03-12T11:58:17","slug":"practica-psicomotriu-aucouturier","status":"publish","type":"page","link":"https:\/\/agora.xtec.cat\/escolapauclaris\/infants\/practica-psicomotriu-aucouturier\/","title":{"rendered":"Aprenentatge-Servei"},"content":{"rendered":"<p style=\"text-align: justify;\">Des de fa temps portem a terme durant el curs, diverses activitats que integren el servei a la comunitat, amb l\u2019aprenentatge de compet\u00e8ncies, habilitats i valors.<\/p>\n<p style=\"text-align: justify;\">Des de l&#8217;escola, portem a terme diverses accions cada trimestre.<\/p>\n<p style=\"text-align: justify;\">Aix\u00ed doncs, durant el primer trimestre, els alumnes de cicle mitj\u00e0 porten a terme a l\u2019hospital un projecte anomenat \u201c Ments despertes, mans que es mouen \u201c. Amb el suport d\u2019ipads, els alumnes proposen diverses apps als avis i a les \u00e0vies per a fer uns tallers de jocs de mem\u00f2ria.<\/p>\n<p style=\"text-align: justify;\">Tamb\u00e9 al mes de desembre anem a felicitar el Nadal als avis i \u00e0vies i un grup d\u2019infants fa una actuaci\u00f3 ballada a la Resid\u00e8ncia Sant Hospital i un concert de nadales als avis de la Llar Sant Josep.<\/p>\n<p style=\"text-align: justify;\">Durant el segon trimestre, fem un taller de psicomotricitat intergeneracional: \u201c Ens movem i conversem?\u201d. Els alumnes dinamitzen un treball corporal, de to, del gest, la respiraci\u00f3 i sensacions propioceptives amb els avis de la residencia Sant Hospital.<\/p>\n<p style=\"text-align: justify;\">Al tercer trimestre \u00e9s quan cantem caramelles a la residencia Sant Hospital i realitzem al centre de dia de l\u2019hospital un taller de bingo amb els avis i \u00e0vies.<\/p>\n<p style=\"text-align: justify;\">A banda d\u2019aquesta activitat, tamb\u00e9 es conviden a les Llars d\u2019Infants i al taller Claror a formar part del p\u00fablic, d\u2019una de les obres de teatre i del festival de dansa que fem a finals de curs.<\/p>\n<p style=\"text-align: justify;\">De fet, estem sumant a aquestes activitats un valor de servei a la comunitat, que servir\u00e0 als alumnes per donar m\u00e9s sentit a aquestes activitats, que ja realitzen per als companys\/es i per a les fam\u00edlies.<\/p>\n<p style=\"text-align: justify;\">El nostre objectiu \u00e9s que els nostres infants s\u2019impliquin i participin en diverses experi\u00e8ncies reals i necess\u00e0ries del seu entorn, del nostre municipi, per tal de millorar-lo. Volem ciutadans responsables i compromesos, amb uns valors fruit de les situacions reals i cercant possibles solucions i formes de cooperaci\u00f3, per a cr\u00e9ixer i construir un m\u00f3n millor.<\/p>\n<p style=\"text-align: justify;\">El respecte, l\u2019escolta, en aquestes activitats, permet aflorar el millor dels infants. La diferencia suma i no resta!!!<\/p>\n","protected":false},"excerpt":{"rendered":"<p>Des de fa temps portem a terme durant el curs, diverses activitats que integren el servei a la comunitat, amb l\u2019aprenentatge de compet\u00e8ncies, habilitats i valors.<br \/>\nDes de l&#8217;escola, portem a terme diverses accions cada trimestre.<br \/>\nAix\u00ed doncs, durant el primer trimestre, els alumnes de cicle mitj\u00e0&hellip;  <a href=\"https:\/\/agora.xtec.cat\/escolapauclaris\/infants\/practica-psicomotriu-aucouturier\/\" title=\"Read Aprenentatge-Servei\">Llegeix m\u00e9s\u00bb<\/a><\/p>\n","protected":false},"author":1,"featured_media":0,"parent":590,"menu_order":8,"comment_status":"closed","ping_status":"closed","template":"page-templates\/side-menu.php","meta":{"_bbp_topic_count":0,"_bbp_reply_count":0,"_bbp_total_topic_count":0,"_bbp_total_reply_count":0,"_bbp_voice_count":0,"_bbp_anonymous_reply_count":0,"_bbp_topic_count_hidden":0,"_bbp_reply_count_hidden":0,"_bbp_forum_subforum_count":0,"footnotes":""},"class_list":["post-617","page","type-page","status-publish","hentry"],"post_mailing_queue_ids":[],"_links":{"self":[{"href":"https:\/\/agora.xtec.cat\/escolapauclaris\/wp-json\/wp\/v2\/pages\/617","targetHints":{"allow":["GET"]}}],"collection":[{"href":"https:\/\/agora.xtec.cat\/escolapauclaris\/wp-json\/wp\/v2\/pages"}],"about":[{"href":"https:\/\/agora.xtec.cat\/escolapauclaris\/wp-json\/wp\/v2\/types\/page"}],"author":[{"embeddable":true,"href":"https:\/\/agora.xtec.cat\/escolapauclaris\/wp-json\/wp\/v2\/users\/1"}],"replies":[{"embeddable":true,"href":"https:\/\/agora.xtec.cat\/escolapauclaris\/wp-json\/wp\/v2\/comments?post=617"}],"version-history":[{"count":2,"href":"https:\/\/agora.xtec.cat\/escolapauclaris\/wp-json\/wp\/v2\/pages\/617\/revisions"}],"predecessor-version":[{"id":1049,"href":"https:\/\/agora.xtec.cat\/escolapauclaris\/wp-json\/wp\/v2\/pages\/617\/revisions\/1049"}],"up":[{"embeddable":true,"href":"https:\/\/agora.xtec.cat\/escolapauclaris\/wp-json\/wp\/v2\/pages\/590"}],"wp:attachment":[{"href":"https:\/\/agora.xtec.cat\/escolapauclaris\/wp-json\/wp\/v2\/media?parent=617"}],"curies":[{"name":"wp","href":"https:\/\/api.w.org\/{rel}","templated":true}]}}