{"id":34,"date":"2020-01-17T18:00:18","date_gmt":"2020-01-17T17:00:18","guid":{"rendered":"http:\/\/agora.xtec.cat\/escolapaucasalsrubi\/?page_id=34"},"modified":"2026-01-20T19:46:48","modified_gmt":"2026-01-20T18:46:48","slug":"oferta-educativa","status":"publish","type":"page","link":"https:\/\/agora.xtec.cat\/escolapaucasalsrubi\/serveis-2\/oferta-educativa\/","title":{"rendered":"Oferta educativa"},"content":{"rendered":"<h3><strong>ESTRUCTURA ESCOLAR:<\/strong><\/h3>\n<p>Escola de doble l\u00ednia d\u2019educaci\u00f3 infantil i prim\u00e0ria<\/p>\n<h2><strong>Educaci\u00f3 Infantil:<\/strong><\/h2>\n<p>2n cicle d\u2019educaci\u00f3 infantil de 3 a 6 anys<\/p>\n<h2><strong>Educaci\u00f3 Prim\u00e0ria:<\/strong><\/h2>\n<p>\u2013 Cicle inicial de 6 a 8 anys<\/p>\n<p>\u2013 Cicle mitj\u00e0 de 8 a 10 anys<\/p>\n<p>\u2013 Cicle superior de 10 a 12 anys<\/p>\n<p><a href=\"http:\/\/agora.xtec.cat\/escolapaucasalsrubi\/serveis-2\/oferta-educativa\/attachment\/oferta_educativa1\/\" rel=\"attachment wp-att-1065\"><img loading=\"lazy\" decoding=\"async\" class=\"aligncenter wp-image-1065 size-full\" src=\"http:\/\/agora.xtec.cat\/escolapaucasalsrubi\/wp-content\/uploads\/usu1615\/2014\/09\/oferta_educativa1.jpg\" alt=\"oferta_educativa1\" width=\"1024\" height=\"367\" srcset=\"https:\/\/agora.xtec.cat\/escolapaucasalsrubi\/wp-content\/uploads\/usu1615\/2014\/09\/oferta_educativa1.jpg 1024w, https:\/\/agora.xtec.cat\/escolapaucasalsrubi\/wp-content\/uploads\/usu1615\/2014\/09\/oferta_educativa1-300x108.jpg 300w, https:\/\/agora.xtec.cat\/escolapaucasalsrubi\/wp-content\/uploads\/usu1615\/2014\/09\/oferta_educativa1-768x275.jpg 768w\" sizes=\"auto, (max-width: 1024px) 100vw, 1024px\" \/><\/a><\/p>\n<h2>MISSI\u00d3, VISI\u00d3 I VALORS<\/h2>\n<p>MISSI\u00d3 (Qui som)<\/p>\n<p>La nostra \u00e9s una escola p\u00fablica, catalana, arrelada i compromesa amb l\u2019entorn, on la coeducaci\u00f3 \u00e9s fonamental i on poden tenir cabuda tots els infants, aix\u00ed com les seves fam\u00edlies.<br \/>\nUn centre que atribueix a l\u2018educaci\u00f3 una funci\u00f3 social compartida dirigida cap el desenvolupament integral del nen i de la nena com a persona.<br \/>\nVISI\u00d3 (On volem anar)<br \/>\nVolem consolidar la llengua i la cultura catalana com a tret d\u00b4identitat de l\u00b4escola.<br \/>\nVolem ser una escola que sigui un model de conviv\u00e8ncia, de cohesi\u00f3 social que permeti la plena inclusi\u00f3 de tots els membres de la comunitat educativa.<br \/>\nVolem enfortir les relacions fam\u00edlia-escola aix\u00ed com una millor projecci\u00f3 externa del centre.<br \/>\nVolem assegurar un pla de formaci\u00f3 del professorat com a element de cohesi\u00f3 de l\u00b4activitat pedag\u00f2gica, indispensable per a la millora de la qualitat educativa.<\/p>\n<p>VALORS<\/p>\n<ul>\n<li>Integraci\u00f3<\/li>\n<li>Inclusi\u00f3<\/li>\n<li>Coeducaci\u00f3: superaci\u00f3 de rols discriminatoris<\/li>\n<li>Esfor\u00e7<\/li>\n<li>Foment de l\u2019esperit cr\u00edtic<\/li>\n<li>Autonomia personal<\/li>\n<li>Respecte<\/li>\n<li>Responsabilitat<\/li>\n<li>Solidaritat<\/li>\n<li>Comunicaci\u00f3<\/li>\n<li>Proximitat i accessibilitat<\/li>\n<li>Innovaci\u00f3<\/li>\n<li>Sostenibilitat<\/li>\n<li>Equitat<\/li>\n<li>Cooperaci\u00f3<\/li>\n<li>Conviv\u00e8ncia<\/li>\n<\/ul>\n<h2>M\u00c8TODES D&#8217;ENSENYAMENT<\/h2>\n<p>Basats en:<\/p>\n<p>&#8211; L&#8217;observaci\u00f3 i en la pr\u00e0ctica.<br \/>\n&#8211; Amb actitud investigadora i pensament cr\u00edtic.<br \/>\n&#8211; Respectant el desenvolupament individual.<\/p>\n<h2>Atenci\u00f3 a l&#8217;alumnat:<\/h2>\n<h2>1.Gran grup<\/h2>\n<p>&#8211; Grup classe.<br \/>\n&#8211; Nivell.<br \/>\n&#8211; Cicle.<\/p>\n<h2>2. Petit grup:<\/h2>\n<p>&#8211; Racons.<br \/>\n&#8211; Tallers.<br \/>\n&#8211; Desdoblaments.<br \/>\n&#8211; Grups flexibles.<br \/>\n&#8211; Refor\u00e7.<br \/>\n&#8211; SIEI.<\/p>\n<h2>RECURSOS HUMANS<\/h2>\n<p>E. INFANTIL<\/p>\n<ul>\n<li>6 Tutores<\/li>\n<li>1 TEI (I3)<\/li>\n<li>3 mestres de refor\u00e7<\/li>\n<\/ul>\n<p>E.PRIM\u00c0RIA<\/p>\n<ul>\n<li>12 Tutores o tutors<\/li>\n<li>Especialistes:\n<ul>\n<li>Angl\u00e8s 2 mestres (1 tutora)<\/li>\n<li>Ed. F\u00edsica 1 mestra<\/li>\n<li>MESI 3 mestres<\/li>\n<li>Refor\u00e7 Ed. Prim\u00e0ria 3 mestres<\/li>\n<li>M\u00fasica 1 mestre<\/li>\n<li>Religi\u00f3 1 mestre<\/li>\n<\/ul>\n<\/li>\n<\/ul>\n<p>SIEI 1 mestra<\/p>\n<p>EEE 1<\/p>\n<p>MALL 1 (mestra d\u2019audici\u00f3 i llenguatge)<\/p>\n<p>TIS\u00a01<\/p>\n<p>Conserge 1<\/p>\n<p>Administrativa 1<\/p>\n<p>Vetlladores 4 (1 a l\u2019espai migdia)<\/p>\n<p>SERVEIS DEL DEPARTAMENT D&#8217;EDUCACI\u00d3:<\/p>\n<ul>\n<li>EAP (Equip d\u2019atenci\u00f3 psicopedag\u00f2gica)<\/li>\n<li>FISIOTERAPEUTA DE L\u2019EAP<\/li>\n<li>CREDA 2 mestres<\/li>\n<li>PCTEI\u00a01 mestra<\/li>\n<li>ASSESSORAMENT CEEPSIR<\/li>\n<li>CRP: centre de recursos pedag\u00f2gics<\/li>\n<\/ul>\n<h2>HORARI<\/h2>\n<p>Mat\u00ed: de 9 a 2\/4 d\u20191<br \/>\nTarda: de 3 a 2\/4 de 5<\/p>\n<h2>ALTRES SERVEIS<\/h2>\n<p>Servei de Bon Dia: de 8 a 9<br \/>\nExtra-escolars a la tarda<br \/>\nMenjador (cuina pr\u00f2pia)<\/p>\n<h2>ESPAIS<\/h2>\n<p>Al centre hi ha diferents espais :<br \/>\n&#8211; Edifici principal.<\/p>\n<div><span data-olk-copy-source=\"MessageBody\">\u00a0 \u00a0 \u00a0 -Biblioteca.<\/span><br \/>\n-Aula de cinema<br \/>\n-Gimn\u00e0s<br \/>\n-Aula de m\u00fasica<\/div>\n<div>\u00a0 \u00a0 \u00a0 -Taller d&#8217;Art<\/div>\n<div>\u00a0 \u00a0 \u00a0 -Aula d&#8217;Audici\u00f3 i llenguatge<\/div>\n<div>\u00a0 \u00a0 \u00a0 -Aula SIEI<\/div>\n<div>\u00a0 \u00a0 \u00a0 -Tallers: cicle mitj\u00e0 i superior<\/div>\n<div>\u00a0 \u00a0 \u00a0 -Espai CREDA<\/div>\n<div>\u00a0 \u00a0 \u00a0 -Espai EAP<\/div>\n<div>\u00a0 \u00a0 \u00a0 -Menjadors: petits i grans<\/div>\n<p>&#8211; Edifici AFA i vestuaris.<br \/>\n&#8211; Patis.<\/p>\n<p><a href=\"http:\/\/agora.xtec.cat\/escolapaucasalsrubi\/serveis-2\/oferta-educativa\/attachment\/oferta_educativa2\/\" rel=\"attachment wp-att-1066\"><img loading=\"lazy\" decoding=\"async\" class=\"aligncenter wp-image-1066 size-full\" src=\"http:\/\/agora.xtec.cat\/escolapaucasalsrubi\/wp-content\/uploads\/usu1615\/2014\/09\/oferta_educativa2.jpg\" alt=\"oferta_educativa2\" width=\"1024\" height=\"242\" srcset=\"https:\/\/agora.xtec.cat\/escolapaucasalsrubi\/wp-content\/uploads\/usu1615\/2014\/09\/oferta_educativa2.jpg 1024w, https:\/\/agora.xtec.cat\/escolapaucasalsrubi\/wp-content\/uploads\/usu1615\/2014\/09\/oferta_educativa2-300x71.jpg 300w, https:\/\/agora.xtec.cat\/escolapaucasalsrubi\/wp-content\/uploads\/usu1615\/2014\/09\/oferta_educativa2-768x182.jpg 768w\" sizes=\"auto, (max-width: 1024px) 100vw, 1024px\" \/><\/a><\/p>\n<h3>RECURSOS DID\u00c0CTICS<\/h3>\n<div><span data-olk-copy-source=\"MessageBody\">-Material de Filosofia 3\/18<\/span><\/div>\n<div>-Biblioteques d&#8217;aula<\/div>\n<div>-Lectura di\u00e0ria<\/div>\n<div>-Racons, ambients i tallers<\/div>\n<div>-Material manipulatiu i fungible d&#8217;Innovamat<\/div>\n<div>-Projecte de relaxaci\u00f3<\/div>\n<div>-Gesti\u00f3 d&#8217;aula<\/div>\n<div>\n<div>-Dotaci\u00f3 de rob\u00f2tica educativa<\/div>\n<div>-Impressores 3D<\/div>\n<div>-Dotaci\u00f3 \u00e0udiovisual\u00a0i de cinema<\/div>\n<div>-Cromebooks<\/div>\n<\/div>\n<p><a href=\"http:\/\/agora.xtec.cat\/escolapaucasalsrubi\/serveis-2\/oferta-educativa\/attachment\/oferta_educativa3\/\" rel=\"attachment wp-att-1068\"><img loading=\"lazy\" decoding=\"async\" class=\"alignleft wp-image-1068 size-medium\" src=\"http:\/\/agora.xtec.cat\/escolapaucasalsrubi\/wp-content\/uploads\/usu1615\/2014\/09\/oferta_educativa3-300x225.jpg\" alt=\"oferta_educativa3\" width=\"300\" height=\"225\" srcset=\"https:\/\/agora.xtec.cat\/escolapaucasalsrubi\/wp-content\/uploads\/usu1615\/2014\/09\/oferta_educativa3-300x225.jpg 300w, https:\/\/agora.xtec.cat\/escolapaucasalsrubi\/wp-content\/uploads\/usu1615\/2014\/09\/oferta_educativa3-200x150.jpg 200w, https:\/\/agora.xtec.cat\/escolapaucasalsrubi\/wp-content\/uploads\/usu1615\/2014\/09\/oferta_educativa3.jpg 689w\" sizes=\"auto, (max-width: 300px) 100vw, 300px\" \/><\/a><\/p>\n<p><a href=\"http:\/\/agora.xtec.cat\/escolapaucasalsrubi\/serveis-2\/oferta-educativa\/attachment\/oferta_educativa4\/\" rel=\"attachment wp-att-1067\"><img loading=\"lazy\" decoding=\"async\" class=\"alignright wp-image-1067 size-medium\" src=\"http:\/\/agora.xtec.cat\/escolapaucasalsrubi\/wp-content\/uploads\/usu1615\/2014\/09\/oferta_educativa4-300x225.jpg\" alt=\"oferta_educativa4\" width=\"300\" height=\"225\" srcset=\"https:\/\/agora.xtec.cat\/escolapaucasalsrubi\/wp-content\/uploads\/usu1615\/2014\/09\/oferta_educativa4-300x225.jpg 300w, https:\/\/agora.xtec.cat\/escolapaucasalsrubi\/wp-content\/uploads\/usu1615\/2014\/09\/oferta_educativa4-768x576.jpg 768w, https:\/\/agora.xtec.cat\/escolapaucasalsrubi\/wp-content\/uploads\/usu1615\/2014\/09\/oferta_educativa4-200x150.jpg 200w, https:\/\/agora.xtec.cat\/escolapaucasalsrubi\/wp-content\/uploads\/usu1615\/2014\/09\/oferta_educativa4.jpg 912w\" sizes=\"auto, (max-width: 300px) 100vw, 300px\" \/><\/a><\/p>\n","protected":false},"excerpt":{"rendered":"<p>ESTRUCTURA ESCOLAR: Escola de doble l\u00ednia d\u2019educaci\u00f3 infantil i prim\u00e0ria Educaci\u00f3 Infantil: 2n cicle d\u2019educaci\u00f3 infantil de 3 a 6 anys Educaci\u00f3 Prim\u00e0ria: \u2013 Cicle inicial de 6 a 8 anys \u2013 Cicle mitj\u00e0 de 8 a 10 anys \u2013 Cicle superior de 10 a 12 anys MISSI\u00d3, VISI\u00d3 I VALORS MISSI\u00d3 (Qui som) La [&hellip;]<\/p>\n","protected":false},"author":1,"featured_media":0,"parent":22,"menu_order":4,"comment_status":"closed","ping_status":"closed","template":"","meta":{"_bbp_topic_count":0,"_bbp_reply_count":0,"_bbp_total_topic_count":0,"_bbp_total_reply_count":0,"_bbp_voice_count":0,"_bbp_anonymous_reply_count":0,"_bbp_topic_count_hidden":0,"_bbp_reply_count_hidden":0,"_bbp_forum_subforum_count":0,"site-sidebar-layout":"default","site-content-layout":"","ast-site-content-layout":"default","site-content-style":"default","site-sidebar-style":"default","ast-global-header-display":"","ast-banner-title-visibility":"","ast-main-header-display":"","ast-hfb-above-header-display":"","ast-hfb-below-header-display":"","ast-hfb-mobile-header-display":"","site-post-title":"","ast-breadcrumbs-content":"","ast-featured-img":"","footer-sml-layout":"","theme-transparent-header-meta":"","adv-header-id-meta":"","stick-header-meta":"","header-above-stick-meta":"","header-main-stick-meta":"","header-below-stick-meta":"","astra-migrate-meta-layouts":"set","ast-page-background-enabled":"default","ast-page-background-meta":{"desktop":{"background-color":"var(--ast-global-color-5)","background-image":"","background-repeat":"repeat","background-position":"center center","background-size":"auto","background-attachment":"scroll","background-type":"","background-media":"","overlay-type":"","overlay-color":"","overlay-opacity":"","overlay-gradient":""},"tablet":{"background-color":"","background-image":"","background-repeat":"repeat","background-position":"center center","background-size":"auto","background-attachment":"scroll","background-type":"","background-media":"","overlay-type":"","overlay-color":"","overlay-opacity":"","overlay-gradient":""},"mobile":{"background-color":"","background-image":"","background-repeat":"repeat","background-position":"center center","background-size":"auto","background-attachment":"scroll","background-type":"","background-media":"","overlay-type":"","overlay-color":"","overlay-opacity":"","overlay-gradient":""}},"ast-content-background-meta":{"desktop":{"background-color":"var(--ast-global-color-4)","background-image":"","background-repeat":"repeat","background-position":"center center","background-size":"auto","background-attachment":"scroll","background-type":"","background-media":"","overlay-type":"","overlay-color":"","overlay-opacity":"","overlay-gradient":""},"tablet":{"background-color":"var(--ast-global-color-4)","background-image":"","background-repeat":"repeat","background-position":"center center","background-size":"auto","background-attachment":"scroll","background-type":"","background-media":"","overlay-type":"","overlay-color":"","overlay-opacity":"","overlay-gradient":""},"mobile":{"background-color":"var(--ast-global-color-4)","background-image":"","background-repeat":"repeat","background-position":"center center","background-size":"auto","background-attachment":"scroll","background-type":"","background-media":"","overlay-type":"","overlay-color":"","overlay-opacity":"","overlay-gradient":""}},"footnotes":""},"class_list":["post-34","page","type-page","status-publish","hentry"],"post_mailing_queue_ids":[],"_links":{"self":[{"href":"https:\/\/agora.xtec.cat\/escolapaucasalsrubi\/wp-json\/wp\/v2\/pages\/34","targetHints":{"allow":["GET"]}}],"collection":[{"href":"https:\/\/agora.xtec.cat\/escolapaucasalsrubi\/wp-json\/wp\/v2\/pages"}],"about":[{"href":"https:\/\/agora.xtec.cat\/escolapaucasalsrubi\/wp-json\/wp\/v2\/types\/page"}],"author":[{"embeddable":true,"href":"https:\/\/agora.xtec.cat\/escolapaucasalsrubi\/wp-json\/wp\/v2\/users\/1"}],"replies":[{"embeddable":true,"href":"https:\/\/agora.xtec.cat\/escolapaucasalsrubi\/wp-json\/wp\/v2\/comments?post=34"}],"version-history":[{"count":4,"href":"https:\/\/agora.xtec.cat\/escolapaucasalsrubi\/wp-json\/wp\/v2\/pages\/34\/revisions"}],"predecessor-version":[{"id":12354,"href":"https:\/\/agora.xtec.cat\/escolapaucasalsrubi\/wp-json\/wp\/v2\/pages\/34\/revisions\/12354"}],"up":[{"embeddable":true,"href":"https:\/\/agora.xtec.cat\/escolapaucasalsrubi\/wp-json\/wp\/v2\/pages\/22"}],"wp:attachment":[{"href":"https:\/\/agora.xtec.cat\/escolapaucasalsrubi\/wp-json\/wp\/v2\/media?parent=34"}],"curies":[{"name":"wp","href":"https:\/\/api.w.org\/{rel}","templated":true}]}}