{"id":1305,"date":"2017-02-07T20:09:24","date_gmt":"2017-02-07T19:09:24","guid":{"rendered":"http:\/\/agora.xtec.cat\/escolapaucasalsrubi\/?page_id=1305"},"modified":"2017-02-07T20:15:03","modified_gmt":"2017-02-07T19:15:03","slug":"projecte-demprenedoria-a-lescola","status":"publish","type":"page","link":"https:\/\/agora.xtec.cat\/escolapaucasalsrubi\/material-escolar\/projecte-demprenedoria-a-lescola\/","title":{"rendered":"Projecte d&#8217;emprenedoria a l&#8217;escola"},"content":{"rendered":"<p>La nostra escola participa en un projecte de Cultura Emprenedora. \u00c9s un programa destinat als alumnes de 5\u00e8 de Prim\u00e0ria. Es treballen els valors de l\u2019emprenedoria a trav\u00e9s de la creaci\u00f3 d\u2019 una cooperativa a l\u2019escola.<br \/>\n\u00c9s un programa on es fomenten totes les compet\u00e8ncies (ling\u00fc\u00edstica, social i ciutadana, matem\u00e0tica, digital, art\u00edstica, aprendre a aprendre,&#8230;) a trav\u00e9s del treball cooperatiu.<br \/>\nAquest projecte implica:<br \/>\n\uf0fc Als alumnes com la part activa del proc\u00e9s d\u2019aprenentatge, ells pacten, decideixen, redacten, trien i creen.<br \/>\n\uf0fc Als mestres com a mediadors, facilitadors i observadors. Ells ajuden a cooperar, observen que passa a cada grup, estan atents als problemes que puguin sorgir, donen oportunitat a tots els alumnes.<br \/>\n\uf0fc Als Ajuntaments, els quals ens ajuden amb tots els tr\u00e0mits administratius, ens faciliten empreses per a visitar, &#8230;<br \/>\nEs tracta d\u2019un projecte que dirigeix una empresa d\u2019Ast\u00faries, Valnal\u00f3n, en col\u00b7laboraci\u00f3 amb la Diputaci\u00f3 de Barcelona, els Ajuntaments i les escoles.<br \/>\nA efectes pr\u00e0ctics els\/les nostres alumnes han de crear una cooperativa on es faran productes artesans. Han de triar el nom, han de dissenyar un logo, s\u2019han de redactar uns estatuts, escriure una acta de constituci\u00f3, han de triar els \u00f2rgans de govern i han de definir els diferents departaments que composaran la cooperativa. Hauran de fer un estudi de mercat per a saber si els prototips de productes que volen fer seran vendibles.<br \/>\nEn acabat, vendran els productes de les cooperatives al mercat d\u2019artesania de Rub\u00ed.<br \/>\nCada curs, ens posem en contacte amb l\u2019Ajuntament per tal de donar d\u2019alta les nostres cooperatives, obtenir el CIF i el perm\u00eds de venda. Demanem tamb\u00e9 a l\u2019Ajuntament que ens faciliti la visita a alguna cooperativa de Rub\u00ed.<\/p>\n<p><a href=\"http:\/\/agora.xtec.cat\/escolapaucasalsrubi\/serveis-2\/material-escolar\/projecte-demprenedoria-a-lescola\/attachment\/projecte_emprenedoria1\/\" rel=\"attachment wp-att-1306\"><img loading=\"lazy\" decoding=\"async\" class=\"aligncenter wp-image-1306 size-full\" src=\"http:\/\/agora.xtec.cat\/escolapaucasalsrubi\/wp-content\/uploads\/usu1615\/2017\/02\/projecte_emprenedoria1.png\" alt=\"projecte_emprenedoria1\" width=\"702\" height=\"520\" srcset=\"https:\/\/agora.xtec.cat\/escolapaucasalsrubi\/wp-content\/uploads\/usu1615\/2017\/02\/projecte_emprenedoria1.png 702w, https:\/\/agora.xtec.cat\/escolapaucasalsrubi\/wp-content\/uploads\/usu1615\/2017\/02\/projecte_emprenedoria1-300x222.png 300w\" sizes=\"auto, (max-width: 702px) 100vw, 702px\" \/><\/a><\/p>\n<p><a href=\"http:\/\/agora.xtec.cat\/escolapaucasalsrubi\/serveis-2\/material-escolar\/projecte-demprenedoria-a-lescola\/attachment\/projecte_emprenedoria2\/\" rel=\"attachment wp-att-1307\"><img loading=\"lazy\" decoding=\"async\" class=\"aligncenter wp-image-1307 size-full\" src=\"http:\/\/agora.xtec.cat\/escolapaucasalsrubi\/wp-content\/uploads\/usu1615\/2017\/02\/projecte_emprenedoria2.png\" alt=\"projecte_emprenedoria2\" width=\"702\" height=\"396\" srcset=\"https:\/\/agora.xtec.cat\/escolapaucasalsrubi\/wp-content\/uploads\/usu1615\/2017\/02\/projecte_emprenedoria2.png 702w, https:\/\/agora.xtec.cat\/escolapaucasalsrubi\/wp-content\/uploads\/usu1615\/2017\/02\/projecte_emprenedoria2-300x169.png 300w\" sizes=\"auto, (max-width: 702px) 100vw, 702px\" \/><\/a><\/p>\n","protected":false},"excerpt":{"rendered":"<p>La nostra escola participa en un projecte de Cultura Emprenedora. \u00c9s un programa destinat als alumnes de 5\u00e8 de Prim\u00e0ria. Es treballen els valors de l\u2019emprenedoria a trav\u00e9s de la creaci\u00f3 d\u2019 una cooperativa a l\u2019escola. \u00c9s un programa on es fomenten totes les compet\u00e8ncies (ling\u00fc\u00edstica, social i ciutadana, matem\u00e0tica, digital, art\u00edstica, aprendre a aprendre,&#8230;) [&hellip;]<\/p>\n","protected":false},"author":1,"featured_media":0,"parent":36,"menu_order":0,"comment_status":"closed","ping_status":"closed","template":"page-templates\/side-menu.php","meta":{"_bbp_topic_count":0,"_bbp_reply_count":0,"_bbp_total_topic_count":0,"_bbp_total_reply_count":0,"_bbp_voice_count":0,"_bbp_anonymous_reply_count":0,"_bbp_topic_count_hidden":0,"_bbp_reply_count_hidden":0,"_bbp_forum_subforum_count":0,"site-sidebar-layout":"default","site-content-layout":"","ast-site-content-layout":"","site-content-style":"default","site-sidebar-style":"default","ast-global-header-display":"","ast-banner-title-visibility":"","ast-main-header-display":"","ast-hfb-above-header-display":"","ast-hfb-below-header-display":"","ast-hfb-mobile-header-display":"","site-post-title":"","ast-breadcrumbs-content":"","ast-featured-img":"","footer-sml-layout":"","theme-transparent-header-meta":"","adv-header-id-meta":"","stick-header-meta":"","header-above-stick-meta":"","header-main-stick-meta":"","header-below-stick-meta":"","astra-migrate-meta-layouts":"default","ast-page-background-enabled":"default","ast-page-background-meta":{"desktop":{"background-color":"var(--ast-global-color-5)","background-image":"","background-repeat":"repeat","background-position":"center center","background-size":"auto","background-attachment":"scroll","background-type":"","background-media":"","overlay-type":"","overlay-color":"","overlay-opacity":"","overlay-gradient":""},"tablet":{"background-color":"","background-image":"","background-repeat":"repeat","background-position":"center center","background-size":"auto","background-attachment":"scroll","background-type":"","background-media":"","overlay-type":"","overlay-color":"","overlay-opacity":"","overlay-gradient":""},"mobile":{"background-color":"","background-image":"","background-repeat":"repeat","background-position":"center center","background-size":"auto","background-attachment":"scroll","background-type":"","background-media":"","overlay-type":"","overlay-color":"","overlay-opacity":"","overlay-gradient":""}},"ast-content-background-meta":{"desktop":{"background-color":"var(--ast-global-color-4)","background-image":"","background-repeat":"repeat","background-position":"center center","background-size":"auto","background-attachment":"scroll","background-type":"","background-media":"","overlay-type":"","overlay-color":"","overlay-opacity":"","overlay-gradient":""},"tablet":{"background-color":"var(--ast-global-color-4)","background-image":"","background-repeat":"repeat","background-position":"center center","background-size":"auto","background-attachment":"scroll","background-type":"","background-media":"","overlay-type":"","overlay-color":"","overlay-opacity":"","overlay-gradient":""},"mobile":{"background-color":"var(--ast-global-color-4)","background-image":"","background-repeat":"repeat","background-position":"center center","background-size":"auto","background-attachment":"scroll","background-type":"","background-media":"","overlay-type":"","overlay-color":"","overlay-opacity":"","overlay-gradient":""}},"footnotes":""},"class_list":["post-1305","page","type-page","status-publish","hentry"],"post_mailing_queue_ids":[],"_links":{"self":[{"href":"https:\/\/agora.xtec.cat\/escolapaucasalsrubi\/wp-json\/wp\/v2\/pages\/1305","targetHints":{"allow":["GET"]}}],"collection":[{"href":"https:\/\/agora.xtec.cat\/escolapaucasalsrubi\/wp-json\/wp\/v2\/pages"}],"about":[{"href":"https:\/\/agora.xtec.cat\/escolapaucasalsrubi\/wp-json\/wp\/v2\/types\/page"}],"author":[{"embeddable":true,"href":"https:\/\/agora.xtec.cat\/escolapaucasalsrubi\/wp-json\/wp\/v2\/users\/1"}],"replies":[{"embeddable":true,"href":"https:\/\/agora.xtec.cat\/escolapaucasalsrubi\/wp-json\/wp\/v2\/comments?post=1305"}],"version-history":[{"count":3,"href":"https:\/\/agora.xtec.cat\/escolapaucasalsrubi\/wp-json\/wp\/v2\/pages\/1305\/revisions"}],"predecessor-version":[{"id":1319,"href":"https:\/\/agora.xtec.cat\/escolapaucasalsrubi\/wp-json\/wp\/v2\/pages\/1305\/revisions\/1319"}],"up":[{"embeddable":true,"href":"https:\/\/agora.xtec.cat\/escolapaucasalsrubi\/wp-json\/wp\/v2\/pages\/36"}],"wp:attachment":[{"href":"https:\/\/agora.xtec.cat\/escolapaucasalsrubi\/wp-json\/wp\/v2\/media?parent=1305"}],"curies":[{"name":"wp","href":"https:\/\/api.w.org\/{rel}","templated":true}]}}