{"id":1173,"date":"2017-02-01T20:36:07","date_gmt":"2017-02-01T19:36:07","guid":{"rendered":"http:\/\/agora.xtec.cat\/escolapaucasalsrubi\/?page_id=1173"},"modified":"2017-02-01T20:36:07","modified_gmt":"2017-02-01T19:36:07","slug":"projecte-de-reutilitzacio-de-llibres","status":"publish","type":"page","link":"https:\/\/agora.xtec.cat\/escolapaucasalsrubi\/material-escolar\/projecte-de-reutilitzacio-de-llibres\/","title":{"rendered":"Projecte de reutilitzaci\u00f3 de llibres"},"content":{"rendered":"<p>L\u2019escola Pau Casals, el curs 2005-2006 va engegar un Projecte de Reutilitzaci\u00f3 de Llibres.<\/p>\n<h4>Justificaci\u00f3 del Projecte:<\/h4>\n<p>&#8211; Garantir la qualitat de l\u00b4educaci\u00f3 per a tot l\u00b4alumnat.<br \/>\n&#8211; Impulsar la cohesi\u00f3 social que garanteixi la igualtat d\u00b4oportunitats a tot l\u00b4alumnat, independentment de les seves condicions i circumst\u00e0ncies.<\/p>\n<h4>Objectius del Projecte:<\/h4>\n<p>Impulsar l\u00b4\u00fas compartit i la reutilitzaci\u00f3 de llibres de text, principi de cooperaci\u00f3.<br \/>\nTreballar valors com la corresponsabilitat i la solidaritat a tota la comunitat escolar, el b\u00e9 com\u00fa.<br \/>\nTenir cura en la conservaci\u00f3 dels llibres i del material did\u00e0ctic, fer un bon \u00fas.<br \/>\nAfavorir la sostenibilitat i l\u2019estalvi energ\u00e8tic, reduir el consum innecessari i ajudar a l\u00b4estalvi familiar.<br \/>\nContribuir a ampliar els materials did\u00e0ctics complementaris i aquells d\u00b4elaboraci\u00f3 pr\u00f2pia del nostre centre.<\/p>\n<p><a href=\"http:\/\/agora.xtec.cat\/escolapaucasalsrubi\/serveis-2\/material-escolar\/projecte-de-reutilitzacio-de-llibres\/attachment\/projecte_reutilitzacio\/\" rel=\"attachment wp-att-1174\"><img loading=\"lazy\" decoding=\"async\" class=\"aligncenter wp-image-1174 size-full\" src=\"http:\/\/agora.xtec.cat\/escolapaucasalsrubi\/wp-content\/uploads\/usu1615\/2017\/02\/projecte_reutilitzacio.jpg\" alt=\"projecte_reutilitzacio\" width=\"729\" height=\"290\" srcset=\"https:\/\/agora.xtec.cat\/escolapaucasalsrubi\/wp-content\/uploads\/usu1615\/2017\/02\/projecte_reutilitzacio.jpg 729w, https:\/\/agora.xtec.cat\/escolapaucasalsrubi\/wp-content\/uploads\/usu1615\/2017\/02\/projecte_reutilitzacio-300x119.jpg 300w\" sizes=\"auto, (max-width: 729px) 100vw, 729px\" \/><\/a><\/p>\n<h4>Valoraci\u00f3 de l\u2019experi\u00e8ncia:<\/h4>\n<p>\u00c9s molt positiu fer un projecte que impliqui tota la comunitat escolar: el professorat, les fam\u00edlies i l&#8217;alumnat. \u00c9s molt engrescador realitzar aquest projecte a la nostra escola i s\u2019afavoreix el vincle fam\u00edlia-escola.<br \/>\nPer l&#8217;alumnat \u00e9s una eina de transmissi\u00f3 de valors, responsabilitat i comprom\u00eds de bon \u00fas de tot el material.<br \/>\nValorem continuar en el projecte. Cada curs augmenta el nombre de mares i pares que, formant part o no de la Comissi\u00f3 de Reutilitzaci\u00f3, estan conscienciats i col\u00b7laboren sovint en el reciclatge de diferents materials.<\/p>\n<div id='gallery-1' class='gallery galleryid-1173 gallery-columns-2 gallery-size-full'><figure class='gallery-item'>\n\t\t\t<div class='gallery-icon landscape'>\n\t\t\t\t<a href='https:\/\/agora.xtec.cat\/escolapaucasalsrubi\/material-escolar\/projecte-de-reutilitzacio-de-llibres\/attachment\/projecte_reutilitzacio1-2\/'><img loading=\"lazy\" decoding=\"async\" width=\"612\" height=\"397\" src=\"https:\/\/agora.xtec.cat\/escolapaucasalsrubi\/wp-content\/uploads\/usu1615\/2017\/02\/projecte_reutilitzacio1-1.jpg\" class=\"attachment-full size-full\" alt=\"\" srcset=\"https:\/\/agora.xtec.cat\/escolapaucasalsrubi\/wp-content\/uploads\/usu1615\/2017\/02\/projecte_reutilitzacio1-1.jpg 612w, https:\/\/agora.xtec.cat\/escolapaucasalsrubi\/wp-content\/uploads\/usu1615\/2017\/02\/projecte_reutilitzacio1-1-300x195.jpg 300w\" sizes=\"auto, (max-width: 612px) 100vw, 612px\" \/><\/a>\n\t\t\t<\/div><\/figure><figure class='gallery-item'>\n\t\t\t<div class='gallery-icon landscape'>\n\t\t\t\t<a href='https:\/\/agora.xtec.cat\/escolapaucasalsrubi\/material-escolar\/projecte-de-reutilitzacio-de-llibres\/attachment\/projecte_reutilitzacio2\/'><img loading=\"lazy\" decoding=\"async\" width=\"605\" height=\"356\" src=\"https:\/\/agora.xtec.cat\/escolapaucasalsrubi\/wp-content\/uploads\/usu1615\/2017\/02\/projecte_reutilitzacio2.jpg\" class=\"attachment-full size-full\" alt=\"\" srcset=\"https:\/\/agora.xtec.cat\/escolapaucasalsrubi\/wp-content\/uploads\/usu1615\/2017\/02\/projecte_reutilitzacio2.jpg 605w, https:\/\/agora.xtec.cat\/escolapaucasalsrubi\/wp-content\/uploads\/usu1615\/2017\/02\/projecte_reutilitzacio2-300x177.jpg 300w\" sizes=\"auto, (max-width: 605px) 100vw, 605px\" \/><\/a>\n\t\t\t<\/div><\/figure>\n\t\t<\/div>\n\n","protected":false},"excerpt":{"rendered":"<p>L\u2019escola Pau Casals, el curs 2005-2006 va engegar un Projecte de Reutilitzaci\u00f3 de Llibres. Justificaci\u00f3 del Projecte: &#8211; Garantir la qualitat de l\u00b4educaci\u00f3 per a tot l\u00b4alumnat. &#8211; Impulsar la cohesi\u00f3 social que garanteixi la igualtat d\u00b4oportunitats a tot l\u00b4alumnat, independentment de les seves condicions i circumst\u00e0ncies. Objectius del Projecte: Impulsar l\u00b4\u00fas compartit i la [&hellip;]<\/p>\n","protected":false},"author":1,"featured_media":0,"parent":36,"menu_order":0,"comment_status":"closed","ping_status":"closed","template":"page-templates\/side-menu.php","meta":{"_bbp_topic_count":0,"_bbp_reply_count":0,"_bbp_total_topic_count":0,"_bbp_total_reply_count":0,"_bbp_voice_count":0,"_bbp_anonymous_reply_count":0,"_bbp_topic_count_hidden":0,"_bbp_reply_count_hidden":0,"_bbp_forum_subforum_count":0,"site-sidebar-layout":"default","site-content-layout":"","ast-site-content-layout":"","site-content-style":"default","site-sidebar-style":"default","ast-global-header-display":"","ast-banner-title-visibility":"","ast-main-header-display":"","ast-hfb-above-header-display":"","ast-hfb-below-header-display":"","ast-hfb-mobile-header-display":"","site-post-title":"","ast-breadcrumbs-content":"","ast-featured-img":"","footer-sml-layout":"","theme-transparent-header-meta":"","adv-header-id-meta":"","stick-header-meta":"","header-above-stick-meta":"","header-main-stick-meta":"","header-below-stick-meta":"","astra-migrate-meta-layouts":"default","ast-page-background-enabled":"default","ast-page-background-meta":{"desktop":{"background-color":"var(--ast-global-color-5)","background-image":"","background-repeat":"repeat","background-position":"center center","background-size":"auto","background-attachment":"scroll","background-type":"","background-media":"","overlay-type":"","overlay-color":"","overlay-opacity":"","overlay-gradient":""},"tablet":{"background-color":"","background-image":"","background-repeat":"repeat","background-position":"center center","background-size":"auto","background-attachment":"scroll","background-type":"","background-media":"","overlay-type":"","overlay-color":"","overlay-opacity":"","overlay-gradient":""},"mobile":{"background-color":"","background-image":"","background-repeat":"repeat","background-position":"center center","background-size":"auto","background-attachment":"scroll","background-type":"","background-media":"","overlay-type":"","overlay-color":"","overlay-opacity":"","overlay-gradient":""}},"ast-content-background-meta":{"desktop":{"background-color":"var(--ast-global-color-4)","background-image":"","background-repeat":"repeat","background-position":"center center","background-size":"auto","background-attachment":"scroll","background-type":"","background-media":"","overlay-type":"","overlay-color":"","overlay-opacity":"","overlay-gradient":""},"tablet":{"background-color":"var(--ast-global-color-4)","background-image":"","background-repeat":"repeat","background-position":"center center","background-size":"auto","background-attachment":"scroll","background-type":"","background-media":"","overlay-type":"","overlay-color":"","overlay-opacity":"","overlay-gradient":""},"mobile":{"background-color":"var(--ast-global-color-4)","background-image":"","background-repeat":"repeat","background-position":"center center","background-size":"auto","background-attachment":"scroll","background-type":"","background-media":"","overlay-type":"","overlay-color":"","overlay-opacity":"","overlay-gradient":""}},"footnotes":""},"class_list":["post-1173","page","type-page","status-publish","hentry"],"post_mailing_queue_ids":[],"_links":{"self":[{"href":"https:\/\/agora.xtec.cat\/escolapaucasalsrubi\/wp-json\/wp\/v2\/pages\/1173","targetHints":{"allow":["GET"]}}],"collection":[{"href":"https:\/\/agora.xtec.cat\/escolapaucasalsrubi\/wp-json\/wp\/v2\/pages"}],"about":[{"href":"https:\/\/agora.xtec.cat\/escolapaucasalsrubi\/wp-json\/wp\/v2\/types\/page"}],"author":[{"embeddable":true,"href":"https:\/\/agora.xtec.cat\/escolapaucasalsrubi\/wp-json\/wp\/v2\/users\/1"}],"replies":[{"embeddable":true,"href":"https:\/\/agora.xtec.cat\/escolapaucasalsrubi\/wp-json\/wp\/v2\/comments?post=1173"}],"version-history":[{"count":2,"href":"https:\/\/agora.xtec.cat\/escolapaucasalsrubi\/wp-json\/wp\/v2\/pages\/1173\/revisions"}],"predecessor-version":[{"id":1179,"href":"https:\/\/agora.xtec.cat\/escolapaucasalsrubi\/wp-json\/wp\/v2\/pages\/1173\/revisions\/1179"}],"up":[{"embeddable":true,"href":"https:\/\/agora.xtec.cat\/escolapaucasalsrubi\/wp-json\/wp\/v2\/pages\/36"}],"wp:attachment":[{"href":"https:\/\/agora.xtec.cat\/escolapaucasalsrubi\/wp-json\/wp\/v2\/media?parent=1173"}],"curies":[{"name":"wp","href":"https:\/\/api.w.org\/{rel}","templated":true}]}}