{"id":4832,"date":"2026-02-18T13:34:04","date_gmt":"2026-02-18T12:34:04","guid":{"rendered":"https:\/\/agora.xtec.cat\/escolapaucasals-horta\/?page_id=4832"},"modified":"2026-03-04T13:04:30","modified_gmt":"2026-03-04T12:04:30","slug":"projecte-escoles-sostenibles","status":"publish","type":"page","link":"https:\/\/agora.xtec.cat\/escolapaucasals-horta\/projecte-escoles-sostenibles\/","title":{"rendered":"Projecte Barcelona Escoles + Sostenibles"},"content":{"rendered":"\n<figure class=\"wp-block-image size-full\"><a href=\"https:\/\/agora.xtec.cat\/escolapaucasals-horta\/wp-content\/uploads\/usu2657\/2026\/02\/images-6.jpg\"><img loading=\"lazy\" decoding=\"async\" width=\"377\" height=\"134\" src=\"https:\/\/agora.xtec.cat\/escolapaucasals-horta\/wp-content\/uploads\/usu2657\/2026\/02\/images-6.jpg\" alt=\"\" class=\"wp-image-4858\" srcset=\"https:\/\/agora.xtec.cat\/escolapaucasals-horta\/wp-content\/uploads\/usu2657\/2026\/02\/images-6.jpg 377w, https:\/\/agora.xtec.cat\/escolapaucasals-horta\/wp-content\/uploads\/usu2657\/2026\/02\/images-6-300x107.jpg 300w\" sizes=\"auto, (max-width: 377px) 100vw, 377px\" \/><\/a><\/figure>\n\n\n\n<p><\/p>\n\n\n\n<p>A l\u2019Escola Pau Casals estem fermament compromesos amb la cura del medi ambient i la promoci\u00f3 de valors sostenibles entre el nostre alumnat. Per aquest motiu formem part, des de fa molts anys, del projecte  <strong>\u201cBarcelona Escoles + Sostenibles\u201d<\/strong>, una iniciativa que promou accions educatives orientades a la sostenibilitat, el respecte pel nostre entorn i la participaci\u00f3 activa de tota la comunitat educativa.<\/p>\n\n\n\n<p>A trav\u00e9s d\u2019aquest projecte, desenvolupem diferents activitats i propostes que fomenten h\u00e0bits responsables, com ara la reducci\u00f3 de residus, el reciclatge, l\u2019estalvi d\u2019aigua i energia, la mobilitat sostenible i la conscienciaci\u00f3 ambiental. Creiem que l\u2019educaci\u00f3 \u00e9s una eina clau per formar ciutadans i ciutadanes compromesos amb el present i el futur del planeta.<\/p>\n\n\n\n<p>La participaci\u00f3 en aquest programa ens permet continuar avan\u00e7ant en la millora ambiental del centre i refor\u00e7ar el treball en equip entre alumnat, professorat i fam\u00edlies, tot compartint objectius comuns per construir una escola m\u00e9s verda, responsable i sostenible.<\/p>\n\n\n\n<p>Si voleu con\u00e8ixer amb m\u00e9s detall el projecte i les accions que s\u2019hi duen a terme, podeu consultar la informaci\u00f3 completa a trav\u00e9s del seg\u00fcent <a href=\"https:\/\/www.barcelona.cat\/barcelonasostenible\/ca\/escoles-sostenibles\" data-type=\"link\" data-id=\"https:\/\/www.barcelona.cat\/barcelonasostenible\/ca\/escoles-sostenibles\">enlla\u00e7<\/a><a href=\"https:\/\/www.barcelona.cat\/barcelonasostenible\/ca\/escoles-sostenibles\">.<\/a><\/p>\n\n\n\n<p>Algunes accions d&#8217;aquest curs s\u00f3n: el nou p\u00e0rquing de bicicletes i patinets i la neteja i plantada d&#8217;hivern a l&#8217;hort.<\/p>\n\n\n\n<figure class=\"wp-block-image size-large\"><a href=\"https:\/\/agora.xtec.cat\/escolapaucasals-horta\/wp-content\/uploads\/usu2657\/2026\/03\/IMG-20251126-WA0003-e1772625862343.jpg\"><img loading=\"lazy\" decoding=\"async\" width=\"1024\" height=\"566\" src=\"https:\/\/agora.xtec.cat\/escolapaucasals-horta\/wp-content\/uploads\/usu2657\/2026\/03\/IMG-20251126-WA0003-e1772625862343-1024x566.jpg\" alt=\"\" class=\"wp-image-5006\" srcset=\"https:\/\/agora.xtec.cat\/escolapaucasals-horta\/wp-content\/uploads\/usu2657\/2026\/03\/IMG-20251126-WA0003-e1772625862343-1024x566.jpg 1024w, https:\/\/agora.xtec.cat\/escolapaucasals-horta\/wp-content\/uploads\/usu2657\/2026\/03\/IMG-20251126-WA0003-e1772625862343-300x166.jpg 300w, https:\/\/agora.xtec.cat\/escolapaucasals-horta\/wp-content\/uploads\/usu2657\/2026\/03\/IMG-20251126-WA0003-e1772625862343-768x425.jpg 768w, https:\/\/agora.xtec.cat\/escolapaucasals-horta\/wp-content\/uploads\/usu2657\/2026\/03\/IMG-20251126-WA0003-e1772625862343-1536x849.jpg 1536w, https:\/\/agora.xtec.cat\/escolapaucasals-horta\/wp-content\/uploads\/usu2657\/2026\/03\/IMG-20251126-WA0003-e1772625862343.jpg 1592w\" sizes=\"auto, (max-width: 1024px) 100vw, 1024px\" \/><\/a><\/figure>\n","protected":false},"excerpt":{"rendered":"<p><a href=\"https:\/\/agora.xtec.cat\/escolapaucasals-horta\/wp-content\/uploads\/usu2657\/2026\/02\/images-6.jpg\"><\/a><\/p>\n<p>A l\u2019Escola Pau Casals estem fermament compromesos amb la cura del medi ambient i la promoci\u00f3 de valors sostenibles entre el nostre alumnat. Per aquest motiu formem part, des de fa molts anys, del projecte  \u201cBarcelona Escoles + Sostenibles\u201d, una iniciativa que promou&hellip;  <a href=\"https:\/\/agora.xtec.cat\/escolapaucasals-horta\/projecte-escoles-sostenibles\/\" title=\"Read Projecte Barcelona Escoles + Sostenibles\">Llegeix m\u00e9s\u00bb<\/a><\/p>\n","protected":false},"author":1,"featured_media":0,"parent":0,"menu_order":0,"comment_status":"closed","ping_status":"close","template":"","meta":{"_bbp_topic_count":0,"_bbp_reply_count":0,"_bbp_total_topic_count":0,"_bbp_total_reply_count":0,"_bbp_voice_count":0,"_bbp_anonymous_reply_count":0,"_bbp_topic_count_hidden":0,"_bbp_reply_count_hidden":0,"_bbp_forum_subforum_count":0,"footnotes":""},"class_list":["post-4832","page","type-page","status-publish","hentry"],"post_mailing_queue_ids":[],"_links":{"self":[{"href":"https:\/\/agora.xtec.cat\/escolapaucasals-horta\/wp-json\/wp\/v2\/pages\/4832","targetHints":{"allow":["GET"]}}],"collection":[{"href":"https:\/\/agora.xtec.cat\/escolapaucasals-horta\/wp-json\/wp\/v2\/pages"}],"about":[{"href":"https:\/\/agora.xtec.cat\/escolapaucasals-horta\/wp-json\/wp\/v2\/types\/page"}],"author":[{"embeddable":true,"href":"https:\/\/agora.xtec.cat\/escolapaucasals-horta\/wp-json\/wp\/v2\/users\/1"}],"replies":[{"embeddable":true,"href":"https:\/\/agora.xtec.cat\/escolapaucasals-horta\/wp-json\/wp\/v2\/comments?post=4832"}],"version-history":[{"count":6,"href":"https:\/\/agora.xtec.cat\/escolapaucasals-horta\/wp-json\/wp\/v2\/pages\/4832\/revisions"}],"predecessor-version":[{"id":5007,"href":"https:\/\/agora.xtec.cat\/escolapaucasals-horta\/wp-json\/wp\/v2\/pages\/4832\/revisions\/5007"}],"wp:attachment":[{"href":"https:\/\/agora.xtec.cat\/escolapaucasals-horta\/wp-json\/wp\/v2\/media?parent=4832"}],"curies":[{"name":"wp","href":"https:\/\/api.w.org\/{rel}","templated":true}]}}