{"id":3691,"date":"2025-01-15T13:15:49","date_gmt":"2025-01-15T12:15:49","guid":{"rendered":"https:\/\/agora.xtec.cat\/escolapaucasals-horta\/?page_id=3691"},"modified":"2025-12-03T21:30:29","modified_gmt":"2025-12-03T20:30:29","slug":"aula-dacollida","status":"publish","type":"page","link":"https:\/\/agora.xtec.cat\/escolapaucasals-horta\/aula-dacollida\/","title":{"rendered":"Aula d&#8217;acollida"},"content":{"rendered":"\n<div class=\"wp-block-buttons is-layout-flex wp-block-buttons-is-layout-flex\">\n<div class=\"wp-block-button is-style-outline is-style-outline--1\"><a class=\"wp-block-button__link has-text-align-center wp-element-button\" href=\"https:\/\/sites.google.com\/xtec.cat\/escola-pau-casals-hortaaa\/p%C3%A0gina-principal\" target=\"_blank\" rel=\"noreferrer noopener\"><strong>Cliqueu a sobre per accedir als recursos de l&#8217;aula d&#8217;acollida<\/strong><\/a><\/div>\n\n\n<\/div>\n\n\n\n<figure class=\"wp-block-image size-large\"><a href=\"https:\/\/agora.xtec.cat\/escolapaucasals-horta\/wp-content\/uploads\/usu2657\/2025\/01\/IMG-20241106-WA00032.jpg\"><img loading=\"lazy\" decoding=\"async\" width=\"1024\" height=\"768\" src=\"https:\/\/agora.xtec.cat\/escolapaucasals-horta\/wp-content\/uploads\/usu2657\/2025\/01\/IMG-20241106-WA00032-1024x768.jpg\" alt=\"\" class=\"wp-image-3795\" srcset=\"https:\/\/agora.xtec.cat\/escolapaucasals-horta\/wp-content\/uploads\/usu2657\/2025\/01\/IMG-20241106-WA00032-1024x768.jpg 1024w, https:\/\/agora.xtec.cat\/escolapaucasals-horta\/wp-content\/uploads\/usu2657\/2025\/01\/IMG-20241106-WA00032-300x225.jpg 300w, https:\/\/agora.xtec.cat\/escolapaucasals-horta\/wp-content\/uploads\/usu2657\/2025\/01\/IMG-20241106-WA00032-768x576.jpg 768w, https:\/\/agora.xtec.cat\/escolapaucasals-horta\/wp-content\/uploads\/usu2657\/2025\/01\/IMG-20241106-WA00032-1536x1152.jpg 1536w, https:\/\/agora.xtec.cat\/escolapaucasals-horta\/wp-content\/uploads\/usu2657\/2025\/01\/IMG-20241106-WA00032-200x150.jpg 200w, https:\/\/agora.xtec.cat\/escolapaucasals-horta\/wp-content\/uploads\/usu2657\/2025\/01\/IMG-20241106-WA00032.jpg 1600w\" sizes=\"auto, (max-width: 1024px) 100vw, 1024px\" \/><\/a><\/figure>\n\n\n\n<p class=\"has-text-align-left\">L&#8217;aula d&#8217;acollida \u00e9s un recurs que ofereix l&#8217;escola perqu\u00e8 els infants nouvinguts aprenguin millor la llengua catalana.<\/p>\n\n\n\n<p class=\"has-text-align-left\">L&#8217;alumnat disposa de materials diferents per millorar el vocabulari: llibres, ordinadors, jocs, murals, diccionaris il.lustrats,&#8230;<\/p>\n\n\n\n<p class=\"has-text-align-left\">Treballem molt la conversa (expressi\u00f3 oral), per\u00f2 tamb\u00e9 les altres habilitats ling\u00fc\u00edstiques (la comprensi\u00f3 lectora, l&#8217;escriptura i la comprensi\u00f3 oral).<\/p>\n\n\n\n<p class=\"has-text-align-left\">Com que estem en grup petit, hi ha menys infants i aix\u00f2 facilita aquest aprenentatge intensiu.<\/p>\n\n\n\n<p class=\"has-text-align-left\">L&#8217;aula ordin\u00e0ria \u00e9s el seu espai de refer\u00e8ncia i la seva classe. Mentre que l&#8217;aula d&#8217;acollida \u00e9s un recurs per accelerar l&#8217;aprenentatge de la llengua d&#8217;acollida, el catal\u00e0.<\/p>\n\n\n\n<p class=\"has-text-align-left\">Caracter\u00edstiques de l&#8217;aula d&#8217;acollida:&nbsp;<\/p>\n\n\n\n<p class=\"has-text-align-left\">-\u00e9s oberta ja que potencia l&#8217;aprenentatge de la llengua i l&#8217;acollida per facilitar la interacci\u00f3 de l&#8217;alumnat nouvingut amb la resta de companys.<\/p>\n\n\n\n<p class=\"has-text-align-left\">-\u00e9s flexible ja que respon a les necessitats d&#8217;aprenentatge i d&#8217;acollida de l&#8217;alumnat segons les seves necessitats.<\/p>\n\n\n\n<p class=\"has-text-align-left\">-\u00e9s din\u00e0mica perqu\u00e8 \u00e9s una part m\u00e9s de l&#8217;acci\u00f3 educativa de centre.<\/p>\n\n\n\n<p><\/p>\n\n\n\n<p>CASTELL\u00c0: <\/p>\n\n\n\n<p>El aula de acogida es un recurso que ofrece la escuela para que los ni\u00f1os reci\u00e9n llegados aprendan mejor la lengua catalana. <\/p>\n\n\n\n<p>El alumnado dispone de materiales diferentes para mejorar el vocabulario: libros, ordenadores, juegos, murales, diccionarios ilustrados,&#8230; <\/p>\n\n\n\n<p>Trabajamos mucho la conversaci\u00f3n (expresi\u00f3n oral), pero tambi\u00e9n las otras habilidades ling\u00fc\u00edsticas (la comprensi\u00f3n lectora, la escritura y la comprensi\u00f3n oral).&nbsp; <\/p>\n\n\n\n<p>Como estamos en peque\u00f1o grupo, hay un menor alumnado, lo que facilita este aprendizaje intensivo.<\/p>\n\n\n\n<p>El aula ordinaria es su espacio de referencia y su clase. Mientras que el aula de acogida es un recurso para acelerar el aprendizaje de la lengua de acogida, el catal\u00e1n. <\/p>\n\n\n\n<p>Caracter\u00edsticas del aula de acogida:&nbsp; <\/p>\n\n\n\n<p>-es abierta ya que potencia el aprendizaje de la lengua y la acogida para facilitar la interacci\u00f3n del alumnado reci\u00e9n llegado con el resto de compa\u00f1eros. <\/p>\n\n\n\n<p>-es flexible ya que responde a las necesidades de aprendizaje y de acogida del alumnado seg\u00fan sus necesidades. <\/p>\n\n\n\n<p>-es din\u00e1mica porque es una parte m\u00e1s de la acci\u00f3n educativa de centro.<\/p>\n\n\n\n<p>\u00c0RAB:<\/p>\n\n\n\n<p>\u0641\u0635\u0644 \u0627\u0644\u0627\u0633\u062a\u0642\u0628\u0627\u0644 \u0647\u0648 \u0645\u0648\u0631\u062f \u062a\u0642\u062f\u0645\u0647 \u0627\u0644\u0645\u062f\u0631\u0633\u0629 \u062d\u062a\u0649 \u064a\u062a\u0645\u0643\u0646 \u0627\u0644\u0623\u0637\u0641\u0627\u0644 \u0627\u0644\u0648\u0627\u0641\u062f\u0648\u0646 \u062d\u062f\u064a\u062b\u0627 \u0645\u0646 \u062a\u0639\u0644\u0645 \u0627\u0644\u0644\u063a\u0629 \u0627\u0644\u0643\u0627\u062a\u0627\u0644\u0648\u0646\u064a\u0629 \u0628\u0634\u0643\u0644 \u0623\u0641\u0636\u0644. \u0644\u062f\u0649 \u0627\u0644\u0637\u0644\u0627\u0628 \u0645\u0648\u0627\u062f \u0645\u062e\u062a\u0644\u0641\u0629 \u0644\u062a\u062d\u0633\u064a\u0646 \u0645\u0641\u0631\u062f\u0627\u062a\u0647\u0645: \u0627\u0644\u0643\u062a\u0628 \u0648\u0623\u062c\u0647\u0632\u0629 \u0627\u0644\u0643\u0645\u0628\u064a\u0648\u062a\u0631 \u0648\u0627\u0644\u0623\u0644\u0639\u0627\u0628 \u0648\u0627\u0644\u062c\u062f\u0627\u0631\u064a\u0627\u062a \u0648\u0627\u0644\u0642\u0648\u0627\u0645\u064a\u0633 \u0627\u0644\u0645\u0635\u0648\u0631\u0629,&#8230; \u0646\u062d\u0646 \u0646\u0639\u0645\u0644 \u0643\u062b\u064a\u0631\u0627 \u0639\u0644\u0649 \u0627\u0644\u0645\u062d\u0627\u062f\u062b\u0629 (\u0627\u0644\u062a\u0639\u0628\u064a\u0631 \u0627\u0644\u0634\u0641\u0647\u064a) \u060c \u0648\u0644\u0643\u0646 \u0623\u064a\u0636\u0627 \u0639\u0644\u0649 \u0627\u0644\u0645\u0647\u0627\u0631\u0627\u062a \u0627\u0644\u0644\u063a\u0648\u064a\u0629 \u0627\u0644\u0623\u062e\u0631\u0649 (\u0641\u0647\u0645 \u0627\u0644\u0642\u0631\u0627\u0621\u0629 \u0648\u0627\u0644\u0643\u062a\u0627\u0628\u0629 \u0648\u0627\u0644\u0627\u0633\u062a\u0645\u0627\u0639).&nbsp; \u0627\u0644\u0641\u0635\u0644 \u0627\u0644\u062f\u0631\u0627\u0633\u064a \u0627\u0644\u0639\u0627\u062f\u064a \u0647\u0648 \u0627\u0644\u0645\u0633\u0627\u062d\u0629 \u0627\u0644\u0645\u0631\u062c\u0639\u064a\u0629 \u0648\u0641\u0635\u0644\u0647\u0645. \u0641\u064a \u062d\u064a\u0646 \u0623\u0646 \u0641\u0635\u0644 \u0627\u0644\u0627\u0633\u062a\u0642\u0628\u0627\u0644 \u0647\u0648 \u0645\u0648\u0631\u062f \u0644\u062a\u0633\u0631\u064a\u0639 \u062a\u0639\u0644\u0645 \u0627\u0644\u0644\u063a\u0629 \u0627\u0644\u0645\u0636\u064a\u0641\u0629 \u060c \u0627\u0644\u0643\u0627\u062a\u0627\u0644\u0648\u0646\u064a\u0629. \u062e\u0635\u0627\u0626\u0635 \u0641\u0635\u0644 \u0627\u0644\u0627\u0633\u062a\u0642\u0628\u0627\u0644:&nbsp; &#8211; \u0625\u0646\u0647 \u0645\u0641\u062a\u0648\u062d \u0644\u0623\u0646\u0647 \u064a\u0639\u0632\u0632 \u062a\u0639\u0644\u0645 \u0627\u0644\u0644\u063a\u0629 \u0648\u0627\u0633\u062a\u0642\u0628\u0627\u0644\u0647\u0627 \u0644\u062a\u0633\u0647\u064a\u0644 \u062a\u0641\u0627\u0639\u0644 \u0627\u0644\u0637\u0644\u0627\u0628 \u0627\u0644\u0648\u0627\u0641\u062f\u064a\u0646 \u062d\u062f\u064a\u062b\u0627 \u0645\u0639 \u0628\u0642\u064a\u0629 \u0632\u0645\u0644\u0627\u0626\u0647\u0645 \u0641\u064a \u0627\u0644\u0641\u0635\u0644. &#8211; \u0645\u0631\u0646\u0629 \u0644\u0623\u0646\u0647\u0627 \u062a\u0633\u062a\u062c\u064a\u0628 \u0644\u0627\u062d\u062a\u064a\u0627\u062c\u0627\u062a \u0627\u0644\u062a\u0639\u0644\u0645 \u0648\u0627\u0644\u0627\u0633\u062a\u0642\u0628\u0627\u0644 \u0644\u0644\u0637\u0644\u0627\u0628 \u0648\u0641\u0642\u0627 \u0644\u0627\u062d\u062a\u064a\u0627\u062c\u0627\u062a\u0647\u0645. &#8211; \u0625\u0646\u0647\u0627 \u062f\u064a\u0646\u0627\u0645\u064a\u0643\u064a\u0629 \u0644\u0623\u0646\u0647\u0627 \u062c\u0632\u0621 \u0622\u062e\u0631 \u0645\u0646 \u0627\u0644\u0639\u0645\u0644 \u0627\u0644\u062a\u0639\u0644\u064a\u0645\u064a \u0644\u0644\u0645\u062f\u0631\u0633\u0629.<\/p>\n\n\n\n<p>URD\u00da:<\/p>\n\n\n\n<p><a href=\"https:\/\/sites.google.com\/d\/1iLl4qH57d81S49b8p9Z7YkjrFbBrLfZ4\/p\/1ukDrCD8VxP-DGrIG1xDAuhwOHMdnEaVU\/edit?pli=1\" data-type=\"link\" data-id=\"https:\/\/sites.google.com\/d\/1iLl4qH57d81S49b8p9Z7YkjrFbBrLfZ4\/p\/1ukDrCD8VxP-DGrIG1xDAuhwOHMdnEaVU\/edit?pli=1\">Clica aqu\u00ed per accedir als recursos de l&#8217;aula d&#8217;acollida<\/a><\/p>\n\n\n\n<p>\u0627\u0633\u062a\u0642\u0628\u0627\u0644\u06cc\u06c1 \u06a9\u0644\u0627\u0633 \u0631\u0648\u0645 \u0627\u0633\u06a9\u0648\u0644 \u06a9\u06cc \u0637\u0631\u0641 \u0633\u06d2 \u067e\u06cc\u0634 \u06a9\u0631\u062f\u06c1 \u0627\u06cc\u06a9 \u0648\u0633\u06cc\u0644\u06c1 \u06c1\u06d2 \u062a\u0627\u06a9\u06c1 \u0646\u0626\u06d2 \u0622\u0646\u06d2 \u0648\u0627\u0644\u06d2 \u0628\u0686\u06d2 \u06a9\u0627\u062a\u0627\u0644\u0627\u0646 \u0632\u0628\u0627\u0646 \u06a9\u0648 \u0628\u06c1\u062a\u0631 \u0637\u0631\u06cc\u0642\u06d2 \u0633\u06d2 \u0633\u06cc\u06a9\u06be \u0633\u06a9\u06cc\u06ba\u06d4 \u0637\u0627\u0644\u0628 \u0639\u0644\u0645\u0648\u06ba \u06a9\u06d2 \u067e\u0627\u0633 \u0627\u067e\u0646\u06d2 \u0627\u0644\u0641\u0627\u0638 \u06a9\u0648 \u0628\u06c1\u062a\u0631 \u0628\u0646\u0627\u0646\u06d2 \u06a9\u06d2 \u0644\u0626\u06d2 \u0645\u062e\u062a\u0644\u0641 \u0645\u0648\u0627\u062f \u06c1\u06cc\u06ba: \u06a9\u062a\u0627\u0628\u06cc\u06ba\u060c \u06a9\u0645\u067e\u06cc\u0648\u0679\u0631\u060c \u06af\u06cc\u0645\u0632\u060c \u0645\u06cc\u0648\u0631\u0644\u0632\u060c \u062a\u0635\u0648\u06cc\u0631\u06cc \u0644\u063a\u0627\u062a,&#8230; \u06c1\u0645 \u0628\u0627\u062a \u0686\u06cc\u062a (\u0632\u0628\u0627\u0646\u06cc \u0627\u0638\u06c1\u0627\u0631) \u067e\u0631 \u0628\u06c1\u062a \u06a9\u0627\u0645 \u06a9\u0631\u062a\u06d2 \u06c1\u06cc\u06ba\u060c \u0644\u06cc\u06a9\u0646 \u0632\u0628\u0627\u0646 \u06a9\u06cc \u062f\u06cc\u06af\u0631 \u0645\u06c1\u0627\u0631\u062a\u0648\u06ba (\u067e\u0691\u06be\u0646\u06d2 \u06a9\u06cc \u062a\u0641\u06c1\u06cc\u0645\u060c \u062a\u062d\u0631\u06cc\u0631 \u0627\u0648\u0631 \u0633\u0646\u0646\u06d2 \u06a9\u06cc \u062a\u0641\u06c1\u06cc\u0645) \u067e\u0631 \u0628\u06be\u06cc \u06a9\u0627\u0645 \u06a9\u0631\u062a\u06d2 \u06c1\u06cc\u06ba.&nbsp; \u0639\u0627\u0645 \u06a9\u0644\u0627\u0633 \u0631\u0648\u0645 \u0627\u0646 \u06a9\u06d2 \u062d\u0648\u0627\u0644\u06c1 \u06a9\u06cc \u062c\u06af\u06c1 \u0627\u0648\u0631 \u0627\u0646 \u06a9\u06cc \u06a9\u0644\u0627\u0633 \u06c1\u06d2. \u062c\u0628\u06a9\u06c1 \u0627\u0633\u062a\u0642\u0628\u0627\u0644\u06cc\u06c1 \u06a9\u0644\u0627\u0633 \u0631\u0648\u0645 \u0645\u06cc\u0632\u0628\u0627\u0646 \u0632\u0628\u0627\u0646 \u060c \u06a9\u0627\u062a\u0627\u0644\u0627\u0646 \u06a9\u06d2 \u0633\u06cc\u06a9\u06be\u0646\u06d2 \u06a9\u0648 \u062a\u06cc\u0632 \u06a9\u0631\u0646\u06d2 \u06a9\u0627 \u0627\u06cc\u06a9 \u0630\u0631\u06cc\u0639\u06c1 \u06c1\u06d2\u06d4 \u0627\u0633\u062a\u0642\u0628\u0627\u0644\u06cc\u06c1 \u06a9\u0644\u0627\u0633 \u0631\u0648\u0645 \u06a9\u06cc \u062e\u0635\u0648\u0635\u06cc\u0627\u062a:&nbsp; &#8211; \u06cc\u06c1 \u06a9\u06be\u0644\u0627 \u06c1\u06d2 \u06a9\u06cc\u0648\u0646\u06a9\u06c1 \u06cc\u06c1 \u0632\u0628\u0627\u0646 \u0633\u06cc\u06a9\u06be\u0646\u06d2 \u0627\u0648\u0631 \u0627\u0633\u062a\u0642\u0628\u0627\u0644 \u06a9\u0648 \u0641\u0631\u0648\u063a \u062f\u06cc\u062a\u0627 \u06c1\u06d2 \u062a\u0627\u06a9\u06c1 \u0646\u0626\u06d2 \u0622\u0646\u06d2 \u0648\u0627\u0644\u06d2 \u0637\u0644\u0628\u0627\u0621 \u06a9\u0648 \u0627\u0646 \u06a9\u06d2 \u0628\u0627\u0642\u06cc \u06c1\u0645 \u062c\u0645\u0627\u0639\u062a\u0648\u06ba \u06a9\u06d2 \u0633\u0627\u062a\u06be \u0628\u0627\u062a \u0686\u06cc\u062a \u06a9\u06cc \u0633\u06c1\u0648\u0644\u062a \u0641\u0631\u0627\u06c1\u0645 \u06a9\u06cc \u062c\u0627\u0633\u06a9\u06d2\u06d4 &#8211; \u06cc\u06c1 \u0644\u0686\u06a9\u062f\u0627\u0631 \u06c1\u06d2 \u06a9\u06cc\u0648\u0646\u06a9\u06c1 \u06cc\u06c1 \u0637\u0627\u0644\u0628 \u0639\u0644\u0645\u0648\u06ba \u06a9\u06cc \u0633\u06cc\u06a9\u06be\u0646\u06d2 \u0627\u0648\u0631 \u0627\u0646 \u06a9\u06cc \u0636\u0631\u0648\u0631\u06cc\u0627\u062a \u06a9\u06d2 \u0645\u0637\u0627\u0628\u0642 \u0627\u0633\u062a\u0642\u0628\u0627\u0644 \u06a9\u06cc \u0636\u0631\u0648\u0631\u06cc\u0627\u062a \u06a9\u0627 \u062c\u0648\u0627\u0628 \u062f\u06cc\u062a\u0627 \u06c1\u06d2. &#8211; \u06cc\u06c1 \u0645\u062a\u062d\u0631\u06a9 \u06c1\u06d2 \u06a9\u06cc\u0648\u0646\u06a9\u06c1 \u06cc\u06c1 \u0627\u0633\u06a9\u0648\u0644 \u06a9\u06d2 \u062a\u0639\u0644\u06cc\u0645\u06cc \u0639\u0645\u0644 \u06a9\u0627 \u0627\u06cc\u06a9 \u0627\u0648\u0631 \u062d\u0635\u06c1 \u06c1\u06d2.<\/p>\n\n\n\n<p><\/p>\n\n\n\n<p><\/p>\n\n\n\n<p><\/p>\n\n\n\n<p><a href=\"https:\/\/sites.google.com\/d\/1iLl4qH57d81S49b8p9Z7YkjrFbBrLfZ4\/p\/1ukDrCD8VxP-DGrIG1xDAuhwOHMdnEaVU\/edit?pli=1\">https:\/\/sites.google.com\/d\/1iLl4qH57d81S49b8p9Z7YkjrFbBrLfZ4\/p\/1ukDrCD8VxP-DGrIG1xDAuhwOHMdnEaVU\/edit?pli=1<\/a><\/p>\n\n\n\n<p><\/p>\n","protected":false},"excerpt":{"rendered":"<p><a class=\"wp-block-button__link has-text-align-center wp-element-button\" href=\"https:\/\/sites.google.com\/xtec.cat\/escola-pau-casals-hortaaa\/p%C3%A0gina-principal\" target=\"_blank\" rel=\"noreferrer noopener\">Cliqueu a sobre per accedir als recursos de l&#8217;aula d&#8217;acollida<\/a><\/p>\n<p><a href=\"https:\/\/agora.xtec.cat\/escolapaucasals-horta\/wp-content\/uploads\/usu2657\/2025\/01\/IMG-20241106-WA00032.jpg\"><\/a><\/p>\n<p>L&#8217;aula d&#8217;acollida \u00e9s un recurs que ofereix l&#8217;escola perqu\u00e8 els infants nouvinguts aprenguin millor la llengua catalana.<\/p>\n<p>L&#8217;alumnat disposa de materials diferents per millorar el vocabulari: llibres, ordinadors, jocs,&hellip;  <a href=\"https:\/\/agora.xtec.cat\/escolapaucasals-horta\/aula-dacollida\/\" title=\"Read Aula d&#8217;acollida\">Llegeix m\u00e9s\u00bb<\/a><\/p>\n","protected":false},"author":1,"featured_media":0,"parent":0,"menu_order":0,"comment_status":"closed","ping_status":"close","template":"","meta":{"_bbp_topic_count":0,"_bbp_reply_count":0,"_bbp_total_topic_count":0,"_bbp_total_reply_count":0,"_bbp_voice_count":0,"_bbp_anonymous_reply_count":0,"_bbp_topic_count_hidden":0,"_bbp_reply_count_hidden":0,"_bbp_forum_subforum_count":0,"footnotes":""},"class_list":["post-3691","page","type-page","status-publish","hentry"],"post_mailing_queue_ids":[],"_links":{"self":[{"href":"https:\/\/agora.xtec.cat\/escolapaucasals-horta\/wp-json\/wp\/v2\/pages\/3691","targetHints":{"allow":["GET"]}}],"collection":[{"href":"https:\/\/agora.xtec.cat\/escolapaucasals-horta\/wp-json\/wp\/v2\/pages"}],"about":[{"href":"https:\/\/agora.xtec.cat\/escolapaucasals-horta\/wp-json\/wp\/v2\/types\/page"}],"author":[{"embeddable":true,"href":"https:\/\/agora.xtec.cat\/escolapaucasals-horta\/wp-json\/wp\/v2\/users\/1"}],"replies":[{"embeddable":true,"href":"https:\/\/agora.xtec.cat\/escolapaucasals-horta\/wp-json\/wp\/v2\/comments?post=3691"}],"version-history":[{"count":6,"href":"https:\/\/agora.xtec.cat\/escolapaucasals-horta\/wp-json\/wp\/v2\/pages\/3691\/revisions"}],"predecessor-version":[{"id":4590,"href":"https:\/\/agora.xtec.cat\/escolapaucasals-horta\/wp-json\/wp\/v2\/pages\/3691\/revisions\/4590"}],"wp:attachment":[{"href":"https:\/\/agora.xtec.cat\/escolapaucasals-horta\/wp-json\/wp\/v2\/media?parent=3691"}],"curies":[{"name":"wp","href":"https:\/\/api.w.org\/{rel}","templated":true}]}}