{"id":3648,"date":"2025-01-15T12:46:54","date_gmt":"2025-01-15T11:46:54","guid":{"rendered":"https:\/\/agora.xtec.cat\/escolapaucasals-horta\/?page_id=3648"},"modified":"2025-01-16T10:51:41","modified_gmt":"2025-01-16T09:51:41","slug":"aqui-priou-bullying","status":"publish","type":"page","link":"https:\/\/agora.xtec.cat\/escolapaucasals-horta\/projectes-descola\/aqui-priou-bullying\/","title":{"rendered":"Projecte Aqu\u00ed Prou Bullying"},"content":{"rendered":"\n<p>L&#8217;Escola Pau Casals est\u00e0 certificada amb el Projecte d&#8217;Innovaci\u00f3 Aqu\u00ed Prou Bullying.<\/p>\n\n\n\n<p>Els alumnes de 5\u00e8 formen els <strong>Equips per la Conviv\u00e8ncia <\/strong>i vetllen per mantenir un ambient positiu, de respecte i sense asssetjament de cap tipus.<\/p>\n\n\n\n<p class=\"has-text-align-center\"><a href=\"https:\/\/drive.google.com\/file\/d\/1EFa5QoSMCnAcvwW77EwXf5NVURwibzXB\/view?usp=drive_link\"><strong>V\u00eddeo explicatiu dels ExC<\/strong><\/a><\/p>\n\n\n<div class=\"wp-block-image\">\n<figure class=\"aligncenter size-large is-resized\"><a href=\"https:\/\/drive.google.com\/file\/d\/1EFa5QoSMCnAcvwW77EwXf5NVURwibzXB\/view?usp=drive_link\"><img loading=\"lazy\" decoding=\"async\" width=\"1024\" height=\"660\" src=\"https:\/\/agora.xtec.cat\/escolapaucasals-horta\/wp-content\/uploads\/usu2657\/2025\/01\/Captura-de-pantalla-2025-01-15-135708-1024x660.png\" alt=\"\" class=\"wp-image-3745\" style=\"width:292px;height:auto\"\/><\/a><\/figure><\/div>\n\n\n<figure class=\"wp-block-gallery has-nested-images columns-default is-cropped wp-block-gallery-1 is-layout-flex wp-block-gallery-is-layout-flex\">\n<figure class=\"wp-block-image size-large\"><a href=\"https:\/\/agora.xtec.cat\/escolapaucasals-horta\/wp-content\/uploads\/usu2657\/2025\/01\/IMG-20230315-WA0004.jpg\"><img loading=\"lazy\" decoding=\"async\" width=\"1024\" height=\"576\" data-id=\"3716\" src=\"https:\/\/agora.xtec.cat\/escolapaucasals-horta\/wp-content\/uploads\/usu2657\/2025\/01\/IMG-20230315-WA0004-1024x576.jpg\" alt=\"\" class=\"wp-image-3716\" srcset=\"https:\/\/agora.xtec.cat\/escolapaucasals-horta\/wp-content\/uploads\/usu2657\/2025\/01\/IMG-20230315-WA0004-1024x576.jpg 1024w, https:\/\/agora.xtec.cat\/escolapaucasals-horta\/wp-content\/uploads\/usu2657\/2025\/01\/IMG-20230315-WA0004-300x169.jpg 300w, https:\/\/agora.xtec.cat\/escolapaucasals-horta\/wp-content\/uploads\/usu2657\/2025\/01\/IMG-20230315-WA0004-768x432.jpg 768w, https:\/\/agora.xtec.cat\/escolapaucasals-horta\/wp-content\/uploads\/usu2657\/2025\/01\/IMG-20230315-WA0004-1536x864.jpg 1536w, https:\/\/agora.xtec.cat\/escolapaucasals-horta\/wp-content\/uploads\/usu2657\/2025\/01\/IMG-20230315-WA0004.jpg 1600w\" sizes=\"auto, (max-width: 1024px) 100vw, 1024px\" \/><\/a><\/figure>\n\n\n\n<figure class=\"wp-block-image size-large\"><a href=\"https:\/\/agora.xtec.cat\/escolapaucasals-horta\/wp-content\/uploads\/usu2657\/2025\/01\/IMG-20230315-WA0005.jpg\"><img loading=\"lazy\" decoding=\"async\" width=\"1024\" height=\"576\" data-id=\"3718\" src=\"https:\/\/agora.xtec.cat\/escolapaucasals-horta\/wp-content\/uploads\/usu2657\/2025\/01\/IMG-20230315-WA0005-1024x576.jpg\" alt=\"\" class=\"wp-image-3718\" srcset=\"https:\/\/agora.xtec.cat\/escolapaucasals-horta\/wp-content\/uploads\/usu2657\/2025\/01\/IMG-20230315-WA0005-1024x576.jpg 1024w, https:\/\/agora.xtec.cat\/escolapaucasals-horta\/wp-content\/uploads\/usu2657\/2025\/01\/IMG-20230315-WA0005-300x169.jpg 300w, https:\/\/agora.xtec.cat\/escolapaucasals-horta\/wp-content\/uploads\/usu2657\/2025\/01\/IMG-20230315-WA0005-768x432.jpg 768w, https:\/\/agora.xtec.cat\/escolapaucasals-horta\/wp-content\/uploads\/usu2657\/2025\/01\/IMG-20230315-WA0005-1536x864.jpg 1536w, https:\/\/agora.xtec.cat\/escolapaucasals-horta\/wp-content\/uploads\/usu2657\/2025\/01\/IMG-20230315-WA0005.jpg 1600w\" sizes=\"auto, (max-width: 1024px) 100vw, 1024px\" \/><\/a><\/figure>\n\n\n\n<figure class=\"wp-block-image size-large\"><a href=\"https:\/\/agora.xtec.cat\/escolapaucasals-horta\/wp-content\/uploads\/usu2657\/2025\/01\/IMG-20230315-WA0015-1-1024x576-1.jpg\"><img loading=\"lazy\" decoding=\"async\" width=\"1024\" height=\"576\" data-id=\"3717\" src=\"https:\/\/agora.xtec.cat\/escolapaucasals-horta\/wp-content\/uploads\/usu2657\/2025\/01\/IMG-20230315-WA0015-1-1024x576-1.jpg\" alt=\"\" class=\"wp-image-3717\" srcset=\"https:\/\/agora.xtec.cat\/escolapaucasals-horta\/wp-content\/uploads\/usu2657\/2025\/01\/IMG-20230315-WA0015-1-1024x576-1.jpg 1024w, https:\/\/agora.xtec.cat\/escolapaucasals-horta\/wp-content\/uploads\/usu2657\/2025\/01\/IMG-20230315-WA0015-1-1024x576-1-300x169.jpg 300w, https:\/\/agora.xtec.cat\/escolapaucasals-horta\/wp-content\/uploads\/usu2657\/2025\/01\/IMG-20230315-WA0015-1-1024x576-1-768x432.jpg 768w\" sizes=\"auto, (max-width: 1024px) 100vw, 1024px\" \/><\/a><\/figure>\n<\/figure>\n","protected":false},"excerpt":{"rendered":"<p>L&#8217;Escola Pau Casals est\u00e0 certificada amb el Projecte d&#8217;Innovaci\u00f3 Aqu\u00ed Prou Bullying.<\/p>\n<p>Els alumnes de 5\u00e8 formen els Equips per la Conviv\u00e8ncia i vetllen per mantenir un ambient positiu, de respecte i sense asssetjament de cap tipus.<\/p>\n<p><a href=\"https:\/\/drive.google.com\/file\/d\/1EFa5QoSMCnAcvwW77EwXf5NVURwibzXB\/view?usp=drive_link\">V\u00eddeo explicatiu dels ExC<\/a><\/p>\n<p><a href=\"https:\/\/drive.google.com\/file\/d\/1EFa5QoSMCnAcvwW77EwXf5NVURwibzXB\/view?usp=drive_link\"><\/a><\/p>\n<p><a href=\"https:\/\/agora.xtec.cat\/escolapaucasals-horta\/wp-content\/uploads\/usu2657\/2025\/01\/IMG-20230315-WA0004.jpg\"><\/a><\/p>\n<p><a href=\"https:\/\/agora.xtec.cat\/escolapaucasals-horta\/wp-content\/uploads\/usu2657\/2025\/01\/IMG-20230315-WA0005.jpg\"><\/a><\/p>\n<p><a href=\"https:\/\/agora.xtec.cat\/escolapaucasals-horta\/wp-content\/uploads\/usu2657\/2025\/01\/IMG-20230315-WA0015-1-1024x576-1.jpg\"><\/a><\/p>\n","protected":false},"author":1,"featured_media":0,"parent":3633,"menu_order":0,"comment_status":"closed","ping_status":"closed","template":"","meta":{"_bbp_topic_count":0,"_bbp_reply_count":0,"_bbp_total_topic_count":0,"_bbp_total_reply_count":0,"_bbp_voice_count":0,"_bbp_anonymous_reply_count":0,"_bbp_topic_count_hidden":0,"_bbp_reply_count_hidden":0,"_bbp_forum_subforum_count":0,"footnotes":""},"class_list":["post-3648","page","type-page","status-publish","hentry"],"post_mailing_queue_ids":[],"_links":{"self":[{"href":"https:\/\/agora.xtec.cat\/escolapaucasals-horta\/wp-json\/wp\/v2\/pages\/3648","targetHints":{"allow":["GET"]}}],"collection":[{"href":"https:\/\/agora.xtec.cat\/escolapaucasals-horta\/wp-json\/wp\/v2\/pages"}],"about":[{"href":"https:\/\/agora.xtec.cat\/escolapaucasals-horta\/wp-json\/wp\/v2\/types\/page"}],"author":[{"embeddable":true,"href":"https:\/\/agora.xtec.cat\/escolapaucasals-horta\/wp-json\/wp\/v2\/users\/1"}],"replies":[{"embeddable":true,"href":"https:\/\/agora.xtec.cat\/escolapaucasals-horta\/wp-json\/wp\/v2\/comments?post=3648"}],"version-history":[{"count":6,"href":"https:\/\/agora.xtec.cat\/escolapaucasals-horta\/wp-json\/wp\/v2\/pages\/3648\/revisions"}],"predecessor-version":[{"id":3776,"href":"https:\/\/agora.xtec.cat\/escolapaucasals-horta\/wp-json\/wp\/v2\/pages\/3648\/revisions\/3776"}],"up":[{"embeddable":true,"href":"https:\/\/agora.xtec.cat\/escolapaucasals-horta\/wp-json\/wp\/v2\/pages\/3633"}],"wp:attachment":[{"href":"https:\/\/agora.xtec.cat\/escolapaucasals-horta\/wp-json\/wp\/v2\/media?parent=3648"}],"curies":[{"name":"wp","href":"https:\/\/api.w.org\/{rel}","templated":true}]}}