{"id":3427,"date":"2024-09-12T11:09:11","date_gmt":"2024-09-12T09:09:11","guid":{"rendered":"https:\/\/agora.xtec.cat\/escolapaucasals-horta\/?page_id=3427"},"modified":"2026-06-29T14:30:41","modified_gmt":"2026-06-29T12:30:41","slug":"benvinguts","status":"publish","type":"page","link":"https:\/\/agora.xtec.cat\/escolapaucasals-horta\/","title":{"rendered":"EL NOSTRE TRENCAD\u00cdS"},"content":{"rendered":"\n<p class=\"has-text-align-center\"><\/p>\n\n\n\n<div class=\"wp-block-file\"><\/div>\n\n\n\n<figure class=\"wp-block-gallery has-nested-images columns-default is-cropped wp-block-gallery-1 is-layout-flex wp-block-gallery-is-layout-flex\">\n<figure class=\"wp-block-image size-large\"><a href=\"https:\/\/agora.xtec.cat\/escolapaucasals-horta\/wp-content\/uploads\/usu2657\/2026\/01\/IMG-20260114-WA0006-1-scaled.jpg\"><img loading=\"lazy\" decoding=\"async\" width=\"1024\" height=\"511\" data-id=\"4664\" src=\"https:\/\/agora.xtec.cat\/escolapaucasals-horta\/wp-content\/uploads\/usu2657\/2026\/01\/IMG-20260114-WA0006-1-1024x511.jpg\" alt=\"\" class=\"wp-image-4664\" srcset=\"https:\/\/agora.xtec.cat\/escolapaucasals-horta\/wp-content\/uploads\/usu2657\/2026\/01\/IMG-20260114-WA0006-1-1024x511.jpg 1024w, https:\/\/agora.xtec.cat\/escolapaucasals-horta\/wp-content\/uploads\/usu2657\/2026\/01\/IMG-20260114-WA0006-1-300x150.jpg 300w, https:\/\/agora.xtec.cat\/escolapaucasals-horta\/wp-content\/uploads\/usu2657\/2026\/01\/IMG-20260114-WA0006-1-768x383.jpg 768w, https:\/\/agora.xtec.cat\/escolapaucasals-horta\/wp-content\/uploads\/usu2657\/2026\/01\/IMG-20260114-WA0006-1-1536x766.jpg 1536w, https:\/\/agora.xtec.cat\/escolapaucasals-horta\/wp-content\/uploads\/usu2657\/2026\/01\/IMG-20260114-WA0006-1-2048x1021.jpg 2048w\" sizes=\"auto, (max-width: 1024px) 100vw, 1024px\" \/><\/a><\/figure>\n<\/figure>\n\n\n\n<p><\/p>\n\n\n\n<p class=\"has-text-align-left\">Enguany, per celebrar que \u00e9s l\u2019Any Gaud\u00ed, fil conductor de moltes de les activitats del curs 2025-26, hem decidit crear un mural estil trencad\u00eds al vest\u00edbul de l\u2019escola.<\/p>\n\n\n\n<p class=\"has-text-align-left\">Amb material reciclat i la participaci\u00f3 de tots els nens i nenes del centre, hem realitzat aquest gran mural que incorpora el nom de la nostra escola, el logotip i un violoncel, en homenatge a l\u2019artista que dona nom a l\u2019escola: Pau Casals.<\/p>\n\n\n\n<h2 class=\"wp-block-heading\"><\/h2>\n\n\n\n<p><\/p>\n\n\n\n<p><\/p>\n","protected":false},"excerpt":{"rendered":"<p>Enguany, per celebrar que \u00e9s l\u2019Any Gaud\u00ed, fil conductor de moltes de les activitats del curs 2025-26, hem decidit crear un mural estil trencad\u00eds al vest\u00edbul de l\u2019escola. Amb material reciclat i la participaci\u00f3 de tots els nens i nenes del centre, hem realitzat aquest gran mural que incorpora el nom de la nostra escola, [&hellip;]<\/p>\n","protected":false},"author":1,"featured_media":0,"parent":0,"menu_order":0,"comment_status":"closed","ping_status":"closed","template":"","meta":{"_bbp_topic_count":0,"_bbp_reply_count":0,"_bbp_total_topic_count":0,"_bbp_total_reply_count":0,"_bbp_voice_count":0,"_bbp_anonymous_reply_count":0,"_bbp_topic_count_hidden":0,"_bbp_reply_count_hidden":0,"_bbp_forum_subforum_count":0,"site-sidebar-layout":"default","site-content-layout":"","ast-site-content-layout":"default","site-content-style":"default","site-sidebar-style":"default","ast-global-header-display":"","ast-banner-title-visibility":"","ast-main-header-display":"","ast-hfb-above-header-display":"","ast-hfb-below-header-display":"","ast-hfb-mobile-header-display":"","site-post-title":"","ast-breadcrumbs-content":"","ast-featured-img":"","footer-sml-layout":"","theme-transparent-header-meta":"","adv-header-id-meta":"","stick-header-meta":"","header-above-stick-meta":"","header-main-stick-meta":"","header-below-stick-meta":"","astra-migrate-meta-layouts":"set","ast-page-background-enabled":"default","ast-page-background-meta":{"desktop":{"background-color":"var(--ast-global-color-4)","background-image":"","background-repeat":"repeat","background-position":"center center","background-size":"auto","background-attachment":"scroll","background-type":"","background-media":"","overlay-type":"","overlay-color":"","overlay-opacity":"","overlay-gradient":""},"tablet":{"background-color":"","background-image":"","background-repeat":"repeat","background-position":"center center","background-size":"auto","background-attachment":"scroll","background-type":"","background-media":"","overlay-type":"","overlay-color":"","overlay-opacity":"","overlay-gradient":""},"mobile":{"background-color":"","background-image":"","background-repeat":"repeat","background-position":"center center","background-size":"auto","background-attachment":"scroll","background-type":"","background-media":"","overlay-type":"","overlay-color":"","overlay-opacity":"","overlay-gradient":""}},"ast-content-background-meta":{"desktop":{"background-color":"var(--ast-global-color-5)","background-image":"","background-repeat":"repeat","background-position":"center center","background-size":"auto","background-attachment":"scroll","background-type":"","background-media":"","overlay-type":"","overlay-color":"","overlay-opacity":"","overlay-gradient":""},"tablet":{"background-color":"var(--ast-global-color-5)","background-image":"","background-repeat":"repeat","background-position":"center center","background-size":"auto","background-attachment":"scroll","background-type":"","background-media":"","overlay-type":"","overlay-color":"","overlay-opacity":"","overlay-gradient":""},"mobile":{"background-color":"var(--ast-global-color-5)","background-image":"","background-repeat":"repeat","background-position":"center center","background-size":"auto","background-attachment":"scroll","background-type":"","background-media":"","overlay-type":"","overlay-color":"","overlay-opacity":"","overlay-gradient":""}},"footnotes":""},"class_list":["post-3427","page","type-page","status-publish","hentry"],"post_mailing_queue_ids":[],"_links":{"self":[{"href":"https:\/\/agora.xtec.cat\/escolapaucasals-horta\/wp-json\/wp\/v2\/pages\/3427","targetHints":{"allow":["GET"]}}],"collection":[{"href":"https:\/\/agora.xtec.cat\/escolapaucasals-horta\/wp-json\/wp\/v2\/pages"}],"about":[{"href":"https:\/\/agora.xtec.cat\/escolapaucasals-horta\/wp-json\/wp\/v2\/types\/page"}],"author":[{"embeddable":true,"href":"https:\/\/agora.xtec.cat\/escolapaucasals-horta\/wp-json\/wp\/v2\/users\/1"}],"replies":[{"embeddable":true,"href":"https:\/\/agora.xtec.cat\/escolapaucasals-horta\/wp-json\/wp\/v2\/comments?post=3427"}],"version-history":[{"count":6,"href":"https:\/\/agora.xtec.cat\/escolapaucasals-horta\/wp-json\/wp\/v2\/pages\/3427\/revisions"}],"predecessor-version":[{"id":5431,"href":"https:\/\/agora.xtec.cat\/escolapaucasals-horta\/wp-json\/wp\/v2\/pages\/3427\/revisions\/5431"}],"wp:attachment":[{"href":"https:\/\/agora.xtec.cat\/escolapaucasals-horta\/wp-json\/wp\/v2\/media?parent=3427"}],"curies":[{"name":"wp","href":"https:\/\/api.w.org\/{rel}","templated":true}]}}

EL NOSTRE TRENCADÍS

<p class="has-text-align-center"></p>



<div class="wp-block-file"></div>



<figure class="wp-block-gallery has-nested-images columns-default is-cropped wp-block-gallery-1 is-layout-flex wp-block-gallery-is-layout-flex">
<figure class="wp-block-image size-large"><a href="https://agora.xtec.cat/escolapaucasals-horta/wp-content/uploads/usu2657/2026/01/IMG-20260114-WA0006-1-scaled.jpg"><img loading="lazy" decoding="async" width="1024" height="511" data-id="4664" src="https://agora.xtec.cat/escolapaucasals-horta/wp-content/uploads/usu2657/2026/01/IMG-20260114-WA0006-1-1024x511.jpg" alt="" class="wp-image-4664" srcset="https://agora.xtec.cat/escolapaucasals-horta/wp-content/uploads/usu2657/2026/01/IMG-20260114-WA0006-1-1024x511.jpg 1024w, https://agora.xtec.cat/escolapaucasals-horta/wp-content/uploads/usu2657/2026/01/IMG-20260114-WA0006-1-300x150.jpg 300w, https://agora.xtec.cat/escolapaucasals-horta/wp-content/uploads/usu2657/2026/01/IMG-20260114-WA0006-1-768x383.jpg 768w, https://agora.xtec.cat/escolapaucasals-horta/wp-content/uploads/usu2657/2026/01/IMG-20260114-WA0006-1-1536x766.jpg 1536w, https://agora.xtec.cat/escolapaucasals-horta/wp-content/uploads/usu2657/2026/01/IMG-20260114-WA0006-1-2048x1021.jpg 2048w" sizes="auto, (max-width: 1024px) 100vw, 1024px" /></a></figure>
</figure>



<p></p>



<p class="has-text-align-left">Enguany, per celebrar que és l’Any Gaudí, fil conductor de moltes de les activitats del curs 2025-26, hem decidit crear un mural estil trencadís al vestíbul de l’escola.</p>



<p class="has-text-align-left">Amb material reciclat i la participació de tots els nens i nenes del centre, hem realitzat aquest gran mural que incorpora el nom de la nostra escola, el logotip i un violoncel, en homenatge a l’artista que dona nom a l’escola: Pau Casals.</p>



<h2 class="wp-block-heading"></h2>



<p></p>



<p></p>

<p>Enguany, per celebrar que és l’Any Gaudí, fil conductor de moltes de les activitats del curs 2025-26, hem decidit crear un mural estil trencadís al vestíbul de l’escola. Amb material reciclat i la participació de tots els nens i nenes del centre, hem realitzat aquest gran mural que incorpora el nom de la nostra escola, [&hellip;]</p>
