{"id":9411,"date":"2018-03-02T16:50:25","date_gmt":"2018-03-02T15:50:25","guid":{"rendered":"http:\/\/agora.xtec.cat\/escolapauboada\/?page_id=9411"},"modified":"2018-03-08T13:27:31","modified_gmt":"2018-03-08T12:27:31","slug":"presentem-la-nostra-escola","status":"publish","type":"page","link":"https:\/\/agora.xtec.cat\/escolapauboada\/lescola\/presentem-la-nostra-escola\/","title":{"rendered":"Presentem la nostra escola"},"content":{"rendered":"<h3><strong>Presentem la nostra escola<\/strong><\/h3>\n<p style=\"text-align: justify;\">Enguany i per tal de treballar la dimensi\u00f3 escrita de manera competencial i vivenciada el nostre centre ha dissenyat un projecte guiat perqu\u00e8 siguin els alumnes de sis\u00e8, de l\u2019aula d\u2019acollida, els que redactin i presentin l\u2019escola, els espais i els projectes que s\u2019hi realitzen. Per a que el projecte realitzat per els nens i nens tingui un enfocament m\u00e9s \u00fatil i pr\u00e0ctic s\u2019utilitzar\u00e0 la jornada de portes obertes com a presentaci\u00f3 del projecte, on l\u2019alumnat ser\u00e0 l\u2019encarregat d\u2019ensenyar i explicar els diferents espais i projectes de l\u2019escola a les fam\u00edlies.<\/p>\n<p style=\"text-align: justify;\">Treballar amb un objectiu real i per ser publicat motiva a tot l\u2019alumnat a realitzar les produccions de manera acurada i amb un sentit pr\u00e0ctic. Les produccions que s\u2019han fet durant el projecte estaran penjades al web de l\u2019escola<\/p>\n<p style=\"text-align: justify;\">Alhora, i per treballar el tractament de la informaci\u00f3 i la compet\u00e8ncia digital, i de cadascun dels textos se n\u2019ha elaborat un codi QR perqu\u00e8 les fam\u00edlies i els infants, durant la jornada de portes obertes, tinguin la informaci\u00f3 detallada de tot all\u00f2 que es realitza en cadascun dels espais.<\/p>\n<p style=\"text-align: center;\"><a href=\"http:\/\/agora.xtec.cat\/escolapauboada\/lescola\/la-nostra-escola\/\">LA NOSTRA ESCOLA<\/a><\/p>\n","protected":false},"excerpt":{"rendered":"<p>Presentem la nostra escola Enguany i per tal de treballar la dimensi\u00f3 escrita de manera competencial i vivenciada el nostre centre ha dissenyat un projecte guiat perqu\u00e8 siguin els alumnes de sis\u00e8, de l\u2019aula d\u2019acollida, els que redactin i presentin l\u2019escola, els espais i els projectes que s\u2019hi realitzen. Per a que el projecte realitzat [&hellip;]<\/p>\n","protected":false},"author":1,"featured_media":0,"parent":22,"menu_order":0,"comment_status":"closed","ping_status":"closed","template":"page-templates\/side-menu.php","meta":{"_bbp_topic_count":0,"_bbp_reply_count":0,"_bbp_total_topic_count":0,"_bbp_total_reply_count":0,"_bbp_voice_count":0,"_bbp_anonymous_reply_count":0,"_bbp_topic_count_hidden":0,"_bbp_reply_count_hidden":0,"_bbp_forum_subforum_count":0,"site-sidebar-layout":"default","site-content-layout":"","ast-site-content-layout":"","site-content-style":"default","site-sidebar-style":"default","ast-global-header-display":"","ast-banner-title-visibility":"","ast-main-header-display":"","ast-hfb-above-header-display":"","ast-hfb-below-header-display":"","ast-hfb-mobile-header-display":"","site-post-title":"","ast-breadcrumbs-content":"","ast-featured-img":"","footer-sml-layout":"","theme-transparent-header-meta":"","adv-header-id-meta":"","stick-header-meta":"","header-above-stick-meta":"","header-main-stick-meta":"","header-below-stick-meta":"","astra-migrate-meta-layouts":"default","ast-page-background-enabled":"default","ast-page-background-meta":{"desktop":{"background-color":"var(--ast-global-color-4)","background-image":"","background-repeat":"repeat","background-position":"center center","background-size":"auto","background-attachment":"scroll","background-type":"","background-media":"","overlay-type":"","overlay-color":"","overlay-opacity":"","overlay-gradient":""},"tablet":{"background-color":"","background-image":"","background-repeat":"repeat","background-position":"center center","background-size":"auto","background-attachment":"scroll","background-type":"","background-media":"","overlay-type":"","overlay-color":"","overlay-opacity":"","overlay-gradient":""},"mobile":{"background-color":"","background-image":"","background-repeat":"repeat","background-position":"center center","background-size":"auto","background-attachment":"scroll","background-type":"","background-media":"","overlay-type":"","overlay-color":"","overlay-opacity":"","overlay-gradient":""}},"ast-content-background-meta":{"desktop":{"background-color":"var(--ast-global-color-5)","background-image":"","background-repeat":"repeat","background-position":"center center","background-size":"auto","background-attachment":"scroll","background-type":"","background-media":"","overlay-type":"","overlay-color":"","overlay-opacity":"","overlay-gradient":""},"tablet":{"background-color":"var(--ast-global-color-5)","background-image":"","background-repeat":"repeat","background-position":"center center","background-size":"auto","background-attachment":"scroll","background-type":"","background-media":"","overlay-type":"","overlay-color":"","overlay-opacity":"","overlay-gradient":""},"mobile":{"background-color":"var(--ast-global-color-5)","background-image":"","background-repeat":"repeat","background-position":"center center","background-size":"auto","background-attachment":"scroll","background-type":"","background-media":"","overlay-type":"","overlay-color":"","overlay-opacity":"","overlay-gradient":""}},"footnotes":""},"class_list":["post-9411","page","type-page","status-publish","hentry"],"post_mailing_queue_ids":[],"_links":{"self":[{"href":"https:\/\/agora.xtec.cat\/escolapauboada\/wp-json\/wp\/v2\/pages\/9411","targetHints":{"allow":["GET"]}}],"collection":[{"href":"https:\/\/agora.xtec.cat\/escolapauboada\/wp-json\/wp\/v2\/pages"}],"about":[{"href":"https:\/\/agora.xtec.cat\/escolapauboada\/wp-json\/wp\/v2\/types\/page"}],"author":[{"embeddable":true,"href":"https:\/\/agora.xtec.cat\/escolapauboada\/wp-json\/wp\/v2\/users\/1"}],"replies":[{"embeddable":true,"href":"https:\/\/agora.xtec.cat\/escolapauboada\/wp-json\/wp\/v2\/comments?post=9411"}],"version-history":[{"count":3,"href":"https:\/\/agora.xtec.cat\/escolapauboada\/wp-json\/wp\/v2\/pages\/9411\/revisions"}],"predecessor-version":[{"id":9458,"href":"https:\/\/agora.xtec.cat\/escolapauboada\/wp-json\/wp\/v2\/pages\/9411\/revisions\/9458"}],"up":[{"embeddable":true,"href":"https:\/\/agora.xtec.cat\/escolapauboada\/wp-json\/wp\/v2\/pages\/22"}],"wp:attachment":[{"href":"https:\/\/agora.xtec.cat\/escolapauboada\/wp-json\/wp\/v2\/media?parent=9411"}],"curies":[{"name":"wp","href":"https:\/\/api.w.org\/{rel}","templated":true}]}}