{"id":1403,"date":"2016-06-20T10:15:02","date_gmt":"2016-06-20T09:15:02","guid":{"rendered":"http:\/\/agora.xtec.cat\/escolapauboada\/?page_id=1403"},"modified":"2023-11-08T15:00:50","modified_gmt":"2023-11-08T14:00:50","slug":"pau-boada","status":"publish","type":"page","link":"https:\/\/agora.xtec.cat\/escolapauboada\/pau-boada\/","title":{"rendered":"Pau Boada"},"content":{"rendered":"<p><center><a title=\"Pintures i murals de Pau Boada\" href=\"https:\/\/www.flickr.com\/photos\/vinseum\/albums\/72157625462985599\" data-flickr-embed=\"true\"><img loading=\"lazy\" decoding=\"async\" src=\"https:\/\/c7.staticflickr.com\/6\/5242\/5257364894_21ecb24827_z.jpg\" alt=\"Pintures i murals de Pau Boada\" width=\"640\" height=\"428\" \/><\/a><\/center><\/p>\n<p style=\"text-align: justify;\"><script src=\"\/\/embedr.flickr.com\/assets\/client-code.js\" async=\"\" charset=\"utf-8\"><\/script><\/p>\n<p style=\"text-align: justify;\">Amb aquesta p\u00e0gina pretenem fer mem\u00f2ria a la nostra web d&#8217;en Pau Boada, un artista vilafranqu\u00ed que d\u00f3na nom a la nostra escola. Agra\u00efm la informaci\u00f3 trobada especialment a la <a href=\"http:\/\/bibliotecatib.blogspot.com.es\/2013\/05\/pau-boada-dibuix-i-figura-dun-artista.html\" target=\"_blank\" rel=\"noopener\">p\u00e0gina<\/a> de la <a href=\"http:\/\/bibliotecatib.blogspot.com.es\/\" target=\"_blank\" rel=\"noopener\">Biblioteca Torres i Bages<\/a>.<\/p>\n<p style=\"text-align: center;\"><a href=\"http:\/\/agora.xtec.cat\/escolapauboada\/wp-content\/uploads\/usu553\/2016\/06\/pauboada_dibuix.jpg\" target=\"_blank\" rel=\"attachment noopener wp-att-1402\"><img loading=\"lazy\" decoding=\"async\" class=\"aligncenter wp-image-1402 size-medium\" src=\"http:\/\/agora.xtec.cat\/escolapauboada\/wp-content\/uploads\/usu553\/2016\/06\/pauboada_dibuix-224x300.jpg\" alt=\"pauboada_dibuix\" width=\"224\" height=\"300\" srcset=\"https:\/\/agora.xtec.cat\/escolapauboada\/wp-content\/uploads\/usu553\/2016\/06\/pauboada_dibuix-224x300.jpg 224w, https:\/\/agora.xtec.cat\/escolapauboada\/wp-content\/uploads\/usu553\/2016\/06\/pauboada_dibuix.jpg 485w\" sizes=\"auto, (max-width: 224px) 100vw, 224px\" \/><\/a>Il\u00b7lustraci\u00f3: Joan Esteve i Albet<\/p>\n<p style=\"text-align: justify;\"><strong>Pau Boada<\/strong> va n\u00e9ixer l&#8217;any 1910 a Vilafranca del Pened\u00e8s. El coneixien com <strong><em>el noi de Ca la Giralta. <\/em><\/strong>La seva fam\u00edlia tenia una pastisseria on va comen\u00e7ar a treballar per\u00f2 amb el temps va decidir dedicar la seva vida a la pintura.<\/p>\n<p style=\"text-align: justify;\">L&#8217;any 1928, amb divuit anys, va participar a la <strong><em><a href=\"https:\/\/docs.google.com\/file\/d\/0BzqdxO6FhvV7T3dDbTMySWlhOEk\/edit?usp=sharing\" target=\"_blank\" rel=\"noopener\">Primera Exposici\u00f3 Col\u00b7lectiva de Pintors Locals del Centre Agr\u00edcola<\/a><\/em><\/strong>, donant ja mostra del seu talent art\u00edstic.<\/p>\n<p style=\"text-align: justify;\">Despr\u00e9s del trencament que va suposar la guerra civil,\u00a0 va deixar l\u2019ofici familiar i, va passar a formar part de la plantilla de l\u2019<a href=\"https:\/\/www.amazon.es\/Estaci%C3%B3-viticultura-enologia-Vilafranca-Pened%C3%A8s\/dp\/8439365977\" target=\"_blank\" rel=\"noopener\">Estaci\u00f3 Enol\u00f2gica de Vilafranca<\/a> on va treballar fins a l&#8217;any 1950, moment en qu\u00e8 decideix dedicar-se plenament a la pintura. L&#8217;any 1951 var participar a Madrid com a convidat a la <strong><em><a href=\"https:\/\/docs.google.com\/file\/d\/0BzqdxO6FhvV7Z2VSMHZmREJWY0E\/edit?usp=sharing\" target=\"_blank\" rel=\"noopener\">\u201cPrimera Bienal Hispanoamericana de Arte\u201d.<\/a><\/em><\/strong><\/p>\n<p style=\"text-align: justify;\">El 1956 va exposar a les <strong><em>Galeries Laietanes\u00a0<\/em><\/strong>de Barcelona i va rebre l\u2019enc\u00e0rrec de l\u2019Ajuntament de Vilafranca per a fer la decoraci\u00f3 de la sala Sant Ramon de Penyafort, que actualment es coneix com <strong><em><a href=\"http:\/\/www.vilafranca.org\/img\/img_69953698_1.jpg\" target=\"_blank\" rel=\"noopener\">sala Pau Boada.<\/a><\/em><\/strong><\/p>\n<p style=\"text-align: justify;\">De la mateixa \u00e8poca \u00e9s tamb\u00e9 el <strong><em><a href=\"http:\/\/www.arsuspaper.com\/index.php?option=com_content&amp;view=article&amp;id=59&amp;Itemid=68&amp;lang=ca\" target=\"_blank\" rel=\"noopener\">Mural del Vi<\/a><\/em><\/strong>, que forma part del Museu del Vi, <a href=\"http:\/\/www.vinseum.cat\/\" target=\"_blank\" rel=\"noopener\">Viniseum<\/a>. Cal destacar tamb\u00e9 el\u00a0 <a href=\"https:\/\/docs.google.com\/file\/d\/0BzqdxO6FhvV7YUZmT21IaWJ6dFE\/edit?usp=sharing\" target=\"_blank\" rel=\"noopener\">vitrall central de la bas\u00edlica de Santa Mar\u00eda. <\/a>Tamb\u00e9 va fer col\u00b7laboracions com a il\u00b7lustrador a la premsa local participat a revistes com <strong><em><a href=\"https:\/\/docs.google.com\/file\/d\/0BzqdxO6FhvV7b2xRTEM3al9vYUE\/edit?usp=sharing\" target=\"_blank\" rel=\"noopener\">Acci\u00f3<\/a><\/em><\/strong> i <strong><em><a href=\"https:\/\/docs.google.com\/file\/d\/0Bz-9ikGshUz0QnRwcDlMX2dsQ0U\/edit?usp=sharing\" target=\"_blank\" rel=\"noopener\">Tothom<\/a><\/em><\/strong>. Va morir l&#8217;any 1975.<\/p>\n<p style=\"text-align: justify;\"><strong>L\u2019any 1979, es va inaugurar la nostra escola, que porta el seu nom, com a reconeixement i homenatge.<\/strong><\/p>\n<p><center><\/p>\n<div class=\"ast-oembed-container \" style=\"height: 100%;\"><iframe loading=\"lazy\" title=\"Pau Boada\" width=\"500\" height=\"281\" src=\"https:\/\/www.youtube.com\/embed\/HdY6l7O0lj0?feature=oembed\" frameborder=\"0\" allow=\"accelerometer; autoplay; clipboard-write; encrypted-media; gyroscope; picture-in-picture; web-share\" referrerpolicy=\"strict-origin-when-cross-origin\" allowfullscreen><\/iframe><\/div>\n<p>&nbsp;<\/p>\n<p><\/center>Tamb\u00e9 hem trobat a la web i us compartim aquesta presentaci\u00f3 amb obres de Pau Boada:<\/p>\n<p style=\"text-align: justify;\"><a href=\"https:\/\/docs.google.com\/presentation\/d\/1wPd20tRVneTyoFA0KxnLEoi7AF6_h_jVD4ApCBitqpU\/embed?hl=ca&amp;size=l#slide=id.i0\" target=\"_blank\" rel=\"attachment noopener wp-att-1411\"><img loading=\"lazy\" decoding=\"async\" class=\"aligncenter size-medium wp-image-1411\" src=\"http:\/\/agora.xtec.cat\/escolapauboada\/wp-content\/uploads\/usu553\/2016\/06\/d5rj364_79ckkqffcc_b-212x300.jpg\" alt=\"d5rj364_79ckkqffcc_b\" width=\"212\" height=\"300\" srcset=\"https:\/\/agora.xtec.cat\/escolapauboada\/wp-content\/uploads\/usu553\/2016\/06\/d5rj364_79ckkqffcc_b-212x300.jpg 212w, https:\/\/agora.xtec.cat\/escolapauboada\/wp-content\/uploads\/usu553\/2016\/06\/d5rj364_79ckkqffcc_b.jpg 453w\" sizes=\"auto, (max-width: 212px) 100vw, 212px\" \/><\/a><\/p>\n<h5>Si en volem saber m\u00e9s&#8230;.<\/h5>\n<p>Maria Rosa Ferrer ens parla d&#8217;en Pau Boada en aquest article:<\/p>\n<p><a href=\"https:\/\/mariarosaferre.wordpress.com\/2021\/01\/31\/pau-boada-un-pintor-de-vilafranca\/\">Pau Boada un pintor de Vilafranca del Pened\u00e8s<\/a><\/p>\n<p>&nbsp;<\/p>\n<p style=\"text-align: justify;\">Fonts d&#8217;informaci\u00f3:<\/p>\n<p style=\"text-align: justify;\"><a href=\"http:\/\/bibliotecatib.blogspot.com.es\/2013\/05\/pau-boada-dibuix-i-figura-dun-artista.html\" target=\"_blank\" rel=\"noopener\">http:\/\/bibliotecatib.blogspot.com.es\/2013\/05\/pau-boada-dibuix-i-figura-dun-artista.html<\/a><\/p>\n<p style=\"text-align: justify;\"><a href=\"http:\/\/www.vilafranca.org\/html\/ajuntament\/casadelavila\/salapauboada.html\" target=\"_blank\" rel=\"noopener\">http:\/\/www.vilafranca.org\/html\/ajuntament\/casadelavila\/salapauboada.html<\/a><\/p>\n","protected":false},"excerpt":{"rendered":"<p>Amb aquesta p\u00e0gina pretenem fer mem\u00f2ria a la nostra web d&#8217;en Pau Boada, un artista vilafranqu\u00ed que d\u00f3na nom a la nostra escola. Agra\u00efm la informaci\u00f3 trobada especialment a la p\u00e0gina de la Biblioteca Torres i Bages. Il\u00b7lustraci\u00f3: Joan Esteve i Albet Pau Boada va n\u00e9ixer l&#8217;any 1910 a Vilafranca del Pened\u00e8s. El coneixien com [&hellip;]<\/p>\n","protected":false},"author":1,"featured_media":0,"parent":0,"menu_order":0,"comment_status":"closed","ping_status":"closed","template":"","meta":{"_bbp_topic_count":0,"_bbp_reply_count":0,"_bbp_total_topic_count":0,"_bbp_total_reply_count":0,"_bbp_voice_count":0,"_bbp_anonymous_reply_count":0,"_bbp_topic_count_hidden":0,"_bbp_reply_count_hidden":0,"_bbp_forum_subforum_count":0,"site-sidebar-layout":"default","site-content-layout":"","ast-site-content-layout":"","site-content-style":"default","site-sidebar-style":"default","ast-global-header-display":"","ast-banner-title-visibility":"","ast-main-header-display":"","ast-hfb-above-header-display":"","ast-hfb-below-header-display":"","ast-hfb-mobile-header-display":"","site-post-title":"","ast-breadcrumbs-content":"","ast-featured-img":"","footer-sml-layout":"","theme-transparent-header-meta":"","adv-header-id-meta":"","stick-header-meta":"","header-above-stick-meta":"","header-main-stick-meta":"","header-below-stick-meta":"","astra-migrate-meta-layouts":"default","ast-page-background-enabled":"default","ast-page-background-meta":{"desktop":{"background-color":"var(--ast-global-color-4)","background-image":"","background-repeat":"repeat","background-position":"center center","background-size":"auto","background-attachment":"scroll","background-type":"","background-media":"","overlay-type":"","overlay-color":"","overlay-opacity":"","overlay-gradient":""},"tablet":{"background-color":"","background-image":"","background-repeat":"repeat","background-position":"center center","background-size":"auto","background-attachment":"scroll","background-type":"","background-media":"","overlay-type":"","overlay-color":"","overlay-opacity":"","overlay-gradient":""},"mobile":{"background-color":"","background-image":"","background-repeat":"repeat","background-position":"center center","background-size":"auto","background-attachment":"scroll","background-type":"","background-media":"","overlay-type":"","overlay-color":"","overlay-opacity":"","overlay-gradient":""}},"ast-content-background-meta":{"desktop":{"background-color":"var(--ast-global-color-5)","background-image":"","background-repeat":"repeat","background-position":"center center","background-size":"auto","background-attachment":"scroll","background-type":"","background-media":"","overlay-type":"","overlay-color":"","overlay-opacity":"","overlay-gradient":""},"tablet":{"background-color":"var(--ast-global-color-5)","background-image":"","background-repeat":"repeat","background-position":"center center","background-size":"auto","background-attachment":"scroll","background-type":"","background-media":"","overlay-type":"","overlay-color":"","overlay-opacity":"","overlay-gradient":""},"mobile":{"background-color":"var(--ast-global-color-5)","background-image":"","background-repeat":"repeat","background-position":"center center","background-size":"auto","background-attachment":"scroll","background-type":"","background-media":"","overlay-type":"","overlay-color":"","overlay-opacity":"","overlay-gradient":""}},"footnotes":""},"class_list":["post-1403","page","type-page","status-publish","hentry"],"post_mailing_queue_ids":[],"_links":{"self":[{"href":"https:\/\/agora.xtec.cat\/escolapauboada\/wp-json\/wp\/v2\/pages\/1403","targetHints":{"allow":["GET"]}}],"collection":[{"href":"https:\/\/agora.xtec.cat\/escolapauboada\/wp-json\/wp\/v2\/pages"}],"about":[{"href":"https:\/\/agora.xtec.cat\/escolapauboada\/wp-json\/wp\/v2\/types\/page"}],"author":[{"embeddable":true,"href":"https:\/\/agora.xtec.cat\/escolapauboada\/wp-json\/wp\/v2\/users\/1"}],"replies":[{"embeddable":true,"href":"https:\/\/agora.xtec.cat\/escolapauboada\/wp-json\/wp\/v2\/comments?post=1403"}],"version-history":[{"count":4,"href":"https:\/\/agora.xtec.cat\/escolapauboada\/wp-json\/wp\/v2\/pages\/1403\/revisions"}],"predecessor-version":[{"id":13145,"href":"https:\/\/agora.xtec.cat\/escolapauboada\/wp-json\/wp\/v2\/pages\/1403\/revisions\/13145"}],"wp:attachment":[{"href":"https:\/\/agora.xtec.cat\/escolapauboada\/wp-json\/wp\/v2\/media?parent=1403"}],"curies":[{"name":"wp","href":"https:\/\/api.w.org\/{rel}","templated":true}]}}