{"id":985,"date":"2019-11-12T15:31:12","date_gmt":"2019-11-12T14:31:12","guid":{"rendered":"https:\/\/agora.xtec.cat\/escolapau\/?page_id=985"},"modified":"2019-11-12T15:31:12","modified_gmt":"2019-11-12T14:31:12","slug":"novembre-entretingut","status":"publish","type":"page","link":"https:\/\/agora.xtec.cat\/escolapau\/recursos\/novembre-entretingut\/","title":{"rendered":"Novembre entretingut"},"content":{"rendered":"<p>Benvolgudes fam\u00edlies!<\/p>\n<p>Un mes m\u00e9s us proporcionem recursos d&#8217;all\u00f2 m\u00e9s \u00fatils per seguir aprenent. Aquest cop ens centrem en webs d&#8217;entreteniments (sopes de lletres, jocs d&#8217;atenci\u00f3 i mem\u00f2ria, puzzles&#8230;).<\/p>\n<p><iframe loading=\"lazy\" src=\"https:\/\/www.symbaloo.com\/embed\/entreteniments6?\" name=\"_symFrame\" width=\"960px\" height=\"640px\" frameborder=\"0\"><\/iframe><\/p>\n<p>Esperem que els utilitzeu molt!<\/p>\n","protected":false},"excerpt":{"rendered":"<p>Benvolgudes fam\u00edlies!<br \/>\nUn mes m\u00e9s us proporcionem recursos d&#8217;all\u00f2 m\u00e9s \u00fatils per seguir aprenent. Aquest cop ens centrem en webs d&#8217;entreteniments (sopes de lletres, jocs d&#8217;atenci\u00f3 i mem\u00f2ria, puzzles&#8230;).<\/p>\n<p>Esperem que els utilitzeu molt!<\/p>\n","protected":false},"author":1,"featured_media":0,"parent":511,"menu_order":0,"comment_status":"closed","ping_status":"closed","template":"","meta":{"_bbp_topic_count":0,"_bbp_reply_count":0,"_bbp_total_topic_count":0,"_bbp_total_reply_count":0,"_bbp_voice_count":0,"_bbp_anonymous_reply_count":0,"_bbp_topic_count_hidden":0,"_bbp_reply_count_hidden":0,"_bbp_forum_subforum_count":0,"footnotes":""},"class_list":["post-985","page","type-page","status-publish","hentry"],"post_mailing_queue_ids":[],"_links":{"self":[{"href":"https:\/\/agora.xtec.cat\/escolapau\/wp-json\/wp\/v2\/pages\/985","targetHints":{"allow":["GET"]}}],"collection":[{"href":"https:\/\/agora.xtec.cat\/escolapau\/wp-json\/wp\/v2\/pages"}],"about":[{"href":"https:\/\/agora.xtec.cat\/escolapau\/wp-json\/wp\/v2\/types\/page"}],"author":[{"embeddable":true,"href":"https:\/\/agora.xtec.cat\/escolapau\/wp-json\/wp\/v2\/users\/1"}],"replies":[{"embeddable":true,"href":"https:\/\/agora.xtec.cat\/escolapau\/wp-json\/wp\/v2\/comments?post=985"}],"version-history":[{"count":2,"href":"https:\/\/agora.xtec.cat\/escolapau\/wp-json\/wp\/v2\/pages\/985\/revisions"}],"predecessor-version":[{"id":987,"href":"https:\/\/agora.xtec.cat\/escolapau\/wp-json\/wp\/v2\/pages\/985\/revisions\/987"}],"up":[{"embeddable":true,"href":"https:\/\/agora.xtec.cat\/escolapau\/wp-json\/wp\/v2\/pages\/511"}],"wp:attachment":[{"href":"https:\/\/agora.xtec.cat\/escolapau\/wp-json\/wp\/v2\/media?parent=985"}],"curies":[{"name":"wp","href":"https:\/\/api.w.org\/{rel}","templated":true}]}}