{"id":499,"date":"2018-11-13T15:59:33","date_gmt":"2018-11-13T14:59:33","guid":{"rendered":"https:\/\/agora.xtec.cat\/escolapau\/?page_id=499"},"modified":"2018-11-13T16:04:12","modified_gmt":"2018-11-13T15:04:12","slug":"cicle-inicial","status":"publish","type":"page","link":"https:\/\/agora.xtec.cat\/escolapau\/lescola\/instal%c2%b7lacions\/cicle-inicial\/","title":{"rendered":"Cicle Inicial"},"content":{"rendered":"<p>A l&#8217;aula de cicle inicial hi ha els alumnes de 1r i 2n de prim\u00e0ria. \u00c9s una aula gran i equipada amb dos ordinadors i un projector multim\u00e8dia.<\/p>\n","protected":false},"excerpt":{"rendered":"<p>A l&#8217;aula de cicle inicial hi ha els alumnes de 1r i 2n de prim\u00e0ria. \u00c9s una aula gran i equipada amb dos ordinadors i un projector multim\u00e8dia.<\/p>\n","protected":false},"author":1,"featured_media":0,"parent":30,"menu_order":1,"comment_status":"closed","ping_status":"closed","template":"page-templates\/side-menu.php","meta":{"_bbp_topic_count":0,"_bbp_reply_count":0,"_bbp_total_topic_count":0,"_bbp_total_reply_count":0,"_bbp_voice_count":0,"_bbp_anonymous_reply_count":0,"_bbp_topic_count_hidden":0,"_bbp_reply_count_hidden":0,"_bbp_forum_subforum_count":0,"footnotes":""},"class_list":["post-499","page","type-page","status-publish","hentry"],"post_mailing_queue_ids":[],"_links":{"self":[{"href":"https:\/\/agora.xtec.cat\/escolapau\/wp-json\/wp\/v2\/pages\/499","targetHints":{"allow":["GET"]}}],"collection":[{"href":"https:\/\/agora.xtec.cat\/escolapau\/wp-json\/wp\/v2\/pages"}],"about":[{"href":"https:\/\/agora.xtec.cat\/escolapau\/wp-json\/wp\/v2\/types\/page"}],"author":[{"embeddable":true,"href":"https:\/\/agora.xtec.cat\/escolapau\/wp-json\/wp\/v2\/users\/1"}],"replies":[{"embeddable":true,"href":"https:\/\/agora.xtec.cat\/escolapau\/wp-json\/wp\/v2\/comments?post=499"}],"version-history":[{"count":1,"href":"https:\/\/agora.xtec.cat\/escolapau\/wp-json\/wp\/v2\/pages\/499\/revisions"}],"predecessor-version":[{"id":500,"href":"https:\/\/agora.xtec.cat\/escolapau\/wp-json\/wp\/v2\/pages\/499\/revisions\/500"}],"up":[{"embeddable":true,"href":"https:\/\/agora.xtec.cat\/escolapau\/wp-json\/wp\/v2\/pages\/30"}],"wp:attachment":[{"href":"https:\/\/agora.xtec.cat\/escolapau\/wp-json\/wp\/v2\/media?parent=499"}],"curies":[{"name":"wp","href":"https:\/\/api.w.org\/{rel}","templated":true}]}}

<p>A l&#8217;aula de cicle inicial hi ha els alumnes de 1r i 2n de primària. És una aula gran i equipada amb dos ordinadors i un projector multimèdia.</p>
