{"id":28,"date":"2014-09-18T12:29:35","date_gmt":"2014-09-18T11:29:35","guid":{"rendered":"http:\/\/agora.xtec.cat\/escolapau\/?page_id=28"},"modified":"2023-06-29T13:18:41","modified_gmt":"2023-06-29T11:18:41","slug":"consell-escolar","status":"publish","type":"page","link":"https:\/\/agora.xtec.cat\/escolapau\/lescola\/consell-escolar\/","title":{"rendered":"Consell escolar"},"content":{"rendered":"<h3 style=\"color: #444444;\">QU\u00c8 \u00c9S EL CONSELL ESCOLAR?<\/h3>\n<p>El consell escolar \u00e9s l&#8217;\u00f2rgan de participaci\u00f3 dels diferents sectors de la comunitat educativa en el govern dels centres. Hi forma part direcci\u00f3, secretaria, mestres, fam\u00edlies i representants de l&#8217;administraci\u00f3 local.<\/p>\n<p>&nbsp;<\/p>\n<h3>FUNCIONS DEL CONSELL ESCOLAR<\/h3>\n<p>Corresponen al consell escolar les funcions seg\u00fcents:<\/p>\n<ul>\n<li>Participar en l&#8217;aprovaci\u00f3 del projecte educatiu i les seves modificacions.<\/li>\n<li>Participar en l&#8217;aprovaci\u00f3 de la programaci\u00f3 general anual, de les normes de funcionament i de la gesti\u00f3 econ\u00f2mica del centre.<\/li>\n<li>Avaluar l&#8217;aplicaci\u00f3 del projecte educatiu i de les seves modificacions aix\u00ed com de la resta de documents de gesti\u00f3 del centre.<\/li>\n<li>Aprovar les propostes d&#8217;acords de coresponsabilitat, convenis i altres acords de col\u00b7laboraci\u00f3 del centre amb entitats i institucions.<\/li>\n<li>Participar en el procediment de selecci\u00f3 i en la proposta de cessament del director o directora.<\/li>\n<li>Intervenir en la resoluci\u00f3 dels conflictes i, si escau, revisar les sancions als alumnes.<\/li>\n<li>Aprovar les directrius per a la programaci\u00f3 d&#8217;activitats escolars complement\u00e0ries i d&#8217;activitats extraescolars, i avaluar-ne el desenvolupament.<\/li>\n<li>Participar en les an\u00e0lisis i les avaluacions del funcionament general del centre i con\u00e8ixer l&#8217;evoluci\u00f3 del rendiment escolar.<\/li>\n<li>Aprovar els criteris de col\u00b7laboraci\u00f3 amb altres centres i amb l&#8217;entorn.<\/li>\n<\/ul>\n<p>&nbsp;<\/p>\n<h3>COMPOSICI\u00d3 DEL CONSELL ESCOLAR AL NOSTRE CENTRE<\/h3>\n<ul>\n<li>Directora<a href=\"https:\/\/agora.xtec.cat\/escolapau\/wp-content\/uploads\/usu1926\/2019\/02\/consell-escolar.jpg\"><img loading=\"lazy\" decoding=\"async\" class=\"wp-image-587 alignright\" src=\"https:\/\/agora.xtec.cat\/escolapau\/wp-content\/uploads\/usu1926\/2019\/02\/consell-escolar-1024x609.jpg\" alt=\"\" width=\"277\" height=\"165\" srcset=\"https:\/\/agora.xtec.cat\/escolapau\/wp-content\/uploads\/usu1926\/2019\/02\/consell-escolar-1024x609.jpg 1024w, https:\/\/agora.xtec.cat\/escolapau\/wp-content\/uploads\/usu1926\/2019\/02\/consell-escolar-300x178.jpg 300w, https:\/\/agora.xtec.cat\/escolapau\/wp-content\/uploads\/usu1926\/2019\/02\/consell-escolar-768x457.jpg 768w, https:\/\/agora.xtec.cat\/escolapau\/wp-content\/uploads\/usu1926\/2019\/02\/consell-escolar.jpg 1897w\" sizes=\"auto, (max-width: 277px) 100vw, 277px\" \/><\/a><\/li>\n<li>Secret\u00e0ria<\/li>\n<li>Una representant de l&#8217;ajuntament<\/li>\n<li>3 representants de mestres<\/li>\n<li>Un representant de l&#8217;AFA<\/li>\n<li>Dos representants de mares i pares<\/li>\n<\/ul>\n<p>Podeu consultar les actes de les reunions del Consell Escolar<\/p>\n<p>Si voleu tenir m\u00e9s informaci\u00f3 sobre el Consell Escolar, podeu visitar la p\u00e0gina web de la Generalitat de Catalunya, fent click <strong><a href=\"http:\/\/familiaiescola.gencat.cat\/ca\/escolaritat\/participacio-compromis\/participacio-coresponsabilitzacio\/participacio-funcionament-centre\/consell-escolar\/\" target=\"_blank\" rel=\"noopener noreferrer\">AQU\u00cd<\/a><\/strong>.<\/p>\n","protected":false},"excerpt":{"rendered":"<p>QU\u00c8 \u00c9S EL CONSELL ESCOLAR?<br \/>\nEl consell escolar \u00e9s l&#8217;\u00f2rgan de participaci\u00f3 dels diferents sectors de la comunitat educativa en el govern dels centres. Hi forma part direcci\u00f3, secretaria, mestres, fam\u00edlies i representants de l&#8217;administraci\u00f3 local.<br \/>\n&nbsp;<br \/>\nFUNCIONS DEL CONSELL ESCOLAR<br \/>\nCorresponen al consell escolar les funcions seg\u00fcents:<\/p>\n<ul>\n<li>Participar en&hellip;  <a href=\"https:\/\/agora.xtec.cat\/escolapau\/lescola\/consell-escolar\/\" title=\"Read Consell escolar\">Llegeix m\u00e9s\u00bb<\/a><br \/>\n","protected":false},"author":1,"featured_media":0,"parent":22,"menu_order":3,"comment_status":"closed","ping_status":"closed","template":"page-templates\/side-menu.php","meta":{"_bbp_topic_count":0,"_bbp_reply_count":0,"_bbp_total_topic_count":0,"_bbp_total_reply_count":0,"_bbp_voice_count":0,"_bbp_anonymous_reply_count":0,"_bbp_topic_count_hidden":0,"_bbp_reply_count_hidden":0,"_bbp_forum_subforum_count":0,"footnotes":""},"class_list":["post-28","page","type-page","status-publish","hentry"],"post_mailing_queue_ids":[],"_links":{"self":[{"href":"https:\/\/agora.xtec.cat\/escolapau\/wp-json\/wp\/v2\/pages\/28","targetHints":{"allow":["GET"]}}],"collection":[{"href":"https:\/\/agora.xtec.cat\/escolapau\/wp-json\/wp\/v2\/pages"}],"about":[{"href":"https:\/\/agora.xtec.cat\/escolapau\/wp-json\/wp\/v2\/types\/page"}],"author":[{"embeddable":true,"href":"https:\/\/agora.xtec.cat\/escolapau\/wp-json\/wp\/v2\/users\/1"}],"replies":[{"embeddable":true,"href":"https:\/\/agora.xtec.cat\/escolapau\/wp-json\/wp\/v2\/comments?post=28"}],"version-history":[{"count":3,"href":"https:\/\/agora.xtec.cat\/escolapau\/wp-json\/wp\/v2\/pages\/28\/revisions"}],"predecessor-version":[{"id":3040,"href":"https:\/\/agora.xtec.cat\/escolapau\/wp-json\/wp\/v2\/pages\/28\/revisions\/3040"}],"up":[{"embeddable":true,"href":"https:\/\/agora.xtec.cat\/escolapau\/wp-json\/wp\/v2\/pages\/22"}],"wp:attachment":[{"href":"https:\/\/agora.xtec.cat\/escolapau\/wp-json\/wp\/v2\/media?parent=28"}],"curies":[{"name":"wp","href":"https:\/\/api.w.org\/{rel}","templated":true}]}}

<h3 style="color: #444444;">QUÈ ÉS EL CONSELL ESCOLAR?</h3>
<p>El consell escolar és l&#8217;òrgan de participació dels diferents sectors de la comunitat educativa en el govern dels centres. Hi forma part direcció, secretaria, mestres, famílies i representants de l&#8217;administració local.</p>
<p>&nbsp;</p>
<h3>FUNCIONS DEL CONSELL ESCOLAR</h3>
<p>Corresponen al consell escolar les funcions següents:</p>
<ul>
<li>Participar en l&#8217;aprovació del projecte educatiu i les seves modificacions.</li>
<li>Participar en l&#8217;aprovació de la programació general anual, de les normes de funcionament i de la gestió econòmica del centre.</li>
<li>Avaluar l&#8217;aplicació del projecte educatiu i de les seves modificacions així com de la resta de documents de gestió del centre.</li>
<li>Aprovar les propostes d&#8217;acords de coresponsabilitat, convenis i altres acords de col·laboració del centre amb entitats i institucions.</li>
<li>Participar en el procediment de selecció i en la proposta de cessament del director o directora.</li>
<li>Intervenir en la resolució dels conflictes i, si escau, revisar les sancions als alumnes.</li>
<li>Aprovar les directrius per a la programació d&#8217;activitats escolars complementàries i d&#8217;activitats extraescolars, i avaluar-ne el desenvolupament.</li>
<li>Participar en les anàlisis i les avaluacions del funcionament general del centre i conèixer l&#8217;evolució del rendiment escolar.</li>
<li>Aprovar els criteris de col·laboració amb altres centres i amb l&#8217;entorn.</li>
</ul>
<p>&nbsp;</p>
<h3>COMPOSICIÓ DEL CONSELL ESCOLAR AL NOSTRE CENTRE</h3>
<ul>
<li>Directora<a href="https://agora.xtec.cat/escolapau/wp-content/uploads/usu1926/2019/02/consell-escolar.jpg"><img loading="lazy" decoding="async" class="wp-image-587 alignright" src="https://agora.xtec.cat/escolapau/wp-content/uploads/usu1926/2019/02/consell-escolar-1024x609.jpg" alt="" width="277" height="165" srcset="https://agora.xtec.cat/escolapau/wp-content/uploads/usu1926/2019/02/consell-escolar-1024x609.jpg 1024w, https://agora.xtec.cat/escolapau/wp-content/uploads/usu1926/2019/02/consell-escolar-300x178.jpg 300w, https://agora.xtec.cat/escolapau/wp-content/uploads/usu1926/2019/02/consell-escolar-768x457.jpg 768w, https://agora.xtec.cat/escolapau/wp-content/uploads/usu1926/2019/02/consell-escolar.jpg 1897w" sizes="auto, (max-width: 277px) 100vw, 277px" /></a></li>
<li>Secretària</li>
<li>Una representant de l&#8217;ajuntament</li>
<li>3 representants de mestres</li>
<li>Un representant de l&#8217;AFA</li>
<li>Dos representants de mares i pares</li>
</ul>
<p>Podeu consultar les actes de les reunions del Consell Escolar</p>
<p>Si voleu tenir més informació sobre el Consell Escolar, podeu visitar la pàgina web de la Generalitat de Catalunya, fent click <strong><a href="http://familiaiescola.gencat.cat/ca/escolaritat/participacio-compromis/participacio-coresponsabilitzacio/participacio-funcionament-centre/consell-escolar/" target="_blank" rel="noopener noreferrer">AQUÍ</a></strong>.</p>

<p>QUÈ ÉS EL CONSELL ESCOLAR?<br />
El consell escolar és l&#8217;òrgan de participació dels diferents sectors de la comunitat educativa en el govern dels centres. Hi forma part direcció, secretaria, mestres, famílies i representants de l&#8217;administració local.<br />
&nbsp;<br />
FUNCIONS DEL CONSELL ESCOLAR<br />
Corresponen al consell escolar les funcions següents:</p>
<ul>
<li>Participar en&hellip;  <a href="https://agora.xtec.cat/escolapau/lescola/consell-escolar/" title="Read Consell escolar">Llegeix més»</a><br />
