{"id":24,"date":"2014-09-18T12:23:15","date_gmt":"2014-09-18T11:23:15","guid":{"rendered":"http:\/\/agora.xtec.cat\/escolapau\/?page_id=24"},"modified":"2019-04-09T15:39:08","modified_gmt":"2019-04-09T13:39:08","slug":"on-som","status":"publish","type":"page","link":"https:\/\/agora.xtec.cat\/escolapau\/lescola\/on-som\/","title":{"rendered":"On som"},"content":{"rendered":"<div>\n<div>\n<div>\n<div>\n<div>\n<div>\n<p style=\"text-align: justify;\">El<a href=\"https:\/\/www.google.es\/maps\/place\/Pau,+Girona\/@42.3165817,3.1177734,367m\/data=!3m1!1e3!4m5!3m4!1s0x12ba625e0d072feb:0x400fae021a46c80!8m2!3d42.3074478!4d3.1127413?hl=es\" target=\"_blank\" rel=\"noopener\">\u00a0municipi de Pau<\/a>\u00a0s\u2019est\u00e9n pels vessants meridionals de la Serra de Rodes, en contacte amb la plana al\u00b7luvial de la conca de la Muga , a la rodalia del desaparegut estany de Castell\u00f3, i amb els aiguamolls de l\u2019Empord\u00e0. El poble es troba entre la muntanya i la plana .El lloc \u00e9s esmentat ja l\u2019any 882. L\u2019antic castell de\u00a0<a href=\"http:\/\/www.pau.cat\/\" target=\"_blank\" rel=\"noopener\">Pau<\/a>\u00a0esdevingu\u00e9 centre de la baronia de pau.<\/p>\n<p style=\"text-align: justify;\">El conjunt municipal s\u2019agrupa entorn de l\u2019esgl\u00e9sia i la pla\u00e7a i s\u2019allarga pels camins que hi condueixen. Les\u00a0 cases moltes d\u2019elles de dues plantes i amb golfes o graners a la part superior, cellers coberts amb volta de pedra o de ma\u00f3 als baixos i terrasses adossades a les fa\u00e7anes sobre arcs de mig punt, conformen un conjunt de gran inter\u00e8s. D\u2019altres han estat convertides en segones resid\u00e8ncies, aix\u00ed com moltes noves construccions que s\u2019han realitzat els \u00faltims anys en les urbanitzacions del poble: La urbanitzaci\u00f3 dels Olivars i la urbanitzaci\u00f3 de la Vinya. L\u2019ampliaci\u00f3 de la zona urbana ha comportat un progressiu per\u00f2 moderat creixement del poble i del nombre dels seus habitants.<\/p>\n<p style=\"text-align: justify;\">L\u2019activitat econ\u00f2mica principal es l\u2019agricultura, sobretot els conreus de sec\u00e0 .El treball de la vinya i l\u2019olivera queda reflectit en la cooperativa agr\u00edcola que en els nostres dies es capdavantera a la nostra comarca. El secret de la qualitat del seu vi i oli d\u2019oliva es troba en la tradici\u00f3 del treball, l\u2019avantguarda de les instal\u00b7lacions i\u00a0 tot l\u2019esfor\u00e7 o il\u00b7lusi\u00f3 emprat en la seva elaboraci\u00f3 i producci\u00f3.<\/p>\n<\/div>\n<\/div>\n<\/div>\n<\/div>\n<\/div>\n<\/div>\n<div class=\"col-md-3\">\n<div class=\"row\">\n<div class=\"col-md-12\">\n<div class=\"categories bgc4\"><\/div>\n<\/div>\n<\/div>\n<\/div>\n<p style=\"color: #666666;\"><strong>Escola Pau<\/strong><br \/>\nMigjorn, 2<br \/>\n17494 Pau (Girona)<\/p>\n<p>Tel. 972 55 20 39<\/p>\n<p>b7002703@xtec.cat<\/p>\n<p>escoladepau2@gmail.com<\/p>\n<p>&nbsp;<\/p>\n<p><iframe loading=\"lazy\" style=\"border: 0;\" src=\"https:\/\/www.google.com\/maps\/embed?pb=!1m18!1m12!1m3!1d2950.2125221588685!2d3.115821315454908!3d42.31666567918976!2m3!1f0!2f0!3f0!3m2!1i1024!2i768!4f13.1!3m3!1m2!1s0x12ba62f4adcbfff1%3A0xb35be7b722e2d239!2sEscola+de+Pau!5e0!3m2!1sca!2ses!4v1542118938100\" width=\"600\" height=\"450\" frameborder=\"0\" allowfullscreen=\"allowfullscreen\"><\/iframe><\/p>\n<p><strong>Com arribar-hi:<\/strong><\/p>\n<p><strong>Tren:<\/strong> Estaci\u00f3 Vilaju\u00efga<br \/>\n<strong>Bus:<\/strong> Sarfa L\u00ednia Figueres-Roses<\/p>\n<p>&nbsp;<\/p>\n","protected":false},"excerpt":{"rendered":"<p>El<a href=\"https:\/\/www.google.es\/maps\/place\/Pau,+Girona\/@42.3165817,3.1177734,367m\/data=!3m1!1e3!4m5!3m4!1s0x12ba625e0d072feb:0x400fae021a46c80!8m2!3d42.3074478!4d3.1127413?hl=es\" target=\"_blank\" rel=\"noopener\">\u00a0municipi de Pau<\/a>\u00a0s\u2019est\u00e9n pels vessants meridionals de la Serra de Rodes, en contacte amb la plana al\u00b7luvial de la conca de la Muga , a la rodalia del desaparegut estany de Castell\u00f3, i amb els aiguamolls de l\u2019Empord\u00e0. El poble es troba&hellip;  <a href=\"https:\/\/agora.xtec.cat\/escolapau\/lescola\/on-som\/\" title=\"Read On som\">Llegeix m\u00e9s\u00bb<\/a><\/p>\n","protected":false},"author":1,"featured_media":0,"parent":22,"menu_order":1,"comment_status":"closed","ping_status":"closed","template":"page-templates\/side-menu.php","meta":{"_bbp_topic_count":0,"_bbp_reply_count":0,"_bbp_total_topic_count":0,"_bbp_total_reply_count":0,"_bbp_voice_count":0,"_bbp_anonymous_reply_count":0,"_bbp_topic_count_hidden":0,"_bbp_reply_count_hidden":0,"_bbp_forum_subforum_count":0,"footnotes":""},"class_list":["post-24","page","type-page","status-publish","hentry"],"post_mailing_queue_ids":[],"_links":{"self":[{"href":"https:\/\/agora.xtec.cat\/escolapau\/wp-json\/wp\/v2\/pages\/24","targetHints":{"allow":["GET"]}}],"collection":[{"href":"https:\/\/agora.xtec.cat\/escolapau\/wp-json\/wp\/v2\/pages"}],"about":[{"href":"https:\/\/agora.xtec.cat\/escolapau\/wp-json\/wp\/v2\/types\/page"}],"author":[{"embeddable":true,"href":"https:\/\/agora.xtec.cat\/escolapau\/wp-json\/wp\/v2\/users\/1"}],"replies":[{"embeddable":true,"href":"https:\/\/agora.xtec.cat\/escolapau\/wp-json\/wp\/v2\/comments?post=24"}],"version-history":[{"count":3,"href":"https:\/\/agora.xtec.cat\/escolapau\/wp-json\/wp\/v2\/pages\/24\/revisions"}],"predecessor-version":[{"id":497,"href":"https:\/\/agora.xtec.cat\/escolapau\/wp-json\/wp\/v2\/pages\/24\/revisions\/497"}],"up":[{"embeddable":true,"href":"https:\/\/agora.xtec.cat\/escolapau\/wp-json\/wp\/v2\/pages\/22"}],"wp:attachment":[{"href":"https:\/\/agora.xtec.cat\/escolapau\/wp-json\/wp\/v2\/media?parent=24"}],"curies":[{"name":"wp","href":"https:\/\/api.w.org\/{rel}","templated":true}]}}