{"id":1246,"date":"2020-03-05T15:14:15","date_gmt":"2020-03-05T14:14:15","guid":{"rendered":"https:\/\/agora.xtec.cat\/escolapau\/?page_id=1246"},"modified":"2020-03-05T15:14:15","modified_gmt":"2020-03-05T14:14:15","slug":"marc-emocional","status":"publish","type":"page","link":"https:\/\/agora.xtec.cat\/escolapau\/recursos\/marc-emocional\/","title":{"rendered":"Mar\u00e7 emocional"},"content":{"rendered":"<p>Aquest mes us portem el MAR\u00c7 EMOCIONAL, on trobareu recursos per identificar i treballar les emocions. Us proposem contes, jocs, m\u00fasica relaxant, meditacions i activitats de ioga que us ajudaran a connectar amb el vostre interior, tant a grans com petits.<\/p>\n<p><iframe loading=\"lazy\" src=\"https:\/\/www.symbaloo.com\/embed\/emocions9?\" width=\"960px\" height=\"640px\" name=\"_symFrame\" frameborder=\"0\"><\/iframe><\/p>\n<p>Esperem que en tregueu profit!<\/p>\n<p>Namast\u00e9<\/p>\n","protected":false},"excerpt":{"rendered":"<p>Aquest mes us portem el MAR\u00c7 EMOCIONAL, on trobareu recursos per identificar i treballar les emocions. Us proposem contes, jocs, m\u00fasica relaxant, meditacions i activitats de ioga que us ajudaran a connectar amb el vostre interior, tant a grans com petits.<\/p>\n<p>Esperem que en tregueu profit!<br \/>\nNamast\u00e9<\/p>\n","protected":false},"author":1,"featured_media":0,"parent":511,"menu_order":0,"comment_status":"closed","ping_status":"closed","template":"","meta":{"_bbp_topic_count":0,"_bbp_reply_count":0,"_bbp_total_topic_count":0,"_bbp_total_reply_count":0,"_bbp_voice_count":0,"_bbp_anonymous_reply_count":0,"_bbp_topic_count_hidden":0,"_bbp_reply_count_hidden":0,"_bbp_forum_subforum_count":0,"footnotes":""},"class_list":["post-1246","page","type-page","status-publish","hentry"],"post_mailing_queue_ids":[],"_links":{"self":[{"href":"https:\/\/agora.xtec.cat\/escolapau\/wp-json\/wp\/v2\/pages\/1246","targetHints":{"allow":["GET"]}}],"collection":[{"href":"https:\/\/agora.xtec.cat\/escolapau\/wp-json\/wp\/v2\/pages"}],"about":[{"href":"https:\/\/agora.xtec.cat\/escolapau\/wp-json\/wp\/v2\/types\/page"}],"author":[{"embeddable":true,"href":"https:\/\/agora.xtec.cat\/escolapau\/wp-json\/wp\/v2\/users\/1"}],"replies":[{"embeddable":true,"href":"https:\/\/agora.xtec.cat\/escolapau\/wp-json\/wp\/v2\/comments?post=1246"}],"version-history":[{"count":1,"href":"https:\/\/agora.xtec.cat\/escolapau\/wp-json\/wp\/v2\/pages\/1246\/revisions"}],"predecessor-version":[{"id":1247,"href":"https:\/\/agora.xtec.cat\/escolapau\/wp-json\/wp\/v2\/pages\/1246\/revisions\/1247"}],"up":[{"embeddable":true,"href":"https:\/\/agora.xtec.cat\/escolapau\/wp-json\/wp\/v2\/pages\/511"}],"wp:attachment":[{"href":"https:\/\/agora.xtec.cat\/escolapau\/wp-json\/wp\/v2\/media?parent=1246"}],"curies":[{"name":"wp","href":"https:\/\/api.w.org\/{rel}","templated":true}]}}