{"id":5678,"date":"2023-01-12T12:55:15","date_gmt":"2023-01-12T11:55:15","guid":{"rendered":"https:\/\/agora.xtec.cat\/escolapatufetsantjordi\/?page_id=5678"},"modified":"2023-07-30T18:50:56","modified_gmt":"2023-07-30T16:50:56","slug":"patulila","status":"publish","type":"page","link":"https:\/\/agora.xtec.cat\/escolapatufetsantjordi\/escola-9\/consell-escolar\/comissions-ce\/patulila\/","title":{"rendered":"Patulila"},"content":{"rendered":"<p>La Comissi\u00f3 Patulila \u00e9s una comissi\u00f3 formada per mestres, fam\u00edlies i representants de l&#8217;estona de migdia. La seva missi\u00f3 \u00e9s vetllar pels aspectes relacionats amb la <strong>coeducaci\u00f3<\/strong> de l&#8217;escola, integrant-los de manera transversal en els diferents espais i moments del nostre entorn educatiu. Les propostes i accions que es duen a terme es posen en pr\u00e0ctica de manera transversal, involucrant a tota la comunitat educativa.<\/p>\n<p>La Comissi\u00f3 Patulila impulsa al llarg del curs diferents activitats per <strong>visibilitzar i reivindicar la igualtat<\/strong>, treballant en la construcci\u00f3 d&#8217;un m\u00f3n m\u00e9s just i equitatiu a trav\u00e9s de l&#8217;educaci\u00f3. Per exemple, s\u00f3n els impulsors de la jornada del 8 de mar\u00e7 (8M), els organitzadors d&#8217;algunes formacions per a mestres i fam\u00edlies i altres propostes similars. A partir d&#8217;aquest treball i dedicaci\u00f3, han sorgit accions com l&#8217;\u00fas de samarretes liles i el lema que ens acompanya: &#8220;JUNTES SOM M\u00c9S FORTES&#8221;.<\/p>\n<p>Mitjan\u00e7ant aquestes iniciatives, la comissi\u00f3 promou la <strong>consci\u00e8ncia de la igualtat de g\u00e8nere i la import\u00e0ncia de treballar junts per a aconseguir una societat m\u00e9s inclusiva i respectuosa<\/strong>. La coeducaci\u00f3 \u00e9s un valor essencial en la nostra escola, i la Comissi\u00f3 Patulila juga un paper clau en garantir que aquesta filosofia s&#8217;incorpori a tots els aspectes de l&#8217;aprenentatge i la conviv\u00e8ncia di\u00e0ria.<\/p>\n<p>Amb la col\u00b7laboraci\u00f3 i la participaci\u00f3 activa de tota la comunitat educativa, aspirem a construir un espai de creixement i aprenentatge on la igualtat sigui un pilar inamovible. La Comissi\u00f3 Patulila \u00e9s una mostra del nostre comprom\u00eds per fomentar una educaci\u00f3 que promogui el respecte i la diversitat, i que prepari als nostres alumnes per ser ciutadans conscients i compromesos amb el canvi positiu en el m\u00f3n.<\/p>\n<p><a href=\"https:\/\/agora.xtec.cat\/escolapatufetsantjordi\/wp-content\/uploads\/usu2284\/2023\/07\/IMG-20230309-WA0000.jpg\"><img loading=\"lazy\" decoding=\"async\" class=\"aligncenter wp-image-6374 size-medium\" src=\"https:\/\/agora.xtec.cat\/escolapatufetsantjordi\/wp-content\/uploads\/usu2284\/2023\/07\/IMG-20230309-WA0000-169x300.jpg\" alt=\"\" width=\"169\" height=\"300\" srcset=\"https:\/\/agora.xtec.cat\/escolapatufetsantjordi\/wp-content\/uploads\/usu2284\/2023\/07\/IMG-20230309-WA0000-169x300.jpg 169w, https:\/\/agora.xtec.cat\/escolapatufetsantjordi\/wp-content\/uploads\/usu2284\/2023\/07\/IMG-20230309-WA0000-576x1024.jpg 576w, https:\/\/agora.xtec.cat\/escolapatufetsantjordi\/wp-content\/uploads\/usu2284\/2023\/07\/IMG-20230309-WA0000-768x1365.jpg 768w, https:\/\/agora.xtec.cat\/escolapatufetsantjordi\/wp-content\/uploads\/usu2284\/2023\/07\/IMG-20230309-WA0000-864x1536.jpg 864w, https:\/\/agora.xtec.cat\/escolapatufetsantjordi\/wp-content\/uploads\/usu2284\/2023\/07\/IMG-20230309-WA0000.jpg 1152w\" sizes=\"auto, (max-width: 169px) 100vw, 169px\" \/><\/a><a href=\"https:\/\/agora.xtec.cat\/escolapatufetsantjordi\/wp-content\/uploads\/usu2284\/2023\/07\/IMG-20230325-WA0029.jpg\"><img loading=\"lazy\" decoding=\"async\" class=\"aligncenter wp-image-6375 size-medium\" src=\"https:\/\/agora.xtec.cat\/escolapatufetsantjordi\/wp-content\/uploads\/usu2284\/2023\/07\/IMG-20230325-WA0029-300x225.jpg\" alt=\"\" width=\"300\" height=\"225\" srcset=\"https:\/\/agora.xtec.cat\/escolapatufetsantjordi\/wp-content\/uploads\/usu2284\/2023\/07\/IMG-20230325-WA0029-300x225.jpg 300w, https:\/\/agora.xtec.cat\/escolapatufetsantjordi\/wp-content\/uploads\/usu2284\/2023\/07\/IMG-20230325-WA0029-1024x768.jpg 1024w, https:\/\/agora.xtec.cat\/escolapatufetsantjordi\/wp-content\/uploads\/usu2284\/2023\/07\/IMG-20230325-WA0029-768x576.jpg 768w, https:\/\/agora.xtec.cat\/escolapatufetsantjordi\/wp-content\/uploads\/usu2284\/2023\/07\/IMG-20230325-WA0029-1536x1152.jpg 1536w, https:\/\/agora.xtec.cat\/escolapatufetsantjordi\/wp-content\/uploads\/usu2284\/2023\/07\/IMG-20230325-WA0029-200x150.jpg 200w, https:\/\/agora.xtec.cat\/escolapatufetsantjordi\/wp-content\/uploads\/usu2284\/2023\/07\/IMG-20230325-WA0029.jpg 2048w\" sizes=\"auto, (max-width: 300px) 100vw, 300px\" \/><\/a><\/p>\n","protected":false},"excerpt":{"rendered":"<p>La Comissi\u00f3 Patulila \u00e9s una comissi\u00f3 formada per mestres, fam\u00edlies i representants de l&#8217;estona de migdia. La seva missi\u00f3 \u00e9s vetllar pels aspectes relacionats amb la coeducaci\u00f3 de l&#8217;escola, integrant-los de manera transversal en els diferents espais i moments del nostre entorn educatiu. Les propostes i accions que es duen a terme es posen en [&hellip;]<\/p>\n","protected":false},"author":1,"featured_media":0,"parent":5109,"menu_order":0,"comment_status":"closed","ping_status":"closed","template":"page-templates\/side-menu.php","meta":{"_bbp_topic_count":0,"_bbp_reply_count":0,"_bbp_total_topic_count":0,"_bbp_total_reply_count":0,"_bbp_voice_count":0,"_bbp_anonymous_reply_count":0,"_bbp_topic_count_hidden":0,"_bbp_reply_count_hidden":0,"_bbp_forum_subforum_count":0,"site-sidebar-layout":"default","site-content-layout":"","ast-site-content-layout":"","site-content-style":"default","site-sidebar-style":"default","ast-global-header-display":"","ast-banner-title-visibility":"","ast-main-header-display":"","ast-hfb-above-header-display":"","ast-hfb-below-header-display":"","ast-hfb-mobile-header-display":"","site-post-title":"","ast-breadcrumbs-content":"","ast-featured-img":"","footer-sml-layout":"","theme-transparent-header-meta":"","adv-header-id-meta":"","stick-header-meta":"","header-above-stick-meta":"","header-main-stick-meta":"","header-below-stick-meta":"","astra-migrate-meta-layouts":"default","ast-page-background-enabled":"default","ast-page-background-meta":{"desktop":{"background-color":"var(--ast-global-color-4)","background-image":"","background-repeat":"repeat","background-position":"center center","background-size":"auto","background-attachment":"scroll","background-type":"","background-media":"","overlay-type":"","overlay-color":"","overlay-opacity":"","overlay-gradient":""},"tablet":{"background-color":"","background-image":"","background-repeat":"repeat","background-position":"center center","background-size":"auto","background-attachment":"scroll","background-type":"","background-media":"","overlay-type":"","overlay-color":"","overlay-opacity":"","overlay-gradient":""},"mobile":{"background-color":"","background-image":"","background-repeat":"repeat","background-position":"center center","background-size":"auto","background-attachment":"scroll","background-type":"","background-media":"","overlay-type":"","overlay-color":"","overlay-opacity":"","overlay-gradient":""}},"ast-content-background-meta":{"desktop":{"background-color":"var(--ast-global-color-5)","background-image":"","background-repeat":"repeat","background-position":"center center","background-size":"auto","background-attachment":"scroll","background-type":"","background-media":"","overlay-type":"","overlay-color":"","overlay-opacity":"","overlay-gradient":""},"tablet":{"background-color":"var(--ast-global-color-5)","background-image":"","background-repeat":"repeat","background-position":"center center","background-size":"auto","background-attachment":"scroll","background-type":"","background-media":"","overlay-type":"","overlay-color":"","overlay-opacity":"","overlay-gradient":""},"mobile":{"background-color":"var(--ast-global-color-5)","background-image":"","background-repeat":"repeat","background-position":"center center","background-size":"auto","background-attachment":"scroll","background-type":"","background-media":"","overlay-type":"","overlay-color":"","overlay-opacity":"","overlay-gradient":""}},"footnotes":""},"class_list":["post-5678","page","type-page","status-publish","hentry"],"post_mailing_queue_ids":[],"_links":{"self":[{"href":"https:\/\/agora.xtec.cat\/escolapatufetsantjordi\/wp-json\/wp\/v2\/pages\/5678","targetHints":{"allow":["GET"]}}],"collection":[{"href":"https:\/\/agora.xtec.cat\/escolapatufetsantjordi\/wp-json\/wp\/v2\/pages"}],"about":[{"href":"https:\/\/agora.xtec.cat\/escolapatufetsantjordi\/wp-json\/wp\/v2\/types\/page"}],"author":[{"embeddable":true,"href":"https:\/\/agora.xtec.cat\/escolapatufetsantjordi\/wp-json\/wp\/v2\/users\/1"}],"replies":[{"embeddable":true,"href":"https:\/\/agora.xtec.cat\/escolapatufetsantjordi\/wp-json\/wp\/v2\/comments?post=5678"}],"version-history":[{"count":3,"href":"https:\/\/agora.xtec.cat\/escolapatufetsantjordi\/wp-json\/wp\/v2\/pages\/5678\/revisions"}],"predecessor-version":[{"id":6376,"href":"https:\/\/agora.xtec.cat\/escolapatufetsantjordi\/wp-json\/wp\/v2\/pages\/5678\/revisions\/6376"}],"up":[{"embeddable":true,"href":"https:\/\/agora.xtec.cat\/escolapatufetsantjordi\/wp-json\/wp\/v2\/pages\/5109"}],"wp:attachment":[{"href":"https:\/\/agora.xtec.cat\/escolapatufetsantjordi\/wp-json\/wp\/v2\/media?parent=5678"}],"curies":[{"name":"wp","href":"https:\/\/api.w.org\/{rel}","templated":true}]}}