{"id":5256,"date":"2022-11-25T23:40:51","date_gmt":"2022-11-25T22:40:51","guid":{"rendered":"https:\/\/agora.xtec.cat\/escolapatufetsantjordi\/?page_id=5256"},"modified":"2023-01-03T22:46:52","modified_gmt":"2023-01-03T21:46:52","slug":"calconyetes","status":"publish","type":"page","link":"https:\/\/agora.xtec.cat\/escolapatufetsantjordi\/patunyetes\/calconyetes\/","title":{"rendered":"Cal\u00e7onyetes"},"content":{"rendered":"<p style=\"text-align: center;\"><span style=\"font-weight: 400;\">Possiblement, si la paraula cal\u00e7onyetes estigu\u00e9s inclosa en el nostre diccionari, la podria definir com\u00a0 alguna cosa semblant a: \u201c<\/span><i><span style=\"font-weight: 400;\">trobada de dones i homes, noies i nois i mestres, al voltant d\u2019una\u00a0 cal\u00e7otada, tots ells units per l\u2019afici\u00f3 als petards i als tabals i pertanyents a la colla de diables\u00a0 infantils Patunyetes, de l\u2019Escola Patufet-Sant Jordi de l\u2019Hospitalet de Llobregat<\/span><\/i><span style=\"font-weight: 400;\">\u201d\u00a0<\/span><\/p>\n<p><span style=\"font-weight: 400;\">Amb la voluntat de continuar amb la cohesi\u00f3 de la colla, alguns pares, mares i mestres,\u00a0 \u00a0 \u00a0 \u00a0 \u00a0 van\u00a0 tenir la idea de convocar una cal\u00e7otada per totes aquelles persones que d\u2019una manera o una\u00a0 altra es sentissin vinculades a la colla.\u00a0<\/span><\/p>\n<p><span style=\"font-weight: 400;\">Aix\u00ed ho van fer, el mar\u00e7 del 2008 ens vam trobar a Ca N\u2019Ayxel\u00e0, al voltant dels cal\u00e7ots, m\u00e9s d\u2019un\u00a0 centenar de persones i el mar\u00e7 de 2009 una altra, amb un \u00e8xit similar.\u00a0<\/span><\/p>\n<p><span style=\"font-weight: 400;\">En aquestes cal\u00e7onyetes a banda de menjar cal\u00e7ots i les viandes que els acompanyaven, vam\u00a0 xerrar, riure, jugar&#8230;, vendre i comprar els mocadors, samarretes i dessuadores de la colla,\u00a0 vam presentar les primeres samarretes sense m\u00e0nigues que en pocs minuts, totes les que vam\u00a0 encarregar, ja circulaven pel restaurant i els seus voltants. Vam fer rifes, els premis eren un pa\u00a0 de pag\u00e8s i un croissant enormes i una botifarra de mida similar.\u00a0<\/span><\/p>\n<p><span style=\"font-weight: 400;\">Per\u00f2 el fet, probablement m\u00e9s important, va ser la creaci\u00f3 per part d\u2019uns quants pares, mares i\u00a0 mestres de la fundaci\u00f3 Amics de Patunyetes. La situaci\u00f3 era, i continua sent, que una vegada\u00a0 fora de Patunyetes, perqu\u00e8 els fills i filles es fan grans i havien de deixar l\u2019escola i la colla,\u00a0 alguns continuaven amb el cuc del foc i el tabal, volien continuar ajudant i donar sortida als\u00a0 nois i noies, per\u00f2 tamb\u00e9 pares i mares que volien seguir vinculats al m\u00f3n de les colles de\u00a0 diables.\u00a0<\/span><\/p>\n<p><span style=\"font-weight: 400;\">M\u00e9s endavant aquesta fundaci\u00f3 es va transformar en la colla Fills de la flama, de la qual han format i formen part alguns dels nostres nois i noies de Patunyetes.\u00a0<\/span><\/p>\n<p><span style=\"font-weight: 400;\">Avui les dues col\u00b7laborem i continuem agermanades.<\/span><\/p>\n<p><span style=\"font-weight: 400;\">Canya i banya!<\/span><\/p>\n<p>&nbsp;<\/p>\n<p style=\"text-align: center;\"><a href=\"https:\/\/agora.xtec.cat\/escolapatufetsantjordi\/wp-content\/uploads\/usu2284\/2022\/02\/maces.jpg\"><img loading=\"lazy\" decoding=\"async\" class=\"alignnone wp-image-4458\" src=\"https:\/\/agora.xtec.cat\/escolapatufetsantjordi\/wp-content\/uploads\/usu2284\/2022\/02\/maces.jpg\" alt=\"\" width=\"678\" height=\"510\" srcset=\"https:\/\/agora.xtec.cat\/escolapatufetsantjordi\/wp-content\/uploads\/usu2284\/2022\/02\/maces.jpg 1576w, https:\/\/agora.xtec.cat\/escolapatufetsantjordi\/wp-content\/uploads\/usu2284\/2022\/02\/maces-300x226.jpg 300w, https:\/\/agora.xtec.cat\/escolapatufetsantjordi\/wp-content\/uploads\/usu2284\/2022\/02\/maces-1024x771.jpg 1024w, https:\/\/agora.xtec.cat\/escolapatufetsantjordi\/wp-content\/uploads\/usu2284\/2022\/02\/maces-768x578.jpg 768w, https:\/\/agora.xtec.cat\/escolapatufetsantjordi\/wp-content\/uploads\/usu2284\/2022\/02\/maces-1536x1156.jpg 1536w, https:\/\/agora.xtec.cat\/escolapatufetsantjordi\/wp-content\/uploads\/usu2284\/2022\/02\/maces-200x150.jpg 200w\" sizes=\"auto, (max-width: 678px) 100vw, 678px\" \/><\/a><\/p>\n","protected":false},"excerpt":{"rendered":"<p>Possiblement, si la paraula cal\u00e7onyetes estigu\u00e9s inclosa en el nostre diccionari, la podria definir com\u00a0 alguna cosa semblant a: \u201ctrobada de dones i homes, noies i nois i mestres, al voltant d\u2019una\u00a0 cal\u00e7otada, tots ells units per l\u2019afici\u00f3 als petards i als tabals i pertanyents a la colla de diables\u00a0 infantils Patunyetes, de l\u2019Escola Patufet-Sant [&hellip;]<\/p>\n","protected":false},"author":1,"featured_media":0,"parent":4442,"menu_order":70,"comment_status":"closed","ping_status":"closed","template":"page-templates\/side-menu.php","meta":{"_bbp_topic_count":0,"_bbp_reply_count":0,"_bbp_total_topic_count":0,"_bbp_total_reply_count":0,"_bbp_voice_count":0,"_bbp_anonymous_reply_count":0,"_bbp_topic_count_hidden":0,"_bbp_reply_count_hidden":0,"_bbp_forum_subforum_count":0,"site-sidebar-layout":"default","site-content-layout":"","ast-site-content-layout":"","site-content-style":"default","site-sidebar-style":"default","ast-global-header-display":"","ast-banner-title-visibility":"","ast-main-header-display":"","ast-hfb-above-header-display":"","ast-hfb-below-header-display":"","ast-hfb-mobile-header-display":"","site-post-title":"","ast-breadcrumbs-content":"","ast-featured-img":"","footer-sml-layout":"","theme-transparent-header-meta":"","adv-header-id-meta":"","stick-header-meta":"","header-above-stick-meta":"","header-main-stick-meta":"","header-below-stick-meta":"","astra-migrate-meta-layouts":"default","ast-page-background-enabled":"default","ast-page-background-meta":{"desktop":{"background-color":"var(--ast-global-color-4)","background-image":"","background-repeat":"repeat","background-position":"center center","background-size":"auto","background-attachment":"scroll","background-type":"","background-media":"","overlay-type":"","overlay-color":"","overlay-opacity":"","overlay-gradient":""},"tablet":{"background-color":"","background-image":"","background-repeat":"repeat","background-position":"center center","background-size":"auto","background-attachment":"scroll","background-type":"","background-media":"","overlay-type":"","overlay-color":"","overlay-opacity":"","overlay-gradient":""},"mobile":{"background-color":"","background-image":"","background-repeat":"repeat","background-position":"center center","background-size":"auto","background-attachment":"scroll","background-type":"","background-media":"","overlay-type":"","overlay-color":"","overlay-opacity":"","overlay-gradient":""}},"ast-content-background-meta":{"desktop":{"background-color":"var(--ast-global-color-5)","background-image":"","background-repeat":"repeat","background-position":"center center","background-size":"auto","background-attachment":"scroll","background-type":"","background-media":"","overlay-type":"","overlay-color":"","overlay-opacity":"","overlay-gradient":""},"tablet":{"background-color":"var(--ast-global-color-5)","background-image":"","background-repeat":"repeat","background-position":"center center","background-size":"auto","background-attachment":"scroll","background-type":"","background-media":"","overlay-type":"","overlay-color":"","overlay-opacity":"","overlay-gradient":""},"mobile":{"background-color":"var(--ast-global-color-5)","background-image":"","background-repeat":"repeat","background-position":"center center","background-size":"auto","background-attachment":"scroll","background-type":"","background-media":"","overlay-type":"","overlay-color":"","overlay-opacity":"","overlay-gradient":""}},"footnotes":""},"class_list":["post-5256","page","type-page","status-publish","hentry"],"post_mailing_queue_ids":[],"_links":{"self":[{"href":"https:\/\/agora.xtec.cat\/escolapatufetsantjordi\/wp-json\/wp\/v2\/pages\/5256","targetHints":{"allow":["GET"]}}],"collection":[{"href":"https:\/\/agora.xtec.cat\/escolapatufetsantjordi\/wp-json\/wp\/v2\/pages"}],"about":[{"href":"https:\/\/agora.xtec.cat\/escolapatufetsantjordi\/wp-json\/wp\/v2\/types\/page"}],"author":[{"embeddable":true,"href":"https:\/\/agora.xtec.cat\/escolapatufetsantjordi\/wp-json\/wp\/v2\/users\/1"}],"replies":[{"embeddable":true,"href":"https:\/\/agora.xtec.cat\/escolapatufetsantjordi\/wp-json\/wp\/v2\/comments?post=5256"}],"version-history":[{"count":3,"href":"https:\/\/agora.xtec.cat\/escolapatufetsantjordi\/wp-json\/wp\/v2\/pages\/5256\/revisions"}],"predecessor-version":[{"id":5547,"href":"https:\/\/agora.xtec.cat\/escolapatufetsantjordi\/wp-json\/wp\/v2\/pages\/5256\/revisions\/5547"}],"up":[{"embeddable":true,"href":"https:\/\/agora.xtec.cat\/escolapatufetsantjordi\/wp-json\/wp\/v2\/pages\/4442"}],"wp:attachment":[{"href":"https:\/\/agora.xtec.cat\/escolapatufetsantjordi\/wp-json\/wp\/v2\/media?parent=5256"}],"curies":[{"name":"wp","href":"https:\/\/api.w.org\/{rel}","templated":true}]}}