{"id":5161,"date":"2022-08-19T18:21:55","date_gmt":"2022-08-19T16:21:55","guid":{"rendered":"https:\/\/agora.xtec.cat\/escolapatufetsantjordi\/?page_id=5161"},"modified":"2023-07-30T18:00:34","modified_gmt":"2023-07-30T16:00:34","slug":"treball-democratic","status":"publish","type":"page","link":"https:\/\/agora.xtec.cat\/escolapatufetsantjordi\/projecte\/treball-democratic\/","title":{"rendered":"Treball democr\u00e0tic"},"content":{"rendered":"<p>La base de la nostra conviv\u00e8ncia di\u00e0ria \u00e9s el treball democr\u00e0tic. Des d&#8217;aquest enfocament, les <strong>rotllanes<\/strong> amb els m\u00e9s petits i les <strong>assemblees<\/strong> amb els infants dels cicles de mitjans i grans es converteixen en l&#8217;eina de construcci\u00f3 que guia la nostra vida. La comunicaci\u00f3 i la presa de decisions conjuntes esdevenen no nom\u00e9s un mitj\u00e0 per aportar propostes, sin\u00f3 tamb\u00e9 per resoldre conflictes.<\/p>\n<p>La democr\u00e0cia ens impulsa a compartir idees, escoltar les opinions de tots i involucrar-nos en la <strong>construcci\u00f3 col\u00b7lectiva del nostre entorn<\/strong>. Les rotllanes amb els m\u00e9s petits permeten que les seves veus siguin escoltades i tinguen un paper actiu en les activitats quotidianes. Les assemblees amb els m\u00e9s grans fomenten la participaci\u00f3 activa i la responsabilitat compartida, creant una sensaci\u00f3 de pertinen\u00e7a i corresponsabilitat.<\/p>\n<p>A trav\u00e9s d&#8217;una <strong>comunicaci\u00f3 oberta i respectuosa<\/strong>, aprenem a comprendre els punts de vista diferents i a trobar solucions conjuntes. La presa de decisions de manera col\u00b7lectiva ens permet avan\u00e7ar cap a objectius compartits i <strong>enfrontar els reptes que ens sorgeixen<\/strong>. D&#8217;aquesta manera, el treball democr\u00e0tic es converteix en una eina valuosa per crear un ambient de confian\u00e7a, cooperaci\u00f3 i harmonia.<\/p>\n<p>No sols constru\u00efm el nostre dia a dia amb aquest enfocament democr\u00e0tic, sin\u00f3 que tamb\u00e9 el convertim en una plataforma per a aprendre a resoldre conflictes de manera constructiva. Aprendem a trobar solucions de manera consensuada, respectant les difer\u00e8ncies i <strong>cercant sempre el b\u00e9 com\u00fa<\/strong>.<\/p>\n<p>El treball democr\u00e0tic es converteix en l&#8217;eix principal de la nostra conviv\u00e8ncia, sent la base de la nostra comunitat i el fonament per a construir una escola m\u00e9s harmoniosa, participativa i compromesa amb el benestar de tothom.<\/p>\n<p><a href=\"https:\/\/agora.xtec.cat\/escolapatufetsantjordi\/wp-content\/uploads\/usu2284\/2022\/12\/IMG_20190117_093048588-1-scaled.jpg\"><img loading=\"lazy\" decoding=\"async\" class=\"alignnone wp-image-5468\" src=\"https:\/\/agora.xtec.cat\/escolapatufetsantjordi\/wp-content\/uploads\/usu2284\/2022\/12\/IMG_20190117_093048588-1-scaled.jpg\" alt=\"\" width=\"327\" height=\"184\" srcset=\"https:\/\/agora.xtec.cat\/escolapatufetsantjordi\/wp-content\/uploads\/usu2284\/2022\/12\/IMG_20190117_093048588-1-scaled.jpg 2560w, https:\/\/agora.xtec.cat\/escolapatufetsantjordi\/wp-content\/uploads\/usu2284\/2022\/12\/IMG_20190117_093048588-1-300x169.jpg 300w, https:\/\/agora.xtec.cat\/escolapatufetsantjordi\/wp-content\/uploads\/usu2284\/2022\/12\/IMG_20190117_093048588-1-1024x576.jpg 1024w, https:\/\/agora.xtec.cat\/escolapatufetsantjordi\/wp-content\/uploads\/usu2284\/2022\/12\/IMG_20190117_093048588-1-768x432.jpg 768w, https:\/\/agora.xtec.cat\/escolapatufetsantjordi\/wp-content\/uploads\/usu2284\/2022\/12\/IMG_20190117_093048588-1-1536x864.jpg 1536w, https:\/\/agora.xtec.cat\/escolapatufetsantjordi\/wp-content\/uploads\/usu2284\/2022\/12\/IMG_20190117_093048588-1-2048x1152.jpg 2048w\" sizes=\"auto, (max-width: 327px) 100vw, 327px\" \/><\/a> \u00a0<a href=\"https:\/\/agora.xtec.cat\/escolapatufetsantjordi\/wp-content\/uploads\/usu2284\/2022\/12\/IMG-20161002-WA0015.jpg\"><img loading=\"lazy\" decoding=\"async\" class=\"alignnone wp-image-5476\" src=\"https:\/\/agora.xtec.cat\/escolapatufetsantjordi\/wp-content\/uploads\/usu2284\/2022\/12\/IMG-20161002-WA0015.jpg\" alt=\"\" width=\"246\" height=\"184\" srcset=\"https:\/\/agora.xtec.cat\/escolapatufetsantjordi\/wp-content\/uploads\/usu2284\/2022\/12\/IMG-20161002-WA0015.jpg 1600w, https:\/\/agora.xtec.cat\/escolapatufetsantjordi\/wp-content\/uploads\/usu2284\/2022\/12\/IMG-20161002-WA0015-300x225.jpg 300w, https:\/\/agora.xtec.cat\/escolapatufetsantjordi\/wp-content\/uploads\/usu2284\/2022\/12\/IMG-20161002-WA0015-1024x768.jpg 1024w, https:\/\/agora.xtec.cat\/escolapatufetsantjordi\/wp-content\/uploads\/usu2284\/2022\/12\/IMG-20161002-WA0015-768x576.jpg 768w, https:\/\/agora.xtec.cat\/escolapatufetsantjordi\/wp-content\/uploads\/usu2284\/2022\/12\/IMG-20161002-WA0015-1536x1152.jpg 1536w, https:\/\/agora.xtec.cat\/escolapatufetsantjordi\/wp-content\/uploads\/usu2284\/2022\/12\/IMG-20161002-WA0015-200x150.jpg 200w\" sizes=\"auto, (max-width: 246px) 100vw, 246px\" \/><\/a><\/p>\n","protected":false},"excerpt":{"rendered":"<p>La base de la nostra conviv\u00e8ncia di\u00e0ria \u00e9s el treball democr\u00e0tic. Des d&#8217;aquest enfocament, les rotllanes amb els m\u00e9s petits i les assemblees amb els infants dels cicles de mitjans i grans es converteixen en l&#8217;eina de construcci\u00f3 que guia la nostra vida. La comunicaci\u00f3 i la presa de decisions conjuntes esdevenen no nom\u00e9s un [&hellip;]<\/p>\n","protected":false},"author":1,"featured_media":0,"parent":5120,"menu_order":40,"comment_status":"closed","ping_status":"closed","template":"page-templates\/side-menu.php","meta":{"_bbp_topic_count":0,"_bbp_reply_count":0,"_bbp_total_topic_count":0,"_bbp_total_reply_count":0,"_bbp_voice_count":0,"_bbp_anonymous_reply_count":0,"_bbp_topic_count_hidden":0,"_bbp_reply_count_hidden":0,"_bbp_forum_subforum_count":0,"site-sidebar-layout":"default","site-content-layout":"","ast-site-content-layout":"","site-content-style":"default","site-sidebar-style":"default","ast-global-header-display":"","ast-banner-title-visibility":"","ast-main-header-display":"","ast-hfb-above-header-display":"","ast-hfb-below-header-display":"","ast-hfb-mobile-header-display":"","site-post-title":"","ast-breadcrumbs-content":"","ast-featured-img":"","footer-sml-layout":"","theme-transparent-header-meta":"","adv-header-id-meta":"","stick-header-meta":"","header-above-stick-meta":"","header-main-stick-meta":"","header-below-stick-meta":"","astra-migrate-meta-layouts":"default","ast-page-background-enabled":"default","ast-page-background-meta":{"desktop":{"background-color":"var(--ast-global-color-4)","background-image":"","background-repeat":"repeat","background-position":"center center","background-size":"auto","background-attachment":"scroll","background-type":"","background-media":"","overlay-type":"","overlay-color":"","overlay-opacity":"","overlay-gradient":""},"tablet":{"background-color":"","background-image":"","background-repeat":"repeat","background-position":"center center","background-size":"auto","background-attachment":"scroll","background-type":"","background-media":"","overlay-type":"","overlay-color":"","overlay-opacity":"","overlay-gradient":""},"mobile":{"background-color":"","background-image":"","background-repeat":"repeat","background-position":"center center","background-size":"auto","background-attachment":"scroll","background-type":"","background-media":"","overlay-type":"","overlay-color":"","overlay-opacity":"","overlay-gradient":""}},"ast-content-background-meta":{"desktop":{"background-color":"var(--ast-global-color-5)","background-image":"","background-repeat":"repeat","background-position":"center center","background-size":"auto","background-attachment":"scroll","background-type":"","background-media":"","overlay-type":"","overlay-color":"","overlay-opacity":"","overlay-gradient":""},"tablet":{"background-color":"var(--ast-global-color-5)","background-image":"","background-repeat":"repeat","background-position":"center center","background-size":"auto","background-attachment":"scroll","background-type":"","background-media":"","overlay-type":"","overlay-color":"","overlay-opacity":"","overlay-gradient":""},"mobile":{"background-color":"var(--ast-global-color-5)","background-image":"","background-repeat":"repeat","background-position":"center center","background-size":"auto","background-attachment":"scroll","background-type":"","background-media":"","overlay-type":"","overlay-color":"","overlay-opacity":"","overlay-gradient":""}},"footnotes":""},"class_list":["post-5161","page","type-page","status-publish","hentry"],"post_mailing_queue_ids":[],"_links":{"self":[{"href":"https:\/\/agora.xtec.cat\/escolapatufetsantjordi\/wp-json\/wp\/v2\/pages\/5161","targetHints":{"allow":["GET"]}}],"collection":[{"href":"https:\/\/agora.xtec.cat\/escolapatufetsantjordi\/wp-json\/wp\/v2\/pages"}],"about":[{"href":"https:\/\/agora.xtec.cat\/escolapatufetsantjordi\/wp-json\/wp\/v2\/types\/page"}],"author":[{"embeddable":true,"href":"https:\/\/agora.xtec.cat\/escolapatufetsantjordi\/wp-json\/wp\/v2\/users\/1"}],"replies":[{"embeddable":true,"href":"https:\/\/agora.xtec.cat\/escolapatufetsantjordi\/wp-json\/wp\/v2\/comments?post=5161"}],"version-history":[{"count":3,"href":"https:\/\/agora.xtec.cat\/escolapatufetsantjordi\/wp-json\/wp\/v2\/pages\/5161\/revisions"}],"predecessor-version":[{"id":6366,"href":"https:\/\/agora.xtec.cat\/escolapatufetsantjordi\/wp-json\/wp\/v2\/pages\/5161\/revisions\/6366"}],"up":[{"embeddable":true,"href":"https:\/\/agora.xtec.cat\/escolapatufetsantjordi\/wp-json\/wp\/v2\/pages\/5120"}],"wp:attachment":[{"href":"https:\/\/agora.xtec.cat\/escolapatufetsantjordi\/wp-json\/wp\/v2\/media?parent=5161"}],"curies":[{"name":"wp","href":"https:\/\/api.w.org\/{rel}","templated":true}]}}