{"id":5073,"date":"2022-08-18T17:28:27","date_gmt":"2022-08-18T15:28:27","guid":{"rendered":"https:\/\/agora.xtec.cat\/escolapatufetsantjordi\/?page_id=5073"},"modified":"2023-04-20T12:28:57","modified_gmt":"2023-04-20T10:28:57","slug":"una-mica-dhistoria","status":"publish","type":"page","link":"https:\/\/agora.xtec.cat\/escolapatufetsantjordi\/escola-9\/una-mica-dhistoria\/","title":{"rendered":"Una mica d&#8217;hist\u00f2ria"},"content":{"rendered":"<p>L&#8217;escola Patufet neix l&#8217;any <strong>1968<\/strong>, en un moment social i hist\u00f2ric ben conegut de tothom a partir de la <strong>voluntat i de la iniciativa d&#8217;un grup de mestres i fam\u00edlies<\/strong>. Aviat es converteix en Cooperativa de mestres i de treballadores i s&#8217;articula la col\u00b7laboraci\u00f3 amb les fam\u00edlies a trav\u00e9s de l&#8217;Associaci\u00f3 de mares i pares.<\/p>\n<p>L&#8217;escola va n\u00e9ixer com un centre privat, sense afany de lucre, nom\u00e9s perqu\u00e8 era l&#8217;\u00fanica manera de tirar endavant un <strong>projecte innovador de l&#8217;ensenyament<\/strong> al nostre pa\u00eds. Se sustentava en una rica tradici\u00f3 hist\u00f2rica de <strong>renovaci\u00f3 pedag\u00f2gica<\/strong> i des dels or\u00edgens va formar part d&#8217;un moviment m\u00e9s ampli que es proposava <strong>avan\u00e7ar cap a un model d&#8217;escola p\u00fablica de qualitat<\/strong>.<\/p>\n<p>Amb aquest comprom\u00eds des de l&#8217;any 1987, igual que altres escoles del &#8220;Col\u00b7lectiu per l&#8217;Escola Catalana&#8221; (<span class=\"hiddenSpellError\">CEPEPC<\/span>), l&#8217;escola Patufet Sant Jordi pertany a la xarxa p\u00fablica.<\/p>\n<p>El curs 1994\/95, despr\u00e9s d&#8217;un llarg pelegrinatge de m\u00e9s de\u00a0<span class=\"hiddenGreenError\">25<\/span>\u00a0anys, vam poder estrenar l&#8217;actual edifici escolar, integrant en el seu nom el de Francesc\u00a0<span class=\"hiddenSpellError\">Batall\u00e9<\/span>\u00a0i Aragon\u00e8s, en record d&#8217;un mestre il\u00b7lustre de la ciutat i defensor d&#8217;una escola catalana arrelada al pa\u00eds.<\/p>\n<p>Vols saber-ne m\u00e9s? Una mica m\u00e9s d&#8217;<a href=\"https:\/\/agora.xtec.cat\/escolapatufetsantjordi\/wp-content\/uploads\/usu2284\/2013\/04\/Historia1.pdf\">Hist\u00f2ria dels nostres inicis<\/a>!<\/p>\n<p>L&#8217;any 2018-19 vam celebrar el <a href=\"https:\/\/agora.xtec.cat\/escolapatufetsantjordi\/50e-aniversari\/\">50\u00e8 aniversari<\/a> de la nostra escola.<\/p>\n<p>&nbsp;<\/p>\n","protected":false},"excerpt":{"rendered":"<p>L&#8217;escola Patufet neix l&#8217;any 1968, en un moment social i hist\u00f2ric ben conegut de tothom a partir de la voluntat i de la iniciativa d&#8217;un grup de mestres i fam\u00edlies. Aviat es converteix en Cooperativa de mestres i de treballadores i s&#8217;articula la col\u00b7laboraci\u00f3 amb les fam\u00edlies a trav\u00e9s de l&#8217;Associaci\u00f3 de mares i pares. [&hellip;]<\/p>\n","protected":false},"author":1,"featured_media":0,"parent":5071,"menu_order":0,"comment_status":"closed","ping_status":"closed","template":"page-templates\/side-menu.php","meta":{"_bbp_topic_count":0,"_bbp_reply_count":0,"_bbp_total_topic_count":0,"_bbp_total_reply_count":0,"_bbp_voice_count":0,"_bbp_anonymous_reply_count":0,"_bbp_topic_count_hidden":0,"_bbp_reply_count_hidden":0,"_bbp_forum_subforum_count":0,"site-sidebar-layout":"default","site-content-layout":"","ast-site-content-layout":"","site-content-style":"default","site-sidebar-style":"default","ast-global-header-display":"","ast-banner-title-visibility":"","ast-main-header-display":"","ast-hfb-above-header-display":"","ast-hfb-below-header-display":"","ast-hfb-mobile-header-display":"","site-post-title":"","ast-breadcrumbs-content":"","ast-featured-img":"","footer-sml-layout":"","theme-transparent-header-meta":"","adv-header-id-meta":"","stick-header-meta":"","header-above-stick-meta":"","header-main-stick-meta":"","header-below-stick-meta":"","astra-migrate-meta-layouts":"default","ast-page-background-enabled":"default","ast-page-background-meta":{"desktop":{"background-color":"var(--ast-global-color-4)","background-image":"","background-repeat":"repeat","background-position":"center center","background-size":"auto","background-attachment":"scroll","background-type":"","background-media":"","overlay-type":"","overlay-color":"","overlay-opacity":"","overlay-gradient":""},"tablet":{"background-color":"","background-image":"","background-repeat":"repeat","background-position":"center center","background-size":"auto","background-attachment":"scroll","background-type":"","background-media":"","overlay-type":"","overlay-color":"","overlay-opacity":"","overlay-gradient":""},"mobile":{"background-color":"","background-image":"","background-repeat":"repeat","background-position":"center center","background-size":"auto","background-attachment":"scroll","background-type":"","background-media":"","overlay-type":"","overlay-color":"","overlay-opacity":"","overlay-gradient":""}},"ast-content-background-meta":{"desktop":{"background-color":"var(--ast-global-color-5)","background-image":"","background-repeat":"repeat","background-position":"center center","background-size":"auto","background-attachment":"scroll","background-type":"","background-media":"","overlay-type":"","overlay-color":"","overlay-opacity":"","overlay-gradient":""},"tablet":{"background-color":"var(--ast-global-color-5)","background-image":"","background-repeat":"repeat","background-position":"center center","background-size":"auto","background-attachment":"scroll","background-type":"","background-media":"","overlay-type":"","overlay-color":"","overlay-opacity":"","overlay-gradient":""},"mobile":{"background-color":"var(--ast-global-color-5)","background-image":"","background-repeat":"repeat","background-position":"center center","background-size":"auto","background-attachment":"scroll","background-type":"","background-media":"","overlay-type":"","overlay-color":"","overlay-opacity":"","overlay-gradient":""}},"footnotes":""},"class_list":["post-5073","page","type-page","status-publish","hentry"],"post_mailing_queue_ids":[],"_links":{"self":[{"href":"https:\/\/agora.xtec.cat\/escolapatufetsantjordi\/wp-json\/wp\/v2\/pages\/5073","targetHints":{"allow":["GET"]}}],"collection":[{"href":"https:\/\/agora.xtec.cat\/escolapatufetsantjordi\/wp-json\/wp\/v2\/pages"}],"about":[{"href":"https:\/\/agora.xtec.cat\/escolapatufetsantjordi\/wp-json\/wp\/v2\/types\/page"}],"author":[{"embeddable":true,"href":"https:\/\/agora.xtec.cat\/escolapatufetsantjordi\/wp-json\/wp\/v2\/users\/1"}],"replies":[{"embeddable":true,"href":"https:\/\/agora.xtec.cat\/escolapatufetsantjordi\/wp-json\/wp\/v2\/comments?post=5073"}],"version-history":[{"count":3,"href":"https:\/\/agora.xtec.cat\/escolapatufetsantjordi\/wp-json\/wp\/v2\/pages\/5073\/revisions"}],"predecessor-version":[{"id":6221,"href":"https:\/\/agora.xtec.cat\/escolapatufetsantjordi\/wp-json\/wp\/v2\/pages\/5073\/revisions\/6221"}],"up":[{"embeddable":true,"href":"https:\/\/agora.xtec.cat\/escolapatufetsantjordi\/wp-json\/wp\/v2\/pages\/5071"}],"wp:attachment":[{"href":"https:\/\/agora.xtec.cat\/escolapatufetsantjordi\/wp-json\/wp\/v2\/media?parent=5073"}],"curies":[{"name":"wp","href":"https:\/\/api.w.org\/{rel}","templated":true}]}}