{"id":561,"date":"2016-04-12T12:46:36","date_gmt":"2016-04-12T11:46:36","guid":{"rendered":"http:\/\/agora.xtec.cat\/escolaparcdelguinardo\/?page_id=561"},"modified":"2026-01-12T12:05:56","modified_gmt":"2026-01-12T11:05:56","slug":"consell-escolar","status":"publish","type":"page","link":"https:\/\/agora.xtec.cat\/escolaparcdelguinardo\/el-curs\/consell-escolar\/","title":{"rendered":"Consell Escolar"},"content":{"rendered":"<p><span style=\"font-size: medium;\"><b>El consell escolar de centre \u00e9s un \u00f2rgan de govern col\u00b7legiat on es troba representada tota la comunitat educativa. \u00c9s un \u00f2rgan de decisi\u00f3 i participaci\u00f3 que juga un paper important en el funcionament del centre.<br \/>\n<\/b><\/span><\/p>\n<p><span style=\"color: #008000;\"><b>Representants al Consell Escolar<\/b><b>\u00a0<\/b><\/span><\/p>\n<table style=\"height: 315px; width: 857px;\" width=\"809\">\n<tbody>\n<tr style=\"height: 315px;\">\n<td style=\"width: 474px; height: 315px; text-align: left; vertical-align: top;\">\n<h5><span style=\"color: #008000;\">Equip directiu:<\/span><\/h5>\n<h5><span style=\"color: #000000;\">Marta Ruiz (Presidenta)<\/span><\/h5>\n<h5><span style=\"color: #000000;\">Valeria Villar (Cap d\u2019Estudis)<\/span><\/h5>\n<h5><span style=\"color: #000000;\">Laia Arqu\u00e9s (Secret\u00e0ria)<\/span><\/h5>\n<p>&nbsp;<\/p>\n<h5><span style=\"color: #008000;\">Mestres:<\/span><\/h5>\n<h5><span style=\"color: #000000;\">Adri\u00e0 Cabrerizo<\/span><\/h5>\n<h5><span style=\"color: #000000;\">Cira Diakhaby <\/span><\/h5>\n<h5><span style=\"color: #000000;\">Mayte Galef <\/span><\/h5>\n<h5><span style=\"color: #000000;\">Laia Garc\u00eda\u00a0<\/span><\/h5>\n<h5><span style=\"color: #000000;\">Andrea Moreno<\/span><\/h5>\n<h5><span style=\"color: #000000;\">Daniel Olmedillas<\/span><\/h5>\n<p>&nbsp;<\/p>\n<h5><\/h5>\n<h6><\/h6>\n<p>&nbsp;<\/p>\n<h5><span style=\"color: #008000;\">Personal Auxiliar d&#8217;administraci\u00f3 i Serveis:<\/span><\/h5>\n<h5><span style=\"color: #000000;\">\u00c1ngel G\u00e1zquez<\/span><\/h5>\n<\/td>\n<td style=\"width: 375px; height: 315px; text-align: left; vertical-align: top;\">\n<h5><span lang=\"CA\" style=\"color: #008000;\">Fam\u00edlies:<\/span><\/h5>\n<h5><span style=\"color: #000000;\">Joan Art\u00e9s<\/span><\/h5>\n<h5><span style=\"color: #000000;\">Teresa Casals <\/span><\/h5>\n<h5><span style=\"color: #000000;\">Albert Ciur\u00f3<\/span><\/h5>\n<h5><span style=\"color: #000000;\">Ana Fern\u00e1ndez<\/span><\/h5>\n<h5><span style=\"color: #000000;\">Oriol Peris<\/span><\/h5>\n<h5><\/h5>\n<h5><span style=\"color: #008000;\">Representant de l&#8217;AFA: <\/span><span style=\"color: #000000;\">Richard Ebosogo<\/span><\/h5>\n<h6><\/h6>\n<p>&nbsp;<\/p>\n<h5><span style=\"color: #008000;\">Representant Municipal:<\/span> <span style=\"color: #000000;\">Carolina Segarra<\/span><\/h5>\n<h6><\/h6>\n<p>&nbsp;<\/td>\n<\/tr>\n<\/tbody>\n<\/table>\n<p><span style=\"font-size: medium;\">\u00a0<\/span><\/p>\n","protected":false},"excerpt":{"rendered":"<p>El consell escolar de centre \u00e9s un \u00f2rgan de govern col\u00b7legiat on es troba representada tota la comunitat educativa. \u00c9s un \u00f2rgan de decisi\u00f3 i participaci\u00f3 que juga un paper important en el funcionament del centre.<\/p>\n<p>Representants al Consell Escolar\u00a0<\/p>\n<p>Equip directiu:<br \/>\nMarta Ruiz (Presidenta)<br \/>\nValeria Villar (Cap d\u2019Estudis)<br \/>\nLaia&hellip;  <a href=\"https:\/\/agora.xtec.cat\/escolaparcdelguinardo\/el-curs\/consell-escolar\/\" title=\"Read Consell Escolar\">Llegeix m\u00e9s\u00bb<\/a><\/p>\n","protected":false},"author":1,"featured_media":0,"parent":551,"menu_order":0,"comment_status":"closed","ping_status":"closed","template":"","meta":{"_bbp_topic_count":0,"_bbp_reply_count":0,"_bbp_total_topic_count":0,"_bbp_total_reply_count":0,"_bbp_voice_count":0,"_bbp_anonymous_reply_count":0,"_bbp_topic_count_hidden":0,"_bbp_reply_count_hidden":0,"_bbp_forum_subforum_count":0,"footnotes":""},"class_list":["post-561","page","type-page","status-publish","hentry"],"post_mailing_queue_ids":[],"_links":{"self":[{"href":"https:\/\/agora.xtec.cat\/escolaparcdelguinardo\/wp-json\/wp\/v2\/pages\/561","targetHints":{"allow":["GET"]}}],"collection":[{"href":"https:\/\/agora.xtec.cat\/escolaparcdelguinardo\/wp-json\/wp\/v2\/pages"}],"about":[{"href":"https:\/\/agora.xtec.cat\/escolaparcdelguinardo\/wp-json\/wp\/v2\/types\/page"}],"author":[{"embeddable":true,"href":"https:\/\/agora.xtec.cat\/escolaparcdelguinardo\/wp-json\/wp\/v2\/users\/1"}],"replies":[{"embeddable":true,"href":"https:\/\/agora.xtec.cat\/escolaparcdelguinardo\/wp-json\/wp\/v2\/comments?post=561"}],"version-history":[{"count":6,"href":"https:\/\/agora.xtec.cat\/escolaparcdelguinardo\/wp-json\/wp\/v2\/pages\/561\/revisions"}],"predecessor-version":[{"id":8537,"href":"https:\/\/agora.xtec.cat\/escolaparcdelguinardo\/wp-json\/wp\/v2\/pages\/561\/revisions\/8537"}],"up":[{"embeddable":true,"href":"https:\/\/agora.xtec.cat\/escolaparcdelguinardo\/wp-json\/wp\/v2\/pages\/551"}],"wp:attachment":[{"href":"https:\/\/agora.xtec.cat\/escolaparcdelguinardo\/wp-json\/wp\/v2\/media?parent=561"}],"curies":[{"name":"wp","href":"https:\/\/api.w.org\/{rel}","templated":true}]}}