{"id":549,"date":"2016-04-12T12:45:11","date_gmt":"2016-04-12T11:45:11","guid":{"rendered":"http:\/\/agora.xtec.cat\/escolaparcdelguinardo\/?page_id=549"},"modified":"2025-01-31T11:02:06","modified_gmt":"2025-01-31T10:02:06","slug":"continguts","status":"publish","type":"page","link":"https:\/\/agora.xtec.cat\/escolaparcdelguinardo\/model-educatiu\/continguts\/","title":{"rendered":"Programacions"},"content":{"rendered":"<h2 style=\"text-align: center;\"><span style=\"text-decoration: underline;\">Prim\u00e0ria<\/span><\/h2>\n<h3>Compet\u00e8ncies espec\u00edfiques:<\/h3>\n<ul>\n<li>Lleng\u00fces: <a href=\"https:\/\/projectes.xtec.cat\/nou-curriculum\/wp-content\/uploads\/usu2072\/2024\/05\/Aranes-i-literatura-a-lAran-llengua-Castellana-i-Literatura-Llengua-Catalana-i-Literatura_Competencies-ESPECIFIQUES-CA.pdf\">Compet\u00e8ncies espec\u00edfiques i criteris d\u2019avaluaci\u00f3.<\/a><\/li>\n<li>Llengua estrangera: <a href=\"https:\/\/projectes.xtec.cat\/nou-curriculum\/wp-content\/uploads\/usu2072\/2024\/05\/Llengua-Estrangera.pdf\">Compet\u00e8ncies espec\u00edfiques i criteris d\u2019avaluaci\u00f3.<\/a><\/li>\n<li>Matem\u00e0tiques: <a href=\"https:\/\/projectes.xtec.cat\/nou-curriculum\/wp-content\/uploads\/usu2072\/2024\/05\/Matematiques_-competencies-especifiques-criteris-davaluacio.pdf\">Compet\u00e8ncies espec\u00edfiques i criteris d\u2019avaluaci\u00f3.<\/a><\/li>\n<li>Educaci\u00f3 F\u00edsica: <a href=\"https:\/\/projectes.xtec.cat\/nou-curriculum\/wp-content\/uploads\/usu2072\/2024\/05\/Educacio-fisica_-competencies-especifiques-criteris-davaluacio.pdf\">Compet\u00e8ncies espec\u00edfiques i criteris d\u2019avaluaci\u00f3.<\/a><\/li>\n<li>Educaci\u00f3 en Valors C\u00edvics i \u00c8tics: <a href=\"https:\/\/projectes.xtec.cat\/nou-curriculum\/wp-content\/uploads\/usu2072\/2024\/06\/Educacio-en-valors_-competencies-especifiques-criteris-davaluacio.pdf\">Compet\u00e8ncies espec\u00edfiques i criteris d\u2019avaluaci\u00f3.<\/a><\/li>\n<li>Coneixement del Medi Natural, Social i Cultural: <a href=\"https:\/\/projectes.xtec.cat\/nou-curriculum\/wp-content\/uploads\/usu2072\/2024\/05\/Coneixement-del-medi-natural-i-social_C.Esp_.-CA.pdf\">Compet\u00e8ncies espec\u00edfiques i criteris d\u2019avaluaci\u00f3.\u00a0<\/a><\/li>\n<li>Educaci\u00f3 Art\u00edstica: <a href=\"https:\/\/projectes.xtec.cat\/nou-curriculum\/wp-content\/uploads\/usu2072\/2024\/05\/Educacio-artistica-competencies-especifiques-criteris-davaluacio.pdf\">Compet\u00e8ncies espec\u00edfiques i criteris d\u2019avaluaci\u00f3.\u00a0<\/a><\/li>\n<\/ul>\n<h6><\/h6>\n<h3>Compet\u00e8ncies transversals:<\/h3>\n<ul>\n<li>Compet\u00e8ncia Ciutadana: <a href=\"https:\/\/projectes.xtec.cat\/nou-curriculum\/wp-content\/uploads\/usu2072\/2023\/07\/Compete%CC%80ncies_CC.pdf\">Compet\u00e8ncies espec\u00edfiques i criteris d\u2019avaluaci\u00f3.\u00a0<\/a><\/li>\n<li>Compet\u00e8ncia Digital: <a href=\"https:\/\/xtec.gencat.cat\/web\/.content\/curriculum\/Competencies_CD.pdf\">Compet\u00e8ncies espec\u00edfiques i criteris d\u2019avaluaci\u00f3.<\/a><\/li>\n<li>Compet\u00e8ncia Emprenedora: <a href=\"https:\/\/projectes.xtec.cat\/nou-curriculum\/wp-content\/uploads\/usu2072\/2023\/07\/Compete%CC%80ncies_CE.pdf\">Compet\u00e8ncies espec\u00edfiques i criteris d\u2019avaluaci\u00f3.\u00a0<\/a><\/li>\n<li>Compet\u00e8ncia Personal, Social i de Aprendre a Aprendre: <a href=\"https:\/\/projectes.xtec.cat\/nou-curriculum\/wp-content\/uploads\/usu2072\/2023\/07\/Compete%CC%80ncies_CPSAA.pdf\">Compet\u00e8ncies espec\u00edfiques i criteris d\u2019avaluaci\u00f3.\u00a0<\/a><\/li>\n<\/ul>\n<h2><\/h2>\n<h2 style=\"text-align: center;\"><span style=\"text-decoration: underline;\">Infantil<\/span><\/h2>\n<h3>Eixos de desenvolupament i aprenentatge:<\/h3>\n<ul>\n<li><a href=\"https:\/\/portaldogc.gencat.cat\/utilsEADOP\/PDF\/8851\/1955221.pdf#page=18\">Eix 1. Un infant que creix amb autonomia i confian\u00e7a<\/a><\/li>\n<li><a href=\"https:\/\/portaldogc.gencat.cat\/utilsEADOP\/PDF\/8851\/1955221.pdf#page=23\">Eix 2. Un infant que es comunica amb diferents llenguatges<\/a><\/li>\n<li><a href=\"https:\/\/portaldogc.gencat.cat\/utilsEADOP\/PDF\/8851\/1955221.pdf#page=30\">Eix 3. Un infant que descobreix l&#8217;entorn amb curiositat<\/a><\/li>\n<li><a href=\"https:\/\/portaldogc.gencat.cat\/utilsEADOP\/PDF\/8851\/1955221.pdf#page=35\">Eix 4. Un infant que forma part de la diversitat del m\u00f3n<\/a><\/li>\n<\/ul>\n<h4><\/h4>\n<h4><\/h4>\n","protected":false},"excerpt":{"rendered":"<p>Prim\u00e0ria<br \/>\nCompet\u00e8ncies espec\u00edfiques:<\/p>\n<ul>\n<li>Lleng\u00fces: <a href=\"https:\/\/projectes.xtec.cat\/nou-curriculum\/wp-content\/uploads\/usu2072\/2024\/05\/Aranes-i-literatura-a-lAran-llengua-Castellana-i-Literatura-Llengua-Catalana-i-Literatura_Competencies-ESPECIFIQUES-CA.pdf\">Compet\u00e8ncies espec\u00edfiques i criteris d\u2019avaluaci\u00f3.<\/a><\/li>\n<li>Llengua estrangera: <a href=\"https:\/\/projectes.xtec.cat\/nou-curriculum\/wp-content\/uploads\/usu2072\/2024\/05\/Llengua-Estrangera.pdf\">Compet\u00e8ncies espec\u00edfiques i criteris d\u2019avaluaci\u00f3.<\/a><\/li>\n<li>Matem\u00e0tiques: <a href=\"https:\/\/projectes.xtec.cat\/nou-curriculum\/wp-content\/uploads\/usu2072\/2024\/05\/Matematiques_-competencies-especifiques-criteris-davaluacio.pdf\">Compet\u00e8ncies espec\u00edfiques i criteris d\u2019avaluaci\u00f3.<\/a><\/li>\n<li>Educaci\u00f3 F\u00edsica: <a href=\"https:\/\/projectes.xtec.cat\/nou-curriculum\/wp-content\/uploads\/usu2072\/2024\/05\/Educacio-fisica_-competencies-especifiques-criteris-davaluacio.pdf\">Compet\u00e8ncies espec\u00edfiques i criteris d\u2019avaluaci\u00f3.<\/a><\/li>\n<li>Educaci\u00f3 en Valors C\u00edvics i \u00c8tics: <a href=\"https:\/\/projectes.xtec.cat\/nou-curriculum\/wp-content\/uploads\/usu2072\/2024\/06\/Educacio-en-valors_-competencies-especifiques-criteris-davaluacio.pdf\">Compet\u00e8ncies espec\u00edfiques i criteris d\u2019avaluaci\u00f3.<\/a><\/li>\n<li>Coneixement del Medi Natural, Social i Cultural:&hellip;  <a href=\"https:\/\/agora.xtec.cat\/escolaparcdelguinardo\/model-educatiu\/continguts\/\" title=\"Read Programacions\">Llegeix m\u00e9s\u00bb<\/a><br \/>\n","protected":false},"author":1,"featured_media":0,"parent":539,"menu_order":0,"comment_status":"closed","ping_status":"closed","template":"","meta":{"_bbp_topic_count":0,"_bbp_reply_count":0,"_bbp_total_topic_count":0,"_bbp_total_reply_count":0,"_bbp_voice_count":0,"_bbp_anonymous_reply_count":0,"_bbp_topic_count_hidden":0,"_bbp_reply_count_hidden":0,"_bbp_forum_subforum_count":0,"footnotes":""},"class_list":["post-549","page","type-page","status-publish","hentry"],"post_mailing_queue_ids":[],"_links":{"self":[{"href":"https:\/\/agora.xtec.cat\/escolaparcdelguinardo\/wp-json\/wp\/v2\/pages\/549","targetHints":{"allow":["GET"]}}],"collection":[{"href":"https:\/\/agora.xtec.cat\/escolaparcdelguinardo\/wp-json\/wp\/v2\/pages"}],"about":[{"href":"https:\/\/agora.xtec.cat\/escolaparcdelguinardo\/wp-json\/wp\/v2\/types\/page"}],"author":[{"embeddable":true,"href":"https:\/\/agora.xtec.cat\/escolaparcdelguinardo\/wp-json\/wp\/v2\/users\/1"}],"replies":[{"embeddable":true,"href":"https:\/\/agora.xtec.cat\/escolaparcdelguinardo\/wp-json\/wp\/v2\/comments?post=549"}],"version-history":[{"count":6,"href":"https:\/\/agora.xtec.cat\/escolaparcdelguinardo\/wp-json\/wp\/v2\/pages\/549\/revisions"}],"predecessor-version":[{"id":7840,"href":"https:\/\/agora.xtec.cat\/escolaparcdelguinardo\/wp-json\/wp\/v2\/pages\/549\/revisions\/7840"}],"up":[{"embeddable":true,"href":"https:\/\/agora.xtec.cat\/escolaparcdelguinardo\/wp-json\/wp\/v2\/pages\/539"}],"wp:attachment":[{"href":"https:\/\/agora.xtec.cat\/escolaparcdelguinardo\/wp-json\/wp\/v2\/media?parent=549"}],"curies":[{"name":"wp","href":"https:\/\/api.w.org\/{rel}","templated":true}]}}