{"id":3608,"date":"2020-06-29T11:44:51","date_gmt":"2020-06-29T09:44:51","guid":{"rendered":"http:\/\/agora.xtec.cat\/escolaparcdelguinardo\/?page_id=3608"},"modified":"2025-01-29T09:54:36","modified_gmt":"2025-01-29T08:54:36","slug":"pla-datencio-a-la-diversitat","status":"publish","type":"page","link":"https:\/\/agora.xtec.cat\/escolaparcdelguinardo\/model-educatiu\/pla-datencio-a-la-diversitat\/","title":{"rendered":"Pla d&#8217;Atenci\u00f3 a la Diversitat"},"content":{"rendered":"<p><a href=\"https:\/\/agora.xtec.cat\/escolaparcdelguinardo\/wp-content\/uploads\/usu1096\/2020\/06\/pla-datencio-a-la-diversitat-1-1.pdf\" target=\"_blank\" rel=\"noopener noreferrer\"><br \/>\n<img loading=\"lazy\" decoding=\"async\" class=\"alignleft wp-image-3607 \" src=\"https:\/\/agora.xtec.cat\/escolaparcdelguinardo\/wp-content\/uploads\/usu1096\/2020\/06\/imatge-pla-diversitat-e1593423881930.png\" alt=\"\" width=\"269\" height=\"275\" \/><\/a><\/p>\n<p><em>\u201c<\/em>L\u2019atenci\u00f3 a la diversitat s\u2019estableix com a principi fonamental que ha de regir l\u2019ensenyament b\u00e0sic, amb l\u2019objectiu de proporcionar a tot l\u2019alumnat una educaci\u00f3 adequada a les seves caracter\u00edstiques i necessitats.<em>\u201d <\/em>(LOE, Llei org\u00e0nica d\u2019educaci\u00f3, de 2006).<\/p>\n<p>Perqu\u00e8 no tothom \u00e9s igual, tots som diversos, necessitem tamb\u00e9 una forma d\u2019aprendre i un recolzament espec\u00edfic durant la nostra etapa de formaci\u00f3. A la nostra escola estem compromesos amb aquesta forma d\u2019entendre l\u2019educaci\u00f3: inclusiva, individualitzada i que no deixa ning\u00fa enrere. Amb aquest objectiu i a partir d\u2019un pla global de centre, posem en marxa iniciatives i esfor\u00e7os professionals que segueixen les directrius i recomanacions del Departament d\u2019Ensenyament en aquest \u00e0mbit.<\/p>\n<p><a href=\"https:\/\/agora.xtec.cat\/escolaparcdelguinardo\/wp-content\/uploads\/usu1096\/2020\/07\/pla-datencio-a-la-diversitat-.pdf\" target=\"_blank\" rel=\"noopener noreferrer\">Pla d&#8217;Atenci\u00f3 a la Diversitat presentat en Consell Escolar en data 13 de maig de 2020<\/a><\/p>\n","protected":false},"excerpt":{"rendered":"<p><a href=\"https:\/\/agora.xtec.cat\/escolaparcdelguinardo\/wp-content\/uploads\/usu1096\/2020\/06\/pla-datencio-a-la-diversitat-1-1.pdf\" target=\"_blank\" rel=\"noopener noreferrer\"><br \/>\n<\/a><br \/>\n\u201cL\u2019atenci\u00f3 a la diversitat s\u2019estableix com a principi fonamental que ha de regir l\u2019ensenyament b\u00e0sic, amb l\u2019objectiu de proporcionar a tot l\u2019alumnat una educaci\u00f3 adequada a les seves caracter\u00edstiques i necessitats.\u201d (LOE, Llei org\u00e0nica d\u2019educaci\u00f3, de 2006).<br \/>\nPerqu\u00e8 no tothom \u00e9s igual,&hellip;  <a href=\"https:\/\/agora.xtec.cat\/escolaparcdelguinardo\/model-educatiu\/pla-datencio-a-la-diversitat\/\" title=\"Read Pla d&#8217;Atenci\u00f3 a la Diversitat\">Llegeix m\u00e9s\u00bb<\/a><\/p>\n","protected":false},"author":1,"featured_media":0,"parent":539,"menu_order":0,"comment_status":"closed","ping_status":"closed","template":"","meta":{"_bbp_topic_count":0,"_bbp_reply_count":0,"_bbp_total_topic_count":0,"_bbp_total_reply_count":0,"_bbp_voice_count":0,"_bbp_anonymous_reply_count":0,"_bbp_topic_count_hidden":0,"_bbp_reply_count_hidden":0,"_bbp_forum_subforum_count":0,"footnotes":""},"class_list":["post-3608","page","type-page","status-publish","hentry"],"post_mailing_queue_ids":[],"_links":{"self":[{"href":"https:\/\/agora.xtec.cat\/escolaparcdelguinardo\/wp-json\/wp\/v2\/pages\/3608","targetHints":{"allow":["GET"]}}],"collection":[{"href":"https:\/\/agora.xtec.cat\/escolaparcdelguinardo\/wp-json\/wp\/v2\/pages"}],"about":[{"href":"https:\/\/agora.xtec.cat\/escolaparcdelguinardo\/wp-json\/wp\/v2\/types\/page"}],"author":[{"embeddable":true,"href":"https:\/\/agora.xtec.cat\/escolaparcdelguinardo\/wp-json\/wp\/v2\/users\/1"}],"replies":[{"embeddable":true,"href":"https:\/\/agora.xtec.cat\/escolaparcdelguinardo\/wp-json\/wp\/v2\/comments?post=3608"}],"version-history":[{"count":5,"href":"https:\/\/agora.xtec.cat\/escolaparcdelguinardo\/wp-json\/wp\/v2\/pages\/3608\/revisions"}],"predecessor-version":[{"id":7835,"href":"https:\/\/agora.xtec.cat\/escolaparcdelguinardo\/wp-json\/wp\/v2\/pages\/3608\/revisions\/7835"}],"up":[{"embeddable":true,"href":"https:\/\/agora.xtec.cat\/escolaparcdelguinardo\/wp-json\/wp\/v2\/pages\/539"}],"wp:attachment":[{"href":"https:\/\/agora.xtec.cat\/escolaparcdelguinardo\/wp-json\/wp\/v2\/media?parent=3608"}],"curies":[{"name":"wp","href":"https:\/\/api.w.org\/{rel}","templated":true}]}}