{"id":9,"date":"2014-09-17T15:08:18","date_gmt":"2014-09-17T14:08:18","guid":{"rendered":"http:\/\/agora.xtec.cat\/escolaparcdelaciutadella\/?page_id=9"},"modified":"2026-04-29T11:25:42","modified_gmt":"2026-04-29T09:25:42","slug":"pagina-dinici-buida","status":"publish","type":"page","link":"https:\/\/agora.xtec.cat\/escolaparcdelaciutadella\/","title":{"rendered":"NOT\u00cdCIES"},"content":{"rendered":"<p><\/p>\r\n<p style=\"text-align: center;\"><span style=\"color: #808000;\"><strong><a style=\"color: #808000;\" href=\"https:\/\/agora.xtec.cat\/escolaparcdelaciutadella\/wp-content\/uploads\/usu3064\/2026\/04\/INFORME_BAREM_DEFINITIU_BAREM.pdf\">LLISTA ORDENADA DEFINITIVA 29\/4<\/a><\/strong><\/span><\/p>\r\n<p style=\"text-align: center;\"><span style=\"color: #ff0000;\">IMPORTANT: Es podr\u00e0 saber el centre assignat quan surti la llista definitiva d&#8217;admesos, prevista pel dia 10 de juny.<\/span><\/p>\r\n<p><a href=\"https:\/\/agora.xtec.cat\/escolaparcdelaciutadella\/wp-content\/uploads\/usu3064\/2026\/04\/num-desempat.png\"><img loading=\"lazy\" decoding=\"async\" class=\"wp-image-1480 aligncenter\" src=\"https:\/\/agora.xtec.cat\/escolaparcdelaciutadella\/wp-content\/uploads\/usu3064\/2026\/04\/num-desempat.png\" alt=\"\" width=\"207\" height=\"266\" srcset=\"https:\/\/agora.xtec.cat\/escolaparcdelaciutadella\/wp-content\/uploads\/usu3064\/2026\/04\/num-desempat.png 532w, https:\/\/agora.xtec.cat\/escolaparcdelaciutadella\/wp-content\/uploads\/usu3064\/2026\/04\/num-desempat-233x300.png 233w\" sizes=\"auto, (max-width: 207px) 100vw, 207px\" \/><\/a><\/p>\r\n<p style=\"text-align: center;\"><strong><span style=\"color: #808000;\">LLISTES PREINSCRIPCI\u00d3 BAREMADES DEFINITIVES (23\/4)<\/span><\/strong><\/p>\r\n<p><a href=\"https:\/\/agora.xtec.cat\/escolaparcdelaciutadella\/wp-content\/uploads\/usu3064\/2026\/04\/INFORME_BAREM_RESOLTES_BAREM.pdf\">llistes baremades definitives<\/a><\/p>\r\n<p>&nbsp;<\/p>\r\n<p style=\"text-align: center;\"><strong><span style=\"color: #808000;\">LLISTES PREINSCRIPCI\u00d3 BAREMADES PROVISIONALS<\/span><\/strong><\/p>\r\n<p><a href=\"https:\/\/agora.xtec.cat\/escolaparcdelaciutadella\/wp-content\/uploads\/usu3064\/2026\/04\/INFORME_BAREM_PROVISIONAL_BAREM.pdf\">\u00a0llistes baremades provisionals<\/a><\/p>\r\n<p>Per\u00edode de reclamacions del 15 al 20 d&#8217;abril.<\/p>\r\n<p>&nbsp;<\/p>\r\n<h6><span style=\"color: #808000;\">OFERTA INICIAL<\/span><\/h6>\r\n<p><a href=\"https:\/\/agora.xtec.cat\/escolaparcdelaciutadella\/wp-content\/uploads\/usu3064\/2026\/03\/OFERTA-INICIAL.png\"><br \/><img loading=\"lazy\" decoding=\"async\" class=\"wp-image-1455 aligncenter\" src=\"https:\/\/agora.xtec.cat\/escolaparcdelaciutadella\/wp-content\/uploads\/usu3064\/2026\/03\/OFERTA-INICIAL.png\" alt=\"\" width=\"532\" height=\"359\" srcset=\"https:\/\/agora.xtec.cat\/escolaparcdelaciutadella\/wp-content\/uploads\/usu3064\/2026\/03\/OFERTA-INICIAL.png 673w, https:\/\/agora.xtec.cat\/escolaparcdelaciutadella\/wp-content\/uploads\/usu3064\/2026\/03\/OFERTA-INICIAL-300x202.png 300w\" sizes=\"auto, (max-width: 532px) 100vw, 532px\" \/><\/a><\/p>\r\n<h1>\u00a0<\/h1>\r\n<h1 style=\"text-align: center;\"><strong><span style=\"color: #808000;\">PREINSCRIPCI\u00d3 ESCOLAR 2026-2027<\/span><\/strong><\/h1>\r\n<p>&nbsp;<\/p>\r\n<h6><span style=\"color: #808000;\">Educaci\u00f3 infantil (3-6 anys) i educaci\u00f3 prim\u00e0ria (6-12 anys):\u00a0del 4 al 18 de mar\u00e7<\/span><\/h6>\r\n<p style=\"text-align: center;\">\u00a0 \u00a0 \u00a0 \u00a0 \u00a0 \u00a0 \u00a0 \u00a0 \u00a0 \u00a0 \u00a0<span style=\"color: #808000;\">ESO: del 6 al 18 de mar\u00e7<\/span><\/p>\r\n<p style=\"text-align: center;\"><strong><span style=\"color: #808000;\"><a style=\"color: #808000;\" href=\"https:\/\/www.edubcn.cat\/ca\/alumnat_i_familia\/informacio_general_matriculacio\/preinscripcio_info\">Clica l&#8217;enlla\u00e7 amb tota la informaci\u00f3<\/a><\/span><\/strong><\/p>\r\n<p style=\"text-align: center;\"><span style=\"color: #808000;\">Per a qualsevol consulta no dubtis a trucar-nos 933195847 o escriure&#8217;ns <span style=\"color: #99cc00;\">a8001601@xtec.cat<\/span><\/span><\/p>\r\n<p style=\"text-align: center;\"><strong><span style=\"color: #808000;\">\u00a0<\/span><\/strong><\/p>\r\n<p>&nbsp;<\/p>\r\n<p style=\"text-align: center;\"><strong>FES CLICK AL\u00a0<span style=\"color: #339966;\"> <a style=\"color: #339966;\" href=\"https:\/\/drive.google.com\/file\/d\/1prkvO0zl0GynJsj87lmeVsR0lWR3yDEu\/view?usp=sharing\">V\u00cdDEO PER VEURE EL CAM\u00cd ESCOLAR<\/a><\/span><\/strong><\/p>\r\n<p>&nbsp;<\/p>\r\n<h3 style=\"text-align: center;\"><span style=\"color: #808000;\">BENVINGUTS I BENVINGUDES AL CURS 2025-2026<\/span><\/h3>\r\n<p>&nbsp;<\/p>\r\n<p style=\"text-align: center;\"><a href=\"https:\/\/agora.xtec.cat\/escolaparcdelaciutadella\/wp-content\/uploads\/usu3064\/2026\/01\/ae806988-b60e-40c2-a619-1d997fb0b78c.jpeg\"><img loading=\"lazy\" decoding=\"async\" class=\"alignnone size-large wp-image-1374\" src=\"https:\/\/agora.xtec.cat\/escolaparcdelaciutadella\/wp-content\/uploads\/usu3064\/2026\/01\/ae806988-b60e-40c2-a619-1d997fb0b78c-768x1024.jpeg\" alt=\"\" width=\"768\" height=\"1024\" srcset=\"https:\/\/agora.xtec.cat\/escolaparcdelaciutadella\/wp-content\/uploads\/usu3064\/2026\/01\/ae806988-b60e-40c2-a619-1d997fb0b78c-768x1024.jpeg 768w, https:\/\/agora.xtec.cat\/escolaparcdelaciutadella\/wp-content\/uploads\/usu3064\/2026\/01\/ae806988-b60e-40c2-a619-1d997fb0b78c-225x300.jpeg 225w, https:\/\/agora.xtec.cat\/escolaparcdelaciutadella\/wp-content\/uploads\/usu3064\/2026\/01\/ae806988-b60e-40c2-a619-1d997fb0b78c-1152x1536.jpeg 1152w, https:\/\/agora.xtec.cat\/escolaparcdelaciutadella\/wp-content\/uploads\/usu3064\/2026\/01\/ae806988-b60e-40c2-a619-1d997fb0b78c.jpeg 1200w\" sizes=\"auto, (max-width: 768px) 100vw, 768px\" \/><\/a><\/p>\r\n\r\n\r\n\r\n\r\n\r\n<h4>\u00a0<\/h4>\r\n<p>&nbsp;<\/p>\r\n<p><a href=\"https:\/\/agora.xtec.cat\/escolaparcdelaciutadella\/wp-content\/uploads\/usu3064\/2025\/04\/pla-clima-1.png\"><img loading=\"lazy\" decoding=\"async\" class=\"alignnone  wp-image-1019\" src=\"https:\/\/agora.xtec.cat\/escolaparcdelaciutadella\/wp-content\/uploads\/usu3064\/2025\/04\/pla-clima-1.png\" alt=\"\" width=\"255\" height=\"352\" srcset=\"https:\/\/agora.xtec.cat\/escolaparcdelaciutadella\/wp-content\/uploads\/usu3064\/2025\/04\/pla-clima-1.png 385w, https:\/\/agora.xtec.cat\/escolaparcdelaciutadella\/wp-content\/uploads\/usu3064\/2025\/04\/pla-clima-1-218x300.png 218w\" sizes=\"auto, (max-width: 255px) 100vw, 255px\" \/> <\/a><a href=\"https:\/\/agora.xtec.cat\/escolaparcdelaciutadella\/wp-content\/uploads\/usu3064\/2026\/03\/AJBCN_Sign_Com_CiutatVella_Negre_Vermell-scaled.jpg\"><img loading=\"lazy\" decoding=\"async\" class=\"alignnone  wp-image-1459\" src=\"https:\/\/agora.xtec.cat\/escolaparcdelaciutadella\/wp-content\/uploads\/usu3064\/2026\/03\/AJBCN_Sign_Com_CiutatVella_Negre_Vermell-1024x344.jpg\" alt=\"\" width=\"190\" height=\"64\" srcset=\"https:\/\/agora.xtec.cat\/escolaparcdelaciutadella\/wp-content\/uploads\/usu3064\/2026\/03\/AJBCN_Sign_Com_CiutatVella_Negre_Vermell-1024x344.jpg 1024w, https:\/\/agora.xtec.cat\/escolaparcdelaciutadella\/wp-content\/uploads\/usu3064\/2026\/03\/AJBCN_Sign_Com_CiutatVella_Negre_Vermell-300x101.jpg 300w, https:\/\/agora.xtec.cat\/escolaparcdelaciutadella\/wp-content\/uploads\/usu3064\/2026\/03\/AJBCN_Sign_Com_CiutatVella_Negre_Vermell-768x258.jpg 768w, https:\/\/agora.xtec.cat\/escolaparcdelaciutadella\/wp-content\/uploads\/usu3064\/2026\/03\/AJBCN_Sign_Com_CiutatVella_Negre_Vermell-1536x515.jpg 1536w, https:\/\/agora.xtec.cat\/escolaparcdelaciutadella\/wp-content\/uploads\/usu3064\/2026\/03\/AJBCN_Sign_Com_CiutatVella_Negre_Vermell-2048x687.jpg 2048w\" sizes=\"auto, (max-width: 190px) 100vw, 190px\" \/> \u00a0<\/a><a href=\"https:\/\/agora.xtec.cat\/escolaparcdelaciutadella\/wp-content\/uploads\/usu3064\/2026\/03\/logo-consorci.png\"><img loading=\"lazy\" decoding=\"async\" class=\"alignnone  wp-image-1462\" src=\"https:\/\/agora.xtec.cat\/escolaparcdelaciutadella\/wp-content\/uploads\/usu3064\/2026\/03\/logo-consorci.png\" alt=\"\" width=\"191\" height=\"59\" srcset=\"https:\/\/agora.xtec.cat\/escolaparcdelaciutadella\/wp-content\/uploads\/usu3064\/2026\/03\/logo-consorci.png 798w, https:\/\/agora.xtec.cat\/escolaparcdelaciutadella\/wp-content\/uploads\/usu3064\/2026\/03\/logo-consorci-300x93.png 300w, https:\/\/agora.xtec.cat\/escolaparcdelaciutadella\/wp-content\/uploads\/usu3064\/2026\/03\/logo-consorci-768x238.png 768w\" sizes=\"auto, (max-width: 191px) 100vw, 191px\" \/><\/a><\/p>\r\n\r\n<p class=\"has-text-align-center\">\u00a0<\/p>\r\n","protected":false},"excerpt":{"rendered":"<p>LLISTA ORDENADA DEFINITIVA 29\/4 IMPORTANT: Es podr\u00e0 saber el centre assignat quan surti la llista definitiva d&#8217;admesos, prevista pel dia 10 de juny. LLISTES PREINSCRIPCI\u00d3 BAREMADES DEFINITIVES (23\/4) llistes baremades definitives &nbsp; LLISTES PREINSCRIPCI\u00d3 BAREMADES PROVISIONALS \u00a0llistes baremades provisionals Per\u00edode de reclamacions del 15 al 20 d&#8217;abril. &nbsp; OFERTA INICIAL \u00a0 PREINSCRIPCI\u00d3 ESCOLAR 2026-2027 &nbsp; [&hellip;]<\/p>\n","protected":false},"author":1,"featured_media":526,"parent":7,"menu_order":0,"comment_status":"closed","ping_status":"closed","template":"","meta":{"site-sidebar-layout":"default","site-content-layout":"","ast-site-content-layout":"default","site-content-style":"default","site-sidebar-style":"default","ast-global-header-display":"","ast-banner-title-visibility":"","ast-main-header-display":"","ast-hfb-above-header-display":"","ast-hfb-below-header-display":"","ast-hfb-mobile-header-display":"","site-post-title":"","ast-breadcrumbs-content":"","ast-featured-img":"","footer-sml-layout":"","theme-transparent-header-meta":"default","adv-header-id-meta":"","stick-header-meta":"","header-above-stick-meta":"","header-main-stick-meta":"","header-below-stick-meta":"","astra-migrate-meta-layouts":"set","ast-page-background-enabled":"default","ast-page-background-meta":{"desktop":{"background-color":"var(--ast-global-color-4)","background-image":"","background-repeat":"repeat","background-position":"center center","background-size":"auto","background-attachment":"scroll","background-type":"","background-media":"","overlay-type":"","overlay-color":"","overlay-opacity":"","overlay-gradient":""},"tablet":{"background-color":"","background-image":"","background-repeat":"repeat","background-position":"center center","background-size":"auto","background-attachment":"scroll","background-type":"","background-media":"","overlay-type":"","overlay-color":"","overlay-opacity":"","overlay-gradient":""},"mobile":{"background-color":"","background-image":"","background-repeat":"repeat","background-position":"center center","background-size":"auto","background-attachment":"scroll","background-type":"","background-media":"","overlay-type":"","overlay-color":"","overlay-opacity":"","overlay-gradient":""}},"ast-content-background-meta":{"desktop":{"background-color":"var(--ast-global-color-5)","background-image":"","background-repeat":"repeat","background-position":"center center","background-size":"auto","background-attachment":"scroll","background-type":"","background-media":"","overlay-type":"","overlay-color":"","overlay-opacity":"","overlay-gradient":""},"tablet":{"background-color":"var(--ast-global-color-5)","background-image":"","background-repeat":"repeat","background-position":"center center","background-size":"auto","background-attachment":"scroll","background-type":"","background-media":"","overlay-type":"","overlay-color":"","overlay-opacity":"","overlay-gradient":""},"mobile":{"background-color":"var(--ast-global-color-5)","background-image":"","background-repeat":"repeat","background-position":"center center","background-size":"auto","background-attachment":"scroll","background-type":"","background-media":"","overlay-type":"","overlay-color":"","overlay-opacity":"","overlay-gradient":""}},"footnotes":""},"class_list":["post-9","page","type-page","status-publish","has-post-thumbnail","hentry"],"post_mailing_queue_ids":[],"_links":{"self":[{"href":"https:\/\/agora.xtec.cat\/escolaparcdelaciutadella\/wp-json\/wp\/v2\/pages\/9","targetHints":{"allow":["GET"]}}],"collection":[{"href":"https:\/\/agora.xtec.cat\/escolaparcdelaciutadella\/wp-json\/wp\/v2\/pages"}],"about":[{"href":"https:\/\/agora.xtec.cat\/escolaparcdelaciutadella\/wp-json\/wp\/v2\/types\/page"}],"author":[{"embeddable":true,"href":"https:\/\/agora.xtec.cat\/escolaparcdelaciutadella\/wp-json\/wp\/v2\/users\/1"}],"replies":[{"embeddable":true,"href":"https:\/\/agora.xtec.cat\/escolaparcdelaciutadella\/wp-json\/wp\/v2\/comments?post=9"}],"version-history":[{"count":6,"href":"https:\/\/agora.xtec.cat\/escolaparcdelaciutadella\/wp-json\/wp\/v2\/pages\/9\/revisions"}],"predecessor-version":[{"id":1484,"href":"https:\/\/agora.xtec.cat\/escolaparcdelaciutadella\/wp-json\/wp\/v2\/pages\/9\/revisions\/1484"}],"up":[{"embeddable":true,"href":"https:\/\/agora.xtec.cat\/escolaparcdelaciutadella\/wp-json\/wp\/v2\/pages\/7"}],"wp:featuredmedia":[{"embeddable":true,"href":"https:\/\/agora.xtec.cat\/escolaparcdelaciutadella\/wp-json\/wp\/v2\/media\/526"}],"wp:attachment":[{"href":"https:\/\/agora.xtec.cat\/escolaparcdelaciutadella\/wp-json\/wp\/v2\/media?parent=9"}],"curies":[{"name":"wp","href":"https:\/\/api.w.org\/{rel}","templated":true}]}}

NOTÍCIES

<p></p>
<p style="text-align: center;"><span style="color: #808000;"><strong><a style="color: #808000;" href="https://agora.xtec.cat/escolaparcdelaciutadella/wp-content/uploads/usu3064/2026/04/INFORME_BAREM_DEFINITIU_BAREM.pdf">LLISTA ORDENADA DEFINITIVA 29/4</a></strong></span></p>
<p style="text-align: center;"><span style="color: #ff0000;">IMPORTANT: Es podrà saber el centre assignat quan surti la llista definitiva d&#8217;admesos, prevista pel dia 10 de juny.</span></p>
<p><a href="https://agora.xtec.cat/escolaparcdelaciutadella/wp-content/uploads/usu3064/2026/04/num-desempat.png"><img loading="lazy" decoding="async" class="wp-image-1480 aligncenter" src="https://agora.xtec.cat/escolaparcdelaciutadella/wp-content/uploads/usu3064/2026/04/num-desempat.png" alt="" width="207" height="266" srcset="https://agora.xtec.cat/escolaparcdelaciutadella/wp-content/uploads/usu3064/2026/04/num-desempat.png 532w, https://agora.xtec.cat/escolaparcdelaciutadella/wp-content/uploads/usu3064/2026/04/num-desempat-233x300.png 233w" sizes="auto, (max-width: 207px) 100vw, 207px" /></a></p>
<p style="text-align: center;"><strong><span style="color: #808000;">LLISTES PREINSCRIPCIÓ BAREMADES DEFINITIVES (23/4)</span></strong></p>
<p><a href="https://agora.xtec.cat/escolaparcdelaciutadella/wp-content/uploads/usu3064/2026/04/INFORME_BAREM_RESOLTES_BAREM.pdf">llistes baremades definitives</a></p>
<p>&nbsp;</p>
<p style="text-align: center;"><strong><span style="color: #808000;">LLISTES PREINSCRIPCIÓ BAREMADES PROVISIONALS</span></strong></p>
<p><a href="https://agora.xtec.cat/escolaparcdelaciutadella/wp-content/uploads/usu3064/2026/04/INFORME_BAREM_PROVISIONAL_BAREM.pdf"> llistes baremades provisionals</a></p>
<p>Període de reclamacions del 15 al 20 d&#8217;abril.</p>
<p>&nbsp;</p>
<h6><span style="color: #808000;">OFERTA INICIAL</span></h6>
<p><a href="https://agora.xtec.cat/escolaparcdelaciutadella/wp-content/uploads/usu3064/2026/03/OFERTA-INICIAL.png"><br /><img loading="lazy" decoding="async" class="wp-image-1455 aligncenter" src="https://agora.xtec.cat/escolaparcdelaciutadella/wp-content/uploads/usu3064/2026/03/OFERTA-INICIAL.png" alt="" width="532" height="359" srcset="https://agora.xtec.cat/escolaparcdelaciutadella/wp-content/uploads/usu3064/2026/03/OFERTA-INICIAL.png 673w, https://agora.xtec.cat/escolaparcdelaciutadella/wp-content/uploads/usu3064/2026/03/OFERTA-INICIAL-300x202.png 300w" sizes="auto, (max-width: 532px) 100vw, 532px" /></a></p>
<h1> </h1>
<h1 style="text-align: center;"><strong><span style="color: #808000;">PREINSCRIPCIÓ ESCOLAR 2026-2027</span></strong></h1>
<p>&nbsp;</p>
<h6><span style="color: #808000;">Educació infantil (3-6 anys) i educació primària (6-12 anys): del 4 al 18 de març</span></h6>
<p style="text-align: center;">                     <span style="color: #808000;">ESO: del 6 al 18 de març</span></p>
<p style="text-align: center;"><strong><span style="color: #808000;"><a style="color: #808000;" href="https://www.edubcn.cat/ca/alumnat_i_familia/informacio_general_matriculacio/preinscripcio_info">Clica l&#8217;enllaç amb tota la informació</a></span></strong></p>
<p style="text-align: center;"><span style="color: #808000;">Per a qualsevol consulta no dubtis a trucar-nos 933195847 o escriure&#8217;ns <span style="color: #99cc00;">a8001601@xtec.cat</span></span></p>
<p style="text-align: center;"><strong><span style="color: #808000;"> </span></strong></p>
<p>&nbsp;</p>
<p style="text-align: center;"><strong>FES CLICK AL <span style="color: #339966;"> <a style="color: #339966;" href="https://drive.google.com/file/d/1prkvO0zl0GynJsj87lmeVsR0lWR3yDEu/view?usp=sharing">VÍDEO PER VEURE EL CAMÍ ESCOLAR</a></span></strong></p>
<p>&nbsp;</p>
<h3 style="text-align: center;"><span style="color: #808000;">BENVINGUTS I BENVINGUDES AL CURS 2025-2026</span></h3>
<p>&nbsp;</p>
<p style="text-align: center;"><a href="https://agora.xtec.cat/escolaparcdelaciutadella/wp-content/uploads/usu3064/2026/01/ae806988-b60e-40c2-a619-1d997fb0b78c.jpeg"><img loading="lazy" decoding="async" class="alignnone size-large wp-image-1374" src="https://agora.xtec.cat/escolaparcdelaciutadella/wp-content/uploads/usu3064/2026/01/ae806988-b60e-40c2-a619-1d997fb0b78c-768x1024.jpeg" alt="" width="768" height="1024" srcset="https://agora.xtec.cat/escolaparcdelaciutadella/wp-content/uploads/usu3064/2026/01/ae806988-b60e-40c2-a619-1d997fb0b78c-768x1024.jpeg 768w, https://agora.xtec.cat/escolaparcdelaciutadella/wp-content/uploads/usu3064/2026/01/ae806988-b60e-40c2-a619-1d997fb0b78c-225x300.jpeg 225w, https://agora.xtec.cat/escolaparcdelaciutadella/wp-content/uploads/usu3064/2026/01/ae806988-b60e-40c2-a619-1d997fb0b78c-1152x1536.jpeg 1152w, https://agora.xtec.cat/escolaparcdelaciutadella/wp-content/uploads/usu3064/2026/01/ae806988-b60e-40c2-a619-1d997fb0b78c.jpeg 1200w" sizes="auto, (max-width: 768px) 100vw, 768px" /></a></p>





<h4> </h4>
<p>&nbsp;</p>
<p><a href="https://agora.xtec.cat/escolaparcdelaciutadella/wp-content/uploads/usu3064/2025/04/pla-clima-1.png"><img loading="lazy" decoding="async" class="alignnone  wp-image-1019" src="https://agora.xtec.cat/escolaparcdelaciutadella/wp-content/uploads/usu3064/2025/04/pla-clima-1.png" alt="" width="255" height="352" srcset="https://agora.xtec.cat/escolaparcdelaciutadella/wp-content/uploads/usu3064/2025/04/pla-clima-1.png 385w, https://agora.xtec.cat/escolaparcdelaciutadella/wp-content/uploads/usu3064/2025/04/pla-clima-1-218x300.png 218w" sizes="auto, (max-width: 255px) 100vw, 255px" /> </a><a href="https://agora.xtec.cat/escolaparcdelaciutadella/wp-content/uploads/usu3064/2026/03/AJBCN_Sign_Com_CiutatVella_Negre_Vermell-scaled.jpg"><img loading="lazy" decoding="async" class="alignnone  wp-image-1459" src="https://agora.xtec.cat/escolaparcdelaciutadella/wp-content/uploads/usu3064/2026/03/AJBCN_Sign_Com_CiutatVella_Negre_Vermell-1024x344.jpg" alt="" width="190" height="64" srcset="https://agora.xtec.cat/escolaparcdelaciutadella/wp-content/uploads/usu3064/2026/03/AJBCN_Sign_Com_CiutatVella_Negre_Vermell-1024x344.jpg 1024w, https://agora.xtec.cat/escolaparcdelaciutadella/wp-content/uploads/usu3064/2026/03/AJBCN_Sign_Com_CiutatVella_Negre_Vermell-300x101.jpg 300w, https://agora.xtec.cat/escolaparcdelaciutadella/wp-content/uploads/usu3064/2026/03/AJBCN_Sign_Com_CiutatVella_Negre_Vermell-768x258.jpg 768w, https://agora.xtec.cat/escolaparcdelaciutadella/wp-content/uploads/usu3064/2026/03/AJBCN_Sign_Com_CiutatVella_Negre_Vermell-1536x515.jpg 1536w, https://agora.xtec.cat/escolaparcdelaciutadella/wp-content/uploads/usu3064/2026/03/AJBCN_Sign_Com_CiutatVella_Negre_Vermell-2048x687.jpg 2048w" sizes="auto, (max-width: 190px) 100vw, 190px" />  </a><a href="https://agora.xtec.cat/escolaparcdelaciutadella/wp-content/uploads/usu3064/2026/03/logo-consorci.png"><img loading="lazy" decoding="async" class="alignnone  wp-image-1462" src="https://agora.xtec.cat/escolaparcdelaciutadella/wp-content/uploads/usu3064/2026/03/logo-consorci.png" alt="" width="191" height="59" srcset="https://agora.xtec.cat/escolaparcdelaciutadella/wp-content/uploads/usu3064/2026/03/logo-consorci.png 798w, https://agora.xtec.cat/escolaparcdelaciutadella/wp-content/uploads/usu3064/2026/03/logo-consorci-300x93.png 300w, https://agora.xtec.cat/escolaparcdelaciutadella/wp-content/uploads/usu3064/2026/03/logo-consorci-768x238.png 768w" sizes="auto, (max-width: 191px) 100vw, 191px" /></a></p>

<p class="has-text-align-center"> </p>

<p>LLISTA ORDENADA DEFINITIVA 29/4 IMPORTANT: Es podrà saber el centre assignat quan surti la llista definitiva d&#8217;admesos, prevista pel dia 10 de juny. LLISTES PREINSCRIPCIÓ BAREMADES DEFINITIVES (23/4) llistes baremades definitives &nbsp; LLISTES PREINSCRIPCIÓ BAREMADES PROVISIONALS  llistes baremades provisionals Període de reclamacions del 15 al 20 d&#8217;abril. &nbsp; OFERTA INICIAL   PREINSCRIPCIÓ ESCOLAR 2026-2027 &nbsp; [&hellip;]</p>
