{"id":1201,"date":"2025-07-02T12:21:37","date_gmt":"2025-07-02T10:21:37","guid":{"rendered":"https:\/\/agora.xtec.cat\/escolaparcdelaciutadella\/?page_id=1201"},"modified":"2025-09-05T12:41:54","modified_gmt":"2025-09-05T10:41:54","slug":"inscripcions","status":"publish","type":"page","link":"https:\/\/agora.xtec.cat\/escolaparcdelaciutadella\/afa\/activitats-extraescolars\/inscripcions\/","title":{"rendered":"Inscripcions i baixes"},"content":{"rendered":"<h1>Inscripcions<\/h1>\n<p>Les preinscripcions a les activitats extraescolars del curs 2025-2026 estaran obertes del <strong data-start=\"229\" data-end=\"252\">8 al 23 de setembre<\/strong>. Podeu formalitzar la inscripci\u00f3 <strong data-start=\"286\" data-end=\"323\">a trav\u00e9s del seg\u00fcent Google Forms<\/strong> o de manera <strong data-start=\"336\" data-end=\"350\">presencial<\/strong>, visitant el mostrador de l\u2019AFA a l\u2019hora de sortida de l\u2019escola.<\/p>\n<p><a href=\"https:\/\/docs.google.com\/forms\/d\/e\/1FAIpQLSdpt3seevUDX0nyrWoikKOtH14eG9PO3PI_1tgmcOCfMEkY0w\/viewform?usp=header\" target=\"_blank\" rel=\"noopener\">Inscripci\u00f3 activitats extraescolars 2025 &#8211; 2026<\/a><\/p>\n<p>Posteriorment al per\u00edode de preinscripcions, <strong data-start=\"463\" data-end=\"503\" data-is-only-node=\"\">les inscripcions continuaran obertes<\/strong>, tot i que no es pot assegurar que l\u2019activitat es dugui a terme. En cas d\u2019arribar al <strong data-start=\"589\" data-end=\"620\">m\u00e0xim de places disponibles<\/strong>, es crear\u00e0 una <strong data-start=\"636\" data-end=\"655\">llista d\u2019espera<\/strong> per assignar les places que es puguin alliberar.<\/p>\n<h1>Baixes<\/h1>\n<p>Si voleu donar de baixa un infant d\u2019una activitat extraescolar, podeu fer-ho <strong data-start=\"534\" data-end=\"571\">a trav\u00e9s del seg\u00fcent Google Forms<\/strong> o de manera <strong data-start=\"584\" data-end=\"618\">presencial al taulell de l\u2019AFA<\/strong>. Les baixes han de comunicar-se <strong data-start=\"651\" data-end=\"711\">com a m\u00ednim una setmana abans de l\u2019inici del mes seg\u00fcent<\/strong>. Tingueu en compte que <strong data-start=\"735\" data-end=\"768\">no es realitzaran devolucions<\/strong> si no es compleixen aquests requisits.<\/p>\n<p><a href=\"https:\/\/docs.google.com\/forms\/d\/e\/1FAIpQLSeu3ydFS3fEh0Lk9g1jqVo9d2gP0mEkqkLThA8RBiXb4M8Msw\/viewform?usp=header\" target=\"_blank\" rel=\"noopener\">Baixa activitats extraescolars 2025 &#8211; 2026<\/a><\/p>\n","protected":false},"excerpt":{"rendered":"<p>Inscripcions Les preinscripcions a les activitats extraescolars del curs 2025-2026 estaran obertes del 8 al 23 de setembre. Podeu formalitzar la inscripci\u00f3 a trav\u00e9s del seg\u00fcent Google Forms o de manera presencial, visitant el mostrador de l\u2019AFA a l\u2019hora de sortida de l\u2019escola. Inscripci\u00f3 activitats extraescolars 2025 &#8211; 2026 Posteriorment al per\u00edode de preinscripcions, les [&hellip;]<\/p>\n","protected":false},"author":1,"featured_media":0,"parent":1194,"menu_order":0,"comment_status":"closed","ping_status":"closed","template":"","meta":{"site-sidebar-layout":"default","site-content-layout":"","ast-site-content-layout":"default","site-content-style":"default","site-sidebar-style":"default","ast-global-header-display":"","ast-banner-title-visibility":"","ast-main-header-display":"","ast-hfb-above-header-display":"","ast-hfb-below-header-display":"","ast-hfb-mobile-header-display":"","site-post-title":"","ast-breadcrumbs-content":"","ast-featured-img":"","footer-sml-layout":"","theme-transparent-header-meta":"default","adv-header-id-meta":"","stick-header-meta":"","header-above-stick-meta":"","header-main-stick-meta":"","header-below-stick-meta":"","astra-migrate-meta-layouts":"set","ast-page-background-enabled":"default","ast-page-background-meta":{"desktop":{"background-color":"var(--ast-global-color-4)","background-image":"","background-repeat":"repeat","background-position":"center center","background-size":"auto","background-attachment":"scroll","background-type":"","background-media":"","overlay-type":"","overlay-color":"","overlay-opacity":"","overlay-gradient":""},"tablet":{"background-color":"","background-image":"","background-repeat":"repeat","background-position":"center center","background-size":"auto","background-attachment":"scroll","background-type":"","background-media":"","overlay-type":"","overlay-color":"","overlay-opacity":"","overlay-gradient":""},"mobile":{"background-color":"","background-image":"","background-repeat":"repeat","background-position":"center center","background-size":"auto","background-attachment":"scroll","background-type":"","background-media":"","overlay-type":"","overlay-color":"","overlay-opacity":"","overlay-gradient":""}},"ast-content-background-meta":{"desktop":{"background-color":"var(--ast-global-color-5)","background-image":"","background-repeat":"repeat","background-position":"center center","background-size":"auto","background-attachment":"scroll","background-type":"","background-media":"","overlay-type":"","overlay-color":"","overlay-opacity":"","overlay-gradient":""},"tablet":{"background-color":"var(--ast-global-color-5)","background-image":"","background-repeat":"repeat","background-position":"center center","background-size":"auto","background-attachment":"scroll","background-type":"","background-media":"","overlay-type":"","overlay-color":"","overlay-opacity":"","overlay-gradient":""},"mobile":{"background-color":"var(--ast-global-color-5)","background-image":"","background-repeat":"repeat","background-position":"center center","background-size":"auto","background-attachment":"scroll","background-type":"","background-media":"","overlay-type":"","overlay-color":"","overlay-opacity":"","overlay-gradient":""}},"footnotes":""},"class_list":["post-1201","page","type-page","status-publish","hentry"],"post_mailing_queue_ids":[],"_links":{"self":[{"href":"https:\/\/agora.xtec.cat\/escolaparcdelaciutadella\/wp-json\/wp\/v2\/pages\/1201","targetHints":{"allow":["GET"]}}],"collection":[{"href":"https:\/\/agora.xtec.cat\/escolaparcdelaciutadella\/wp-json\/wp\/v2\/pages"}],"about":[{"href":"https:\/\/agora.xtec.cat\/escolaparcdelaciutadella\/wp-json\/wp\/v2\/types\/page"}],"author":[{"embeddable":true,"href":"https:\/\/agora.xtec.cat\/escolaparcdelaciutadella\/wp-json\/wp\/v2\/users\/1"}],"replies":[{"embeddable":true,"href":"https:\/\/agora.xtec.cat\/escolaparcdelaciutadella\/wp-json\/wp\/v2\/comments?post=1201"}],"version-history":[{"count":4,"href":"https:\/\/agora.xtec.cat\/escolaparcdelaciutadella\/wp-json\/wp\/v2\/pages\/1201\/revisions"}],"predecessor-version":[{"id":1239,"href":"https:\/\/agora.xtec.cat\/escolaparcdelaciutadella\/wp-json\/wp\/v2\/pages\/1201\/revisions\/1239"}],"up":[{"embeddable":true,"href":"https:\/\/agora.xtec.cat\/escolaparcdelaciutadella\/wp-json\/wp\/v2\/pages\/1194"}],"wp:attachment":[{"href":"https:\/\/agora.xtec.cat\/escolaparcdelaciutadella\/wp-json\/wp\/v2\/media?parent=1201"}],"curies":[{"name":"wp","href":"https:\/\/api.w.org\/{rel}","templated":true}]}}

<h1>Inscripcions</h1>
<p>Les preinscripcions a les activitats extraescolars del curs 2025-2026 estaran obertes del <strong data-start="229" data-end="252">8 al 23 de setembre</strong>. Podeu formalitzar la inscripció <strong data-start="286" data-end="323">a través del següent Google Forms</strong> o de manera <strong data-start="336" data-end="350">presencial</strong>, visitant el mostrador de l’AFA a l’hora de sortida de l’escola.</p>
<p><a href="https://docs.google.com/forms/d/e/1FAIpQLSdpt3seevUDX0nyrWoikKOtH14eG9PO3PI_1tgmcOCfMEkY0w/viewform?usp=header" target="_blank" rel="noopener">Inscripció activitats extraescolars 2025 &#8211; 2026</a></p>
<p>Posteriorment al període de preinscripcions, <strong data-start="463" data-end="503" data-is-only-node="">les inscripcions continuaran obertes</strong>, tot i que no es pot assegurar que l’activitat es dugui a terme. En cas d’arribar al <strong data-start="589" data-end="620">màxim de places disponibles</strong>, es crearà una <strong data-start="636" data-end="655">llista d’espera</strong> per assignar les places que es puguin alliberar.</p>
<h1>Baixes</h1>
<p>Si voleu donar de baixa un infant d’una activitat extraescolar, podeu fer-ho <strong data-start="534" data-end="571">a través del següent Google Forms</strong> o de manera <strong data-start="584" data-end="618">presencial al taulell de l’AFA</strong>. Les baixes han de comunicar-se <strong data-start="651" data-end="711">com a mínim una setmana abans de l’inici del mes següent</strong>. Tingueu en compte que <strong data-start="735" data-end="768">no es realitzaran devolucions</strong> si no es compleixen aquests requisits.</p>
<p><a href="https://docs.google.com/forms/d/e/1FAIpQLSeu3ydFS3fEh0Lk9g1jqVo9d2gP0mEkqkLThA8RBiXb4M8Msw/viewform?usp=header" target="_blank" rel="noopener">Baixa activitats extraescolars 2025 &#8211; 2026</a></p>

<p>Inscripcions Les preinscripcions a les activitats extraescolars del curs 2025-2026 estaran obertes del 8 al 23 de setembre. Podeu formalitzar la inscripció a través del següent Google Forms o de manera presencial, visitant el mostrador de l’AFA a l’hora de sortida de l’escola. Inscripció activitats extraescolars 2025 &#8211; 2026 Posteriorment al període de preinscripcions, les [&hellip;]</p>
