{"id":1198,"date":"2025-07-02T12:19:46","date_gmt":"2025-07-02T10:19:46","guid":{"rendered":"https:\/\/agora.xtec.cat\/escolaparcdelaciutadella\/?page_id=1198"},"modified":"2025-09-05T12:20:47","modified_gmt":"2025-09-05T10:20:47","slug":"normativa","status":"publish","type":"page","link":"https:\/\/agora.xtec.cat\/escolaparcdelaciutadella\/afa\/activitats-extraescolars\/normativa\/","title":{"rendered":"Normativa"},"content":{"rendered":"<p>Per garantir que les activitats extraescolars es desenvolupin amb normalitat i amb la millor organitzaci\u00f3 possible, us presentem la <strong>normativa vigent per al curs 2025-2026<\/strong>. A continuaci\u00f3 trobareu tots els punts importants per a fam\u00edlies i infants, aix\u00ed com un enlla\u00e7 per descarregar-la en format PDF.<\/p>\n<p>&nbsp;<\/p>\n<p><b>NORMATIVA ACTIVITATS EXTRAESCOLARS CURS 2025-2026<\/b><\/p>\n<p><b>CONSIDERACIONS<\/b><\/p>\n<p><span style=\"font-weight: 400;\">La matriculaci\u00f3 d\u2019un infant a les activitats extraescolars suposa l&#8217;acceptaci\u00f3 de tota la normativa exposada en aquest document.<\/span><\/p>\n<p><span style=\"font-weight: 400;\">La coordinaci\u00f3 d\u2019extraescolars i la direcci\u00f3 de l\u2019AFA es reserven el dret de donar de baixa unilateralment un infant que no respecti les normes de conviv\u00e8ncia b\u00e0siques.<\/span><\/p>\n<p><span style=\"font-weight: 400;\">El pagament de les activitats extraescolars s\u2019ha de fer a l\u2019inici de cada mes.<\/span><\/p>\n<p><span style=\"font-weight: 400;\">Els infants inscrits a les activitats extraescolars estan coberts per una asseguran\u00e7a inclosa en el preu.<\/span><\/p>\n<p><span style=\"font-weight: 400;\">Les sessions de prova de les activitats extraescolars tenen un cost de 8 \u20ac.<\/span><\/p>\n<p><span style=\"font-weight: 400;\">En cas que, durant el curs, una activitat quedi amb un nombre d\u2019alumnes inferior al m\u00ednim establert per l\u2019empresa, la direcci\u00f3 de l\u2019AFA considerar\u00e0 el tancament de l\u2019activitat.<\/span><\/p>\n<p><b>CALENDARI<\/b><\/p>\n<ul>\n<li style=\"font-weight: 400;\" aria-level=\"1\"><b>8 de setembre<\/b><span style=\"font-weight: 400;\">: Presentaci\u00f3 de l\u2019oferta d\u2019extraescolars per al curs 2025-2026 i obertura de les inscripcions.<\/span><\/li>\n<li style=\"font-weight: 400;\" aria-level=\"1\"><b>16 de setembre<\/b><span style=\"font-weight: 400;\">: Tarda informativa i de presentaci\u00f3 de les activitats per part de les empreses al pati de l\u2019escola, a l\u2019hora de sortida.<\/span><\/li>\n<li style=\"font-weight: 400;\" aria-level=\"1\"><b>23 de setembre<\/b><span style=\"font-weight: 400;\">: Tancament de les inscripcions i decisi\u00f3 de la viabilitat de les activitats.<\/span><\/li>\n<li style=\"font-weight: 400;\" aria-level=\"1\"><b>1 d\u2019octubre<\/b><span style=\"font-weight: 400;\">: Inici de les activitats extraescolars.<\/span><\/li>\n<li style=\"font-weight: 400;\" aria-level=\"1\"><b>30 de maig<\/b><span style=\"font-weight: 400;\">: Finalitzaci\u00f3 del curs extraescolar, a excepci\u00f3 de skate.<\/span><\/li>\n<li style=\"font-weight: 400;\" aria-level=\"1\"><b>19 de juny<\/b><span style=\"font-weight: 400;\">: Finalitzaci\u00f3 de l\u2019extraescolar de skate.<\/span><\/li>\n<\/ul>\n<p><b>PAGAMENTS<\/b><\/p>\n<p><span style=\"font-weight: 400;\">Els pagaments es podran fer amb l\u2019aplicaci\u00f3 <\/span><b>TPV Escola<\/b><span style=\"font-weight: 400;\">. De manera alternativa, tamb\u00e9 es poden fer en efectiu directament al taulell de l\u2019AFA, en l\u2019horari d\u2019atenci\u00f3 a les fam\u00edlies.<\/span><\/p>\n<p><span style=\"font-weight: 400;\">Els pagaments estaran disponibles, via TPV, la darrera setmana del mes anterior i s\u2019hauran de fer efectius abans del dia 7 del mes en curs.<\/span><\/p>\n<p><b>INSCRIPCIONS<\/b><\/p>\n<p><span style=\"font-weight: 400;\">Per inscriure un infant a una o diverses extraescolars organitzades per l\u2019AFA, caldr\u00e0:<\/span><\/p>\n<ul>\n<li style=\"font-weight: 400;\" aria-level=\"1\"><span style=\"font-weight: 400;\">Ser soci de l\u2019AFA.<\/span><\/li>\n<li style=\"font-weight: 400;\" aria-level=\"1\"><span style=\"font-weight: 400;\">Estar al dia dels pagaments del curs anterior.<\/span><\/li>\n<li style=\"font-weight: 400;\" aria-level=\"1\"><span style=\"font-weight: 400;\">Omplir el formulari d\u2019inscripci\u00f3 de Google Forms titulat \u201c<\/span><i><span style=\"font-weight: 400;\">Inscripcions extraescolars 25\/26<\/span><\/i><span style=\"font-weight: 400;\">\u201d, disponible a la web de l\u2019escola, a l\u2019apartat <\/span><b>AFA &gt; Activitats Extraescolars &gt; Inscripcions.<\/b><\/li>\n<\/ul>\n<p><span style=\"font-weight: 400;\">El dia 23 de setembre, una vegada es tanqui el per\u00edode de preinscripcions, es valorar\u00e0, juntament amb les empreses, la viabilitat econ\u00f2mica de cada activitat. En cas de no arribar al nombre m\u00ednim d\u2019alumnes, l\u2019extraescolar es considerar\u00e0 inviable i no es podr\u00e0 dur a terme.<\/span><\/p>\n<p><b>BAIXES<\/b><\/p>\n<p><span style=\"font-weight: 400;\">Per donar de baixa un infant d\u2019una activitat extraescolar, caldr\u00e0:<\/span><\/p>\n<ul>\n<li style=\"font-weight: 400;\" aria-level=\"1\"><span style=\"font-weight: 400;\">Comunicar-ho a coordinaci\u00f3 d\u2019extraescolars presencialment, per correu electr\u00f2nic o mitjan\u00e7ant el formulari de Google Forms \u201c<\/span><i><span style=\"font-weight: 400;\">Baixes extraescolars 25\/26<\/span><\/i><span style=\"font-weight: 400;\">\u201d, disponible a la web de l\u2019escola a l\u2019apartat<\/span><b> AFA &gt; Activitats Extraescolars &gt; Inscripcions.<\/b><\/li>\n<li style=\"font-weight: 400;\" aria-level=\"1\"><span style=\"font-weight: 400;\">Comunicar-ho amb, com a m\u00ednim, una setmana d\u2019antelaci\u00f3 respecte a l\u2019inici del mes seg\u00fcent.<\/span><\/li>\n<\/ul>\n<p><span style=\"font-weight: 400;\">No es consideraran les peticions que no compleixin aquestes dues condicions i, per tant, en cap cas tindran dret a la devoluci\u00f3 del pagament.<\/span><\/p>\n<p>&nbsp;<\/p>\n<p><a href=\"https:\/\/agora.xtec.cat\/escolaparcdelaciutadella\/wp-content\/uploads\/usu3064\/2025\/09\/Normativa-extraescolares-25_26-cat.pdf\">Normativa extraescolares 25_26 cat<\/a><\/p>\n","protected":false},"excerpt":{"rendered":"<p>Per garantir que les activitats extraescolars es desenvolupin amb normalitat i amb la millor organitzaci\u00f3 possible, us presentem la normativa vigent per al curs 2025-2026. A continuaci\u00f3 trobareu tots els punts importants per a fam\u00edlies i infants, aix\u00ed com un enlla\u00e7 per descarregar-la en format PDF. &nbsp; NORMATIVA ACTIVITATS EXTRAESCOLARS CURS 2025-2026 CONSIDERACIONS La matriculaci\u00f3 [&hellip;]<\/p>\n","protected":false},"author":1,"featured_media":0,"parent":1194,"menu_order":0,"comment_status":"closed","ping_status":"closed","template":"","meta":{"site-sidebar-layout":"default","site-content-layout":"","ast-site-content-layout":"default","site-content-style":"default","site-sidebar-style":"default","ast-global-header-display":"","ast-banner-title-visibility":"","ast-main-header-display":"","ast-hfb-above-header-display":"","ast-hfb-below-header-display":"","ast-hfb-mobile-header-display":"","site-post-title":"","ast-breadcrumbs-content":"","ast-featured-img":"","footer-sml-layout":"","theme-transparent-header-meta":"default","adv-header-id-meta":"","stick-header-meta":"","header-above-stick-meta":"","header-main-stick-meta":"","header-below-stick-meta":"","astra-migrate-meta-layouts":"set","ast-page-background-enabled":"default","ast-page-background-meta":{"desktop":{"background-color":"var(--ast-global-color-4)","background-image":"","background-repeat":"repeat","background-position":"center center","background-size":"auto","background-attachment":"scroll","background-type":"","background-media":"","overlay-type":"","overlay-color":"","overlay-opacity":"","overlay-gradient":""},"tablet":{"background-color":"","background-image":"","background-repeat":"repeat","background-position":"center center","background-size":"auto","background-attachment":"scroll","background-type":"","background-media":"","overlay-type":"","overlay-color":"","overlay-opacity":"","overlay-gradient":""},"mobile":{"background-color":"","background-image":"","background-repeat":"repeat","background-position":"center center","background-size":"auto","background-attachment":"scroll","background-type":"","background-media":"","overlay-type":"","overlay-color":"","overlay-opacity":"","overlay-gradient":""}},"ast-content-background-meta":{"desktop":{"background-color":"var(--ast-global-color-5)","background-image":"","background-repeat":"repeat","background-position":"center center","background-size":"auto","background-attachment":"scroll","background-type":"","background-media":"","overlay-type":"","overlay-color":"","overlay-opacity":"","overlay-gradient":""},"tablet":{"background-color":"var(--ast-global-color-5)","background-image":"","background-repeat":"repeat","background-position":"center center","background-size":"auto","background-attachment":"scroll","background-type":"","background-media":"","overlay-type":"","overlay-color":"","overlay-opacity":"","overlay-gradient":""},"mobile":{"background-color":"var(--ast-global-color-5)","background-image":"","background-repeat":"repeat","background-position":"center center","background-size":"auto","background-attachment":"scroll","background-type":"","background-media":"","overlay-type":"","overlay-color":"","overlay-opacity":"","overlay-gradient":""}},"footnotes":""},"class_list":["post-1198","page","type-page","status-publish","hentry"],"post_mailing_queue_ids":[],"_links":{"self":[{"href":"https:\/\/agora.xtec.cat\/escolaparcdelaciutadella\/wp-json\/wp\/v2\/pages\/1198","targetHints":{"allow":["GET"]}}],"collection":[{"href":"https:\/\/agora.xtec.cat\/escolaparcdelaciutadella\/wp-json\/wp\/v2\/pages"}],"about":[{"href":"https:\/\/agora.xtec.cat\/escolaparcdelaciutadella\/wp-json\/wp\/v2\/types\/page"}],"author":[{"embeddable":true,"href":"https:\/\/agora.xtec.cat\/escolaparcdelaciutadella\/wp-json\/wp\/v2\/users\/1"}],"replies":[{"embeddable":true,"href":"https:\/\/agora.xtec.cat\/escolaparcdelaciutadella\/wp-json\/wp\/v2\/comments?post=1198"}],"version-history":[{"count":4,"href":"https:\/\/agora.xtec.cat\/escolaparcdelaciutadella\/wp-json\/wp\/v2\/pages\/1198\/revisions"}],"predecessor-version":[{"id":1237,"href":"https:\/\/agora.xtec.cat\/escolaparcdelaciutadella\/wp-json\/wp\/v2\/pages\/1198\/revisions\/1237"}],"up":[{"embeddable":true,"href":"https:\/\/agora.xtec.cat\/escolaparcdelaciutadella\/wp-json\/wp\/v2\/pages\/1194"}],"wp:attachment":[{"href":"https:\/\/agora.xtec.cat\/escolaparcdelaciutadella\/wp-json\/wp\/v2\/media?parent=1198"}],"curies":[{"name":"wp","href":"https:\/\/api.w.org\/{rel}","templated":true}]}}

<p>Per garantir que les activitats extraescolars es desenvolupin amb normalitat i amb la millor organització possible, us presentem la <strong>normativa vigent per al curs 2025-2026</strong>. A continuació trobareu tots els punts importants per a famílies i infants, així com un enllaç per descarregar-la en format PDF.</p>
<p>&nbsp;</p>
<p><b>NORMATIVA ACTIVITATS EXTRAESCOLARS CURS 2025-2026</b></p>
<p><b>CONSIDERACIONS</b></p>
<p><span style="font-weight: 400;">La matriculació d’un infant a les activitats extraescolars suposa l&#8217;acceptació de tota la normativa exposada en aquest document.</span></p>
<p><span style="font-weight: 400;">La coordinació d’extraescolars i la direcció de l’AFA es reserven el dret de donar de baixa unilateralment un infant que no respecti les normes de convivència bàsiques.</span></p>
<p><span style="font-weight: 400;">El pagament de les activitats extraescolars s’ha de fer a l’inici de cada mes.</span></p>
<p><span style="font-weight: 400;">Els infants inscrits a les activitats extraescolars estan coberts per una assegurança inclosa en el preu.</span></p>
<p><span style="font-weight: 400;">Les sessions de prova de les activitats extraescolars tenen un cost de 8 €.</span></p>
<p><span style="font-weight: 400;">En cas que, durant el curs, una activitat quedi amb un nombre d’alumnes inferior al mínim establert per l’empresa, la direcció de l’AFA considerarà el tancament de l’activitat.</span></p>
<p><b>CALENDARI</b></p>
<ul>
<li style="font-weight: 400;" aria-level="1"><b>8 de setembre</b><span style="font-weight: 400;">: Presentació de l’oferta d’extraescolars per al curs 2025-2026 i obertura de les inscripcions.</span></li>
<li style="font-weight: 400;" aria-level="1"><b>16 de setembre</b><span style="font-weight: 400;">: Tarda informativa i de presentació de les activitats per part de les empreses al pati de l’escola, a l’hora de sortida.</span></li>
<li style="font-weight: 400;" aria-level="1"><b>23 de setembre</b><span style="font-weight: 400;">: Tancament de les inscripcions i decisió de la viabilitat de les activitats.</span></li>
<li style="font-weight: 400;" aria-level="1"><b>1 d’octubre</b><span style="font-weight: 400;">: Inici de les activitats extraescolars.</span></li>
<li style="font-weight: 400;" aria-level="1"><b>30 de maig</b><span style="font-weight: 400;">: Finalització del curs extraescolar, a excepció de skate.</span></li>
<li style="font-weight: 400;" aria-level="1"><b>19 de juny</b><span style="font-weight: 400;">: Finalització de l’extraescolar de skate.</span></li>
</ul>
<p><b>PAGAMENTS</b></p>
<p><span style="font-weight: 400;">Els pagaments es podran fer amb l’aplicació </span><b>TPV Escola</b><span style="font-weight: 400;">. De manera alternativa, també es poden fer en efectiu directament al taulell de l’AFA, en l’horari d’atenció a les famílies.</span></p>
<p><span style="font-weight: 400;">Els pagaments estaran disponibles, via TPV, la darrera setmana del mes anterior i s’hauran de fer efectius abans del dia 7 del mes en curs.</span></p>
<p><b>INSCRIPCIONS</b></p>
<p><span style="font-weight: 400;">Per inscriure un infant a una o diverses extraescolars organitzades per l’AFA, caldrà:</span></p>
<ul>
<li style="font-weight: 400;" aria-level="1"><span style="font-weight: 400;">Ser soci de l’AFA.</span></li>
<li style="font-weight: 400;" aria-level="1"><span style="font-weight: 400;">Estar al dia dels pagaments del curs anterior.</span></li>
<li style="font-weight: 400;" aria-level="1"><span style="font-weight: 400;">Omplir el formulari d’inscripció de Google Forms titulat “</span><i><span style="font-weight: 400;">Inscripcions extraescolars 25/26</span></i><span style="font-weight: 400;">”, disponible a la web de l’escola, a l’apartat </span><b>AFA &gt; Activitats Extraescolars &gt; Inscripcions.</b></li>
</ul>
<p><span style="font-weight: 400;">El dia 23 de setembre, una vegada es tanqui el període de preinscripcions, es valorarà, juntament amb les empreses, la viabilitat econòmica de cada activitat. En cas de no arribar al nombre mínim d’alumnes, l’extraescolar es considerarà inviable i no es podrà dur a terme.</span></p>
<p><b>BAIXES</b></p>
<p><span style="font-weight: 400;">Per donar de baixa un infant d’una activitat extraescolar, caldrà:</span></p>
<ul>
<li style="font-weight: 400;" aria-level="1"><span style="font-weight: 400;">Comunicar-ho a coordinació d’extraescolars presencialment, per correu electrònic o mitjançant el formulari de Google Forms “</span><i><span style="font-weight: 400;">Baixes extraescolars 25/26</span></i><span style="font-weight: 400;">”, disponible a la web de l’escola a l’apartat</span><b> AFA &gt; Activitats Extraescolars &gt; Inscripcions.</b></li>
<li style="font-weight: 400;" aria-level="1"><span style="font-weight: 400;">Comunicar-ho amb, com a mínim, una setmana d’antelació respecte a l’inici del mes següent.</span></li>
</ul>
<p><span style="font-weight: 400;">No es consideraran les peticions que no compleixin aquestes dues condicions i, per tant, en cap cas tindran dret a la devolució del pagament.</span></p>
<p>&nbsp;</p>
<p><a href="https://agora.xtec.cat/escolaparcdelaciutadella/wp-content/uploads/usu3064/2025/09/Normativa-extraescolares-25_26-cat.pdf">Normativa extraescolares 25_26 cat</a></p>

<p>Per garantir que les activitats extraescolars es desenvolupin amb normalitat i amb la millor organització possible, us presentem la normativa vigent per al curs 2025-2026. A continuació trobareu tots els punts importants per a famílies i infants, així com un enllaç per descarregar-la en format PDF. &nbsp; NORMATIVA ACTIVITATS EXTRAESCOLARS CURS 2025-2026 CONSIDERACIONS La matriculació [&hellip;]</p>
