{"id":1194,"date":"2025-06-17T15:52:15","date_gmt":"2025-06-17T13:52:15","guid":{"rendered":"https:\/\/agora.xtec.cat\/escolaparcdelaciutadella\/?page_id=1194"},"modified":"2025-09-05T12:00:13","modified_gmt":"2025-09-05T10:00:13","slug":"activitats-extraescolars","status":"publish","type":"page","link":"https:\/\/agora.xtec.cat\/escolaparcdelaciutadella\/afa\/activitats-extraescolars\/","title":{"rendered":"Activitats extraescolars"},"content":{"rendered":"<p data-start=\"96\" data-end=\"511\">A l\u2019Escola Parc de la Ciutadella entenem les activitats extraescolars com una oportunitat perqu\u00e8 els infants gaudeixin, aprenguin i continu\u00efn descobrint el que els apassiona m\u00e9s enll\u00e0 de les classes. L\u2019objectiu \u00e9s que cada nen i nena pugui trobar un espai on desenvolupar la creativitat, mantenir-se actiu i compartir moments amb els companys en un ambient acollidor i divertit.<\/p>\n<p data-start=\"513\" data-end=\"704\">Aquestes activitats estan organitzades per l\u2019AFA de l\u2019escola, que cada any treballa per oferir una proposta variada i de qualitat, adaptada als interessos i necessitats de les fam\u00edlies.<\/p>\n<p data-start=\"706\" data-end=\"1005\"><strong>Com a novetats d\u2019aquest nou curs escolar 2025 &#8211; 2026,<\/strong> hem duplicat les activitats de futbol i de break dance i acrob\u00e0cies donada la seva popularitat el curs passat, que ens permet gaudir de grups d&#8217;un rang d&#8217;edats m\u00e9s curt . A m\u00e9s, estrenem una nova col\u00b7laboraci\u00f3 amb una acad\u00e8mia d\u2019angl\u00e8s, KIDDO, que ens permet oferir grups m\u00e9s petits, millorant aix\u00ed la qualitat de l&#8217;activitat.<\/p>\n<p data-start=\"1007\" data-end=\"1195\">Oferim, doncs, un ventall de propostes l\u00fadiques, esportives i art\u00edstiques pensades per estimular la curiositat, fomentar la cooperaci\u00f3 i, sobretot, per passar-ho b\u00e9 mentre aprenem junts.<\/p>\n","protected":false},"excerpt":{"rendered":"<p>A l\u2019Escola Parc de la Ciutadella entenem les activitats extraescolars com una oportunitat perqu\u00e8 els infants gaudeixin, aprenguin i continu\u00efn descobrint el que els apassiona m\u00e9s enll\u00e0 de les classes. L\u2019objectiu \u00e9s que cada nen i nena pugui trobar un espai on desenvolupar la creativitat, mantenir-se actiu i compartir moments amb els companys en un [&hellip;]<\/p>\n","protected":false},"author":1,"featured_media":0,"parent":1115,"menu_order":1,"comment_status":"closed","ping_status":"closed","template":"","meta":{"site-sidebar-layout":"default","site-content-layout":"","ast-site-content-layout":"default","site-content-style":"default","site-sidebar-style":"default","ast-global-header-display":"","ast-banner-title-visibility":"","ast-main-header-display":"","ast-hfb-above-header-display":"","ast-hfb-below-header-display":"","ast-hfb-mobile-header-display":"","site-post-title":"","ast-breadcrumbs-content":"","ast-featured-img":"","footer-sml-layout":"","theme-transparent-header-meta":"default","adv-header-id-meta":"","stick-header-meta":"","header-above-stick-meta":"","header-main-stick-meta":"","header-below-stick-meta":"","astra-migrate-meta-layouts":"set","ast-page-background-enabled":"default","ast-page-background-meta":{"desktop":{"background-color":"var(--ast-global-color-4)","background-image":"","background-repeat":"repeat","background-position":"center center","background-size":"auto","background-attachment":"scroll","background-type":"","background-media":"","overlay-type":"","overlay-color":"","overlay-opacity":"","overlay-gradient":""},"tablet":{"background-color":"","background-image":"","background-repeat":"repeat","background-position":"center center","background-size":"auto","background-attachment":"scroll","background-type":"","background-media":"","overlay-type":"","overlay-color":"","overlay-opacity":"","overlay-gradient":""},"mobile":{"background-color":"","background-image":"","background-repeat":"repeat","background-position":"center center","background-size":"auto","background-attachment":"scroll","background-type":"","background-media":"","overlay-type":"","overlay-color":"","overlay-opacity":"","overlay-gradient":""}},"ast-content-background-meta":{"desktop":{"background-color":"var(--ast-global-color-5)","background-image":"","background-repeat":"repeat","background-position":"center center","background-size":"auto","background-attachment":"scroll","background-type":"","background-media":"","overlay-type":"","overlay-color":"","overlay-opacity":"","overlay-gradient":""},"tablet":{"background-color":"var(--ast-global-color-5)","background-image":"","background-repeat":"repeat","background-position":"center center","background-size":"auto","background-attachment":"scroll","background-type":"","background-media":"","overlay-type":"","overlay-color":"","overlay-opacity":"","overlay-gradient":""},"mobile":{"background-color":"var(--ast-global-color-5)","background-image":"","background-repeat":"repeat","background-position":"center center","background-size":"auto","background-attachment":"scroll","background-type":"","background-media":"","overlay-type":"","overlay-color":"","overlay-opacity":"","overlay-gradient":""}},"footnotes":""},"class_list":["post-1194","page","type-page","status-publish","hentry"],"post_mailing_queue_ids":[],"_links":{"self":[{"href":"https:\/\/agora.xtec.cat\/escolaparcdelaciutadella\/wp-json\/wp\/v2\/pages\/1194","targetHints":{"allow":["GET"]}}],"collection":[{"href":"https:\/\/agora.xtec.cat\/escolaparcdelaciutadella\/wp-json\/wp\/v2\/pages"}],"about":[{"href":"https:\/\/agora.xtec.cat\/escolaparcdelaciutadella\/wp-json\/wp\/v2\/types\/page"}],"author":[{"embeddable":true,"href":"https:\/\/agora.xtec.cat\/escolaparcdelaciutadella\/wp-json\/wp\/v2\/users\/1"}],"replies":[{"embeddable":true,"href":"https:\/\/agora.xtec.cat\/escolaparcdelaciutadella\/wp-json\/wp\/v2\/comments?post=1194"}],"version-history":[{"count":5,"href":"https:\/\/agora.xtec.cat\/escolaparcdelaciutadella\/wp-json\/wp\/v2\/pages\/1194\/revisions"}],"predecessor-version":[{"id":1234,"href":"https:\/\/agora.xtec.cat\/escolaparcdelaciutadella\/wp-json\/wp\/v2\/pages\/1194\/revisions\/1234"}],"up":[{"embeddable":true,"href":"https:\/\/agora.xtec.cat\/escolaparcdelaciutadella\/wp-json\/wp\/v2\/pages\/1115"}],"wp:attachment":[{"href":"https:\/\/agora.xtec.cat\/escolaparcdelaciutadella\/wp-json\/wp\/v2\/media?parent=1194"}],"curies":[{"name":"wp","href":"https:\/\/api.w.org\/{rel}","templated":true}]}}

<p data-start="96" data-end="511">A l’Escola Parc de la Ciutadella entenem les activitats extraescolars com una oportunitat perquè els infants gaudeixin, aprenguin i continuïn descobrint el que els apassiona més enllà de les classes. L’objectiu és que cada nen i nena pugui trobar un espai on desenvolupar la creativitat, mantenir-se actiu i compartir moments amb els companys en un ambient acollidor i divertit.</p>
<p data-start="513" data-end="704">Aquestes activitats estan organitzades per l’AFA de l’escola, que cada any treballa per oferir una proposta variada i de qualitat, adaptada als interessos i necessitats de les famílies.</p>
<p data-start="706" data-end="1005"><strong>Com a novetats d’aquest nou curs escolar 2025 &#8211; 2026,</strong> hem duplicat les activitats de futbol i de break dance i acrobàcies donada la seva popularitat el curs passat, que ens permet gaudir de grups d&#8217;un rang d&#8217;edats més curt . A més, estrenem una nova col·laboració amb una acadèmia d’anglès, KIDDO, que ens permet oferir grups més petits, millorant així la qualitat de l&#8217;activitat.</p>
<p data-start="1007" data-end="1195">Oferim, doncs, un ventall de propostes lúdiques, esportives i artístiques pensades per estimular la curiositat, fomentar la cooperació i, sobretot, per passar-ho bé mentre aprenem junts.</p>

<p>A l’Escola Parc de la Ciutadella entenem les activitats extraescolars com una oportunitat perquè els infants gaudeixin, aprenguin i continuïn descobrint el que els apassiona més enllà de les classes. L’objectiu és que cada nen i nena pugui trobar un espai on desenvolupar la creativitat, mantenir-se actiu i compartir moments amb els companys en un [&hellip;]</p>
