{"id":1091,"date":"2025-04-29T13:24:17","date_gmt":"2025-04-29T11:24:17","guid":{"rendered":"https:\/\/agora.xtec.cat\/escolaparcdelaciutadella\/?page_id=1091"},"modified":"2026-02-19T09:56:41","modified_gmt":"2026-02-19T08:56:41","slug":"espai-migdia","status":"publish","type":"page","link":"https:\/\/agora.xtec.cat\/escolaparcdelaciutadella\/espai-migdia\/","title":{"rendered":"Espai Migdia"},"content":{"rendered":"<p><a href=\"https:\/\/contractaciopublica.cat\/ca\/detall-publicacio\/77044a9f-4fe4-45dc-8801-277b1d59b410\/300676993\">LICITACI\u00d3<\/a><\/p>\n<p>&nbsp;<\/p>\n<p><a href=\"https:\/\/agora.xtec.cat\/escolaparcdelaciutadella\/wp-content\/uploads\/usu3064\/2024\/11\/image-2.png\"><br \/>\n<img loading=\"lazy\" decoding=\"async\" class=\"size-full wp-image-715 aligncenter\" src=\"https:\/\/agora.xtec.cat\/escolaparcdelaciutadella\/wp-content\/uploads\/usu3064\/2024\/11\/image-2.png\" alt=\"\" width=\"228\" height=\"261\" \/><\/a><\/p>\n<p>El temps de migdia \u00e9s una part important del dia que cal atendre amb molta cura. \u00c9s b\u00e0sic que els nens i nenes disposin de temps i tranquil\u00b7litat per menjar i descansar abans de continuar amb la jornada.<\/p>\n<p>Els infants d\u2019I-3 descansen despr\u00e9s de dinar, en llits, a la seva aula. La comunicaci\u00f3 amb el servei de menjador la podeu fer mitjan\u00e7ant la llibreta o agenda de l\u2019alumnat d&#8217;I3.<\/p>\n<p>El servei de menjador l\u2019organitza l\u2019empresa Xtra Esport i lleure, que elabora el dinar a la cuina de l\u2019escola i disposa d\u2019un equip de monitors i monitores per atendre els vostres infants. Podreu con\u00e8ixer el personal de menjador que atendr\u00e0 els vostres fills i filles el dia de la reuni\u00f3 de curs, aix\u00ed com el funcionament d\u2019aquest servei.<\/p>\n<p>L\u2019escola disposa de cuina pr\u00f2pia.<\/p>\n<h4><strong>Plantilla (Espai migdia)<\/strong><\/h4>\n<p>&nbsp;<\/p>\n<p>Coordinadora: <strong>Melany Llovera<\/strong><\/p>\n<p>I-3: Cristina Garc\u00eda i Marina D\u00edaz<\/p>\n<p>I-4: Alba Manzano<\/p>\n<p>I-5: Mari Carmen Cervantes<\/p>\n<p>1r: Laura Duro<\/p>\n<p>2n: Raul Gasca<\/p>\n<p>3r: Jonathan Alarc\u00f3n<\/p>\n<p>4t: Natalia Marr\u00f3n<\/p>\n<p>5\u00e8: Maxi G\u00f3mez<\/p>\n<p>6\u00e8: Brian Ben\u00edtez<\/p>\n<p>Suports grans: Gabi Gonz\u00e1lez<\/p>\n<p>Cuina: Ouafat , Helena<\/p>\n<p>&nbsp;<\/p>\n<p>&nbsp;<\/p>\n<h5><\/h5>\n","protected":false},"excerpt":{"rendered":"<p>LICITACI\u00d3 &nbsp; El temps de migdia \u00e9s una part important del dia que cal atendre amb molta cura. \u00c9s b\u00e0sic que els nens i nenes disposin de temps i tranquil\u00b7litat per menjar i descansar abans de continuar amb la jornada. Els infants d\u2019I-3 descansen despr\u00e9s de dinar, en llits, a la seva aula. La comunicaci\u00f3 [&hellip;]<\/p>\n","protected":false},"author":1,"featured_media":0,"parent":0,"menu_order":0,"comment_status":"closed","ping_status":"closed","template":"","meta":{"site-sidebar-layout":"default","site-content-layout":"","ast-site-content-layout":"default","site-content-style":"default","site-sidebar-style":"default","ast-global-header-display":"","ast-banner-title-visibility":"","ast-main-header-display":"","ast-hfb-above-header-display":"","ast-hfb-below-header-display":"","ast-hfb-mobile-header-display":"","site-post-title":"","ast-breadcrumbs-content":"","ast-featured-img":"","footer-sml-layout":"","theme-transparent-header-meta":"default","adv-header-id-meta":"","stick-header-meta":"","header-above-stick-meta":"","header-main-stick-meta":"","header-below-stick-meta":"","astra-migrate-meta-layouts":"set","ast-page-background-enabled":"default","ast-page-background-meta":{"desktop":{"background-color":"var(--ast-global-color-4)","background-image":"","background-repeat":"repeat","background-position":"center center","background-size":"auto","background-attachment":"scroll","background-type":"","background-media":"","overlay-type":"","overlay-color":"","overlay-opacity":"","overlay-gradient":""},"tablet":{"background-color":"","background-image":"","background-repeat":"repeat","background-position":"center center","background-size":"auto","background-attachment":"scroll","background-type":"","background-media":"","overlay-type":"","overlay-color":"","overlay-opacity":"","overlay-gradient":""},"mobile":{"background-color":"","background-image":"","background-repeat":"repeat","background-position":"center center","background-size":"auto","background-attachment":"scroll","background-type":"","background-media":"","overlay-type":"","overlay-color":"","overlay-opacity":"","overlay-gradient":""}},"ast-content-background-meta":{"desktop":{"background-color":"var(--ast-global-color-5)","background-image":"","background-repeat":"repeat","background-position":"center center","background-size":"auto","background-attachment":"scroll","background-type":"","background-media":"","overlay-type":"","overlay-color":"","overlay-opacity":"","overlay-gradient":""},"tablet":{"background-color":"var(--ast-global-color-5)","background-image":"","background-repeat":"repeat","background-position":"center center","background-size":"auto","background-attachment":"scroll","background-type":"","background-media":"","overlay-type":"","overlay-color":"","overlay-opacity":"","overlay-gradient":""},"mobile":{"background-color":"var(--ast-global-color-5)","background-image":"","background-repeat":"repeat","background-position":"center center","background-size":"auto","background-attachment":"scroll","background-type":"","background-media":"","overlay-type":"","overlay-color":"","overlay-opacity":"","overlay-gradient":""}},"footnotes":""},"class_list":["post-1091","page","type-page","status-publish","hentry"],"post_mailing_queue_ids":[],"_links":{"self":[{"href":"https:\/\/agora.xtec.cat\/escolaparcdelaciutadella\/wp-json\/wp\/v2\/pages\/1091","targetHints":{"allow":["GET"]}}],"collection":[{"href":"https:\/\/agora.xtec.cat\/escolaparcdelaciutadella\/wp-json\/wp\/v2\/pages"}],"about":[{"href":"https:\/\/agora.xtec.cat\/escolaparcdelaciutadella\/wp-json\/wp\/v2\/types\/page"}],"author":[{"embeddable":true,"href":"https:\/\/agora.xtec.cat\/escolaparcdelaciutadella\/wp-json\/wp\/v2\/users\/1"}],"replies":[{"embeddable":true,"href":"https:\/\/agora.xtec.cat\/escolaparcdelaciutadella\/wp-json\/wp\/v2\/comments?post=1091"}],"version-history":[{"count":7,"href":"https:\/\/agora.xtec.cat\/escolaparcdelaciutadella\/wp-json\/wp\/v2\/pages\/1091\/revisions"}],"predecessor-version":[{"id":1126,"href":"https:\/\/agora.xtec.cat\/escolaparcdelaciutadella\/wp-json\/wp\/v2\/pages\/1091\/revisions\/1126"}],"wp:attachment":[{"href":"https:\/\/agora.xtec.cat\/escolaparcdelaciutadella\/wp-json\/wp\/v2\/media?parent=1091"}],"curies":[{"name":"wp","href":"https:\/\/api.w.org\/{rel}","templated":true}]}}

<p><a href="https://contractaciopublica.cat/ca/detall-publicacio/77044a9f-4fe4-45dc-8801-277b1d59b410/300676993">LICITACIÓ</a></p>
<p>&nbsp;</p>
<p><a href="https://agora.xtec.cat/escolaparcdelaciutadella/wp-content/uploads/usu3064/2024/11/image-2.png"><br />
<img loading="lazy" decoding="async" class="size-full wp-image-715 aligncenter" src="https://agora.xtec.cat/escolaparcdelaciutadella/wp-content/uploads/usu3064/2024/11/image-2.png" alt="" width="228" height="261" /></a></p>
<p>El temps de migdia és una part important del dia que cal atendre amb molta cura. És bàsic que els nens i nenes disposin de temps i tranquil·litat per menjar i descansar abans de continuar amb la jornada.</p>
<p>Els infants d’I-3 descansen després de dinar, en llits, a la seva aula. La comunicació amb el servei de menjador la podeu fer mitjançant la llibreta o agenda de l’alumnat d&#8217;I3.</p>
<p>El servei de menjador l’organitza l’empresa Xtra Esport i lleure, que elabora el dinar a la cuina de l’escola i disposa d’un equip de monitors i monitores per atendre els vostres infants. Podreu conèixer el personal de menjador que atendrà els vostres fills i filles el dia de la reunió de curs, així com el funcionament d’aquest servei.</p>
<p>L’escola disposa de cuina pròpia.</p>
<h4><strong>Plantilla (Espai migdia)</strong></h4>
<p>&nbsp;</p>
<p>Coordinadora: <strong>Melany Llovera</strong></p>
<p>I-3: Cristina García i Marina Díaz</p>
<p>I-4: Alba Manzano</p>
<p>I-5: Mari Carmen Cervantes</p>
<p>1r: Laura Duro</p>
<p>2n: Raul Gasca</p>
<p>3r: Jonathan Alarcón</p>
<p>4t: Natalia Marrón</p>
<p>5è: Maxi Gómez</p>
<p>6è: Brian Benítez</p>
<p>Suports grans: Gabi González</p>
<p>Cuina: Ouafat , Helena</p>
<p>&nbsp;</p>
<p>&nbsp;</p>
<h5></h5>

<p>LICITACIÓ &nbsp; El temps de migdia és una part important del dia que cal atendre amb molta cura. És bàsic que els nens i nenes disposin de temps i tranquil·litat per menjar i descansar abans de continuar amb la jornada. Els infants d’I-3 descansen després de dinar, en llits, a la seva aula. La comunicació [&hellip;]</p>
