{"id":973,"date":"2023-10-25T19:03:10","date_gmt":"2023-10-25T17:03:10","guid":{"rendered":"https:\/\/agora.xtec.cat\/escolapapasseitmollet\/?page_id=973"},"modified":"2026-03-04T21:18:15","modified_gmt":"2026-03-04T20:18:15","slug":"documentacio","status":"publish","type":"page","link":"https:\/\/agora.xtec.cat\/escolapapasseitmollet\/lescola\/documentacio\/","title":{"rendered":"Documentaci\u00f3"},"content":{"rendered":"<ul>\n<li><a href=\"https:\/\/drive.google.com\/drive\/u\/0\/folders\/1qOU4bqmi4lSWIZc8A7BgwolkF6DWfC_N\">Projecte Educatiu de Centre (PEC)<\/a><\/li>\n<li><a href=\"https:\/\/drive.google.com\/file\/d\/1XywAEp-wZHtkGiT3rQlG6muh55M9DCHi\/view?usp=sharing\">PGA i mem\u00f2ria de centre<\/a><\/li>\n<li><a href=\"https:\/\/drive.google.com\/open?id=1TWVmh86RRJL9ZMtwkChZDgcQ1HzX_v-9\">Normes d\u2019Organitzaci\u00f3 i Funcionament de Centre (NOFC) (Aprovat 2016, pendent d&#8217;actualitzaci\u00f3)<\/a><\/li>\n<li><a href=\"https:\/\/drive.google.com\/file\/d\/1yGAH4QrFnrOgdwqllB9P4H0E4RyazXYk\/view?usp=drive_link\">Projecte Ling\u00fc\u00edstic de centre. (Aprovat 2020 i modificaci\u00f3 2022)<\/a><\/li>\n<li><a href=\"https:\/\/drive.google.com\/file\/d\/1ziqng1JxCUdlp5OmC983FWvPQNPRNiql\/view?usp=sharing\">Projecte de conviv\u00e8ncia\u00a0<\/a><\/li>\n<li><a href=\"https:\/\/drive.google.com\/file\/d\/1JuRonr_06421r2cLtm5qRKwar4FE2Ucr\/view?usp=sharing\">Pla d&#8217;Acollida<\/a><\/li>\n<li><a href=\"https:\/\/drive.google.com\/file\/d\/1dmgd7zpHJYOwK3B-fB6c1duDdtrLlbKl\/view?usp=drive_link\">Carta de comprom\u00eds<\/a><\/li>\n<li><a href=\"https:\/\/drive.google.com\/drive\/u\/0\/folders\/1Kipix9fp5RtJJvBw6Oi15T0ZG7WXcRoF\">Acords del consell escolar Curs 2024-25<\/a><\/li>\n<li>Economia\n<ul>\n<li><a href=\"https:\/\/docs.google.com\/spreadsheets\/d\/1z1IwaBdoD3jQ4nBB0cGL2EGsTsarnrl9\/edit?gid=407809725#gid=407809725\">Pressupost 2025<\/a><\/li>\n<li>Quota escolar\n<ul>\n<li><a href=\"https:\/\/drive.google.com\/drive\/u\/0\/folders\/1Vl6F2CpisWYg86Yqnmkfk5Srl1xHfYk6\">Cursos I3, 2n, 4t i 6\u00e8<\/a><\/li>\n<li><a href=\"https:\/\/drive.google.com\/drive\/u\/0\/folders\/1Vl6F2CpisWYg86Yqnmkfk5Srl1xHfYk6\">Cursos I4, I5, 1r, 3r, 5\u00e8<\/a><\/li>\n<\/ul>\n<\/li>\n<\/ul>\n<\/li>\n<li>Relaci\u00f3 de convenis vigents.<\/li>\n<\/ul>\n","protected":false},"excerpt":{"rendered":"<p>Projecte Educatiu de Centre (PEC) PGA i mem\u00f2ria de centre Normes d\u2019Organitzaci\u00f3 i Funcionament de Centre (NOFC) (Aprovat 2016, pendent d&#8217;actualitzaci\u00f3) Projecte Ling\u00fc\u00edstic de centre. (Aprovat 2020 i modificaci\u00f3 2022) Projecte de conviv\u00e8ncia\u00a0 Pla d&#8217;Acollida Carta de comprom\u00eds Acords del consell escolar Curs 2024-25 Economia Pressupost 2025 Quota escolar Cursos I3, 2n, 4t i 6\u00e8 [&hellip;]<\/p>\n","protected":false},"author":1,"featured_media":0,"parent":742,"menu_order":5,"comment_status":"closed","ping_status":"closed","template":"","meta":{"_bbp_topic_count":0,"_bbp_reply_count":0,"_bbp_total_topic_count":0,"_bbp_total_reply_count":0,"_bbp_voice_count":0,"_bbp_anonymous_reply_count":0,"_bbp_topic_count_hidden":0,"_bbp_reply_count_hidden":0,"_bbp_forum_subforum_count":0,"site-sidebar-layout":"default","site-content-layout":"","ast-site-content-layout":"default","site-content-style":"default","site-sidebar-style":"default","ast-global-header-display":"","ast-banner-title-visibility":"","ast-main-header-display":"","ast-hfb-above-header-display":"","ast-hfb-below-header-display":"","ast-hfb-mobile-header-display":"","site-post-title":"","ast-breadcrumbs-content":"","ast-featured-img":"","footer-sml-layout":"","theme-transparent-header-meta":"default","adv-header-id-meta":"","stick-header-meta":"","header-above-stick-meta":"","header-main-stick-meta":"","header-below-stick-meta":"","astra-migrate-meta-layouts":"set","ast-page-background-enabled":"default","ast-page-background-meta":{"desktop":{"background-color":"var(--ast-global-color-4)","background-image":"","background-repeat":"repeat","background-position":"center center","background-size":"auto","background-attachment":"scroll","background-type":"","background-media":"","overlay-type":"","overlay-color":"","overlay-opacity":"","overlay-gradient":""},"tablet":{"background-color":"","background-image":"","background-repeat":"repeat","background-position":"center center","background-size":"auto","background-attachment":"scroll","background-type":"","background-media":"","overlay-type":"","overlay-color":"","overlay-opacity":"","overlay-gradient":""},"mobile":{"background-color":"","background-image":"","background-repeat":"repeat","background-position":"center center","background-size":"auto","background-attachment":"scroll","background-type":"","background-media":"","overlay-type":"","overlay-color":"","overlay-opacity":"","overlay-gradient":""}},"ast-content-background-meta":{"desktop":{"background-color":"var(--ast-global-color-5)","background-image":"","background-repeat":"repeat","background-position":"center center","background-size":"auto","background-attachment":"scroll","background-type":"","background-media":"","overlay-type":"","overlay-color":"","overlay-opacity":"","overlay-gradient":""},"tablet":{"background-color":"var(--ast-global-color-5)","background-image":"","background-repeat":"repeat","background-position":"center center","background-size":"auto","background-attachment":"scroll","background-type":"","background-media":"","overlay-type":"","overlay-color":"","overlay-opacity":"","overlay-gradient":""},"mobile":{"background-color":"var(--ast-global-color-5)","background-image":"","background-repeat":"repeat","background-position":"center center","background-size":"auto","background-attachment":"scroll","background-type":"","background-media":"","overlay-type":"","overlay-color":"","overlay-opacity":"","overlay-gradient":""}},"footnotes":""},"class_list":["post-973","page","type-page","status-publish","hentry"],"post_mailing_queue_ids":[],"_links":{"self":[{"href":"https:\/\/agora.xtec.cat\/escolapapasseitmollet\/wp-json\/wp\/v2\/pages\/973","targetHints":{"allow":["GET"]}}],"collection":[{"href":"https:\/\/agora.xtec.cat\/escolapapasseitmollet\/wp-json\/wp\/v2\/pages"}],"about":[{"href":"https:\/\/agora.xtec.cat\/escolapapasseitmollet\/wp-json\/wp\/v2\/types\/page"}],"author":[{"embeddable":true,"href":"https:\/\/agora.xtec.cat\/escolapapasseitmollet\/wp-json\/wp\/v2\/users\/1"}],"replies":[{"embeddable":true,"href":"https:\/\/agora.xtec.cat\/escolapapasseitmollet\/wp-json\/wp\/v2\/comments?post=973"}],"version-history":[{"count":6,"href":"https:\/\/agora.xtec.cat\/escolapapasseitmollet\/wp-json\/wp\/v2\/pages\/973\/revisions"}],"predecessor-version":[{"id":1459,"href":"https:\/\/agora.xtec.cat\/escolapapasseitmollet\/wp-json\/wp\/v2\/pages\/973\/revisions\/1459"}],"up":[{"embeddable":true,"href":"https:\/\/agora.xtec.cat\/escolapapasseitmollet\/wp-json\/wp\/v2\/pages\/742"}],"wp:attachment":[{"href":"https:\/\/agora.xtec.cat\/escolapapasseitmollet\/wp-json\/wp\/v2\/media?parent=973"}],"curies":[{"name":"wp","href":"https:\/\/api.w.org\/{rel}","templated":true}]}}