{"id":1835,"date":"2026-01-28T20:15:27","date_gmt":"2026-01-28T19:15:27","guid":{"rendered":"https:\/\/agora.xtec.cat\/escolapapasseitmollet\/?page_id=1835"},"modified":"2026-01-28T20:19:24","modified_gmt":"2026-01-28T19:19:24","slug":"cantania","status":"publish","type":"page","link":"https:\/\/agora.xtec.cat\/escolapapasseitmollet\/projectes\/cantania\/","title":{"rendered":"Cant\u00e0nia"},"content":{"rendered":"\n<p>L\u2019alumnat de 5\u00e8 participa en la <strong>Cant\u00e0nia<\/strong>, un projecte musical de gran abast que implica escoles d\u2019arreu del territori i que esdev\u00e9 una experi\u00e8ncia art\u00edstica i educativa molt significativa. Al llarg del curs, els infants treballen de manera progressiva el repertori de can\u00e7ons, la interpretaci\u00f3 vocal, l\u2019escolta activa i l\u2019expressi\u00f3 corporal, integrant la m\u00fasica dins del treball curricular. El projecte fomenta valors com l\u2019esfor\u00e7, la const\u00e0ncia, el treball en equip i la confian\u00e7a en un mateix. Tot aquest proc\u00e9s culmina amb una <strong>actuaci\u00f3 final conjunta<\/strong> amb altres escoles, sovint en un espai esc\u00e8nic rellevant, que es converteix en un record molt especial per a l\u2019alumnat.<\/p>\n\n\n\n<div class=\"wp-block-getwid-video-popup has-image\"><a class=\"wp-block-getwid-video-popup__link\" href=\"https:\/\/youtu.be\/FpQ8YcKOmhA\" aria-label=\"Cant\u00e0nia 2025\"><div class=\"wp-block-getwid-video-popup__wrapper\"><img loading=\"lazy\" decoding=\"async\" width=\"2048\" height=\"1152\" src=\"https:\/\/agora.xtec.cat\/escolapapasseitmollet\/wp-content\/uploads\/usu2048\/2026\/01\/WhatsApp-Image-2026-01-28-at-20.13.02-6.jpeg\" alt=\"Cant\u00e0nia 2025\" class=\"wp-block-getwid-video-popup__image wp-block-getwid-video-popup__source wp-image-1837\" srcset=\"https:\/\/agora.xtec.cat\/escolapapasseitmollet\/wp-content\/uploads\/usu2048\/2026\/01\/WhatsApp-Image-2026-01-28-at-20.13.02-6.jpeg 2048w, https:\/\/agora.xtec.cat\/escolapapasseitmollet\/wp-content\/uploads\/usu2048\/2026\/01\/WhatsApp-Image-2026-01-28-at-20.13.02-6-300x169.jpeg 300w, https:\/\/agora.xtec.cat\/escolapapasseitmollet\/wp-content\/uploads\/usu2048\/2026\/01\/WhatsApp-Image-2026-01-28-at-20.13.02-6-1024x576.jpeg 1024w, https:\/\/agora.xtec.cat\/escolapapasseitmollet\/wp-content\/uploads\/usu2048\/2026\/01\/WhatsApp-Image-2026-01-28-at-20.13.02-6-768x432.jpeg 768w, https:\/\/agora.xtec.cat\/escolapapasseitmollet\/wp-content\/uploads\/usu2048\/2026\/01\/WhatsApp-Image-2026-01-28-at-20.13.02-6-1536x864.jpeg 1536w\" sizes=\"auto, (max-width: 2048px) 100vw, 2048px\" \/><div class=\"wp-block-getwid-video-popup__button is-style-default has-animation-pulse\" style=\"border-color:var(--ast-global-color-0)\"><div class=\"wp-block-getwid-video-popup__icon has-background has-ast-global-color-0-background-color\" style=\"border-color:var(--ast-global-color-0)\"><i class=\"fas fa-play\" aria-hidden=\"true\"><\/i><\/div><\/div><\/div><\/a><div class=\"wp-block-getwid-video-popup__caption\"><p class=\"wp-block-getwid-video-popup__title\">Cant\u00e0nia 2025<\/p><\/div><\/div>\n","protected":false},"excerpt":{"rendered":"<p>L\u2019alumnat de 5\u00e8 participa en la Cant\u00e0nia, un projecte musical de gran abast que implica escoles d\u2019arreu del territori i que esdev\u00e9 una experi\u00e8ncia art\u00edstica i educativa molt significativa. Al llarg del curs, els infants treballen de manera progressiva el repertori de can\u00e7ons, la interpretaci\u00f3 vocal, l\u2019escolta activa i l\u2019expressi\u00f3 corporal, integrant la m\u00fasica dins [&hellip;]<\/p>\n","protected":false},"author":1,"featured_media":0,"parent":1745,"menu_order":8,"comment_status":"closed","ping_status":"closed","template":"","meta":{"_bbp_topic_count":0,"_bbp_reply_count":0,"_bbp_total_topic_count":0,"_bbp_total_reply_count":0,"_bbp_voice_count":0,"_bbp_anonymous_reply_count":0,"_bbp_topic_count_hidden":0,"_bbp_reply_count_hidden":0,"_bbp_forum_subforum_count":0,"site-sidebar-layout":"default","site-content-layout":"","ast-site-content-layout":"default","site-content-style":"default","site-sidebar-style":"default","ast-global-header-display":"","ast-banner-title-visibility":"","ast-main-header-display":"","ast-hfb-above-header-display":"","ast-hfb-below-header-display":"","ast-hfb-mobile-header-display":"","site-post-title":"","ast-breadcrumbs-content":"","ast-featured-img":"","footer-sml-layout":"","theme-transparent-header-meta":"","adv-header-id-meta":"","stick-header-meta":"","header-above-stick-meta":"","header-main-stick-meta":"","header-below-stick-meta":"","astra-migrate-meta-layouts":"set","ast-page-background-enabled":"default","ast-page-background-meta":{"desktop":{"background-color":"var(--ast-global-color-4)","background-image":"","background-repeat":"repeat","background-position":"center center","background-size":"auto","background-attachment":"scroll","background-type":"","background-media":"","overlay-type":"","overlay-color":"","overlay-opacity":"","overlay-gradient":""},"tablet":{"background-color":"","background-image":"","background-repeat":"repeat","background-position":"center center","background-size":"auto","background-attachment":"scroll","background-type":"","background-media":"","overlay-type":"","overlay-color":"","overlay-opacity":"","overlay-gradient":""},"mobile":{"background-color":"","background-image":"","background-repeat":"repeat","background-position":"center center","background-size":"auto","background-attachment":"scroll","background-type":"","background-media":"","overlay-type":"","overlay-color":"","overlay-opacity":"","overlay-gradient":""}},"ast-content-background-meta":{"desktop":{"background-color":"var(--ast-global-color-5)","background-image":"","background-repeat":"repeat","background-position":"center center","background-size":"auto","background-attachment":"scroll","background-type":"","background-media":"","overlay-type":"","overlay-color":"","overlay-opacity":"","overlay-gradient":""},"tablet":{"background-color":"var(--ast-global-color-5)","background-image":"","background-repeat":"repeat","background-position":"center center","background-size":"auto","background-attachment":"scroll","background-type":"","background-media":"","overlay-type":"","overlay-color":"","overlay-opacity":"","overlay-gradient":""},"mobile":{"background-color":"var(--ast-global-color-5)","background-image":"","background-repeat":"repeat","background-position":"center center","background-size":"auto","background-attachment":"scroll","background-type":"","background-media":"","overlay-type":"","overlay-color":"","overlay-opacity":"","overlay-gradient":""}},"footnotes":""},"class_list":["post-1835","page","type-page","status-publish","hentry"],"post_mailing_queue_ids":[],"_links":{"self":[{"href":"https:\/\/agora.xtec.cat\/escolapapasseitmollet\/wp-json\/wp\/v2\/pages\/1835","targetHints":{"allow":["GET"]}}],"collection":[{"href":"https:\/\/agora.xtec.cat\/escolapapasseitmollet\/wp-json\/wp\/v2\/pages"}],"about":[{"href":"https:\/\/agora.xtec.cat\/escolapapasseitmollet\/wp-json\/wp\/v2\/types\/page"}],"author":[{"embeddable":true,"href":"https:\/\/agora.xtec.cat\/escolapapasseitmollet\/wp-json\/wp\/v2\/users\/1"}],"replies":[{"embeddable":true,"href":"https:\/\/agora.xtec.cat\/escolapapasseitmollet\/wp-json\/wp\/v2\/comments?post=1835"}],"version-history":[{"count":2,"href":"https:\/\/agora.xtec.cat\/escolapapasseitmollet\/wp-json\/wp\/v2\/pages\/1835\/revisions"}],"predecessor-version":[{"id":1845,"href":"https:\/\/agora.xtec.cat\/escolapapasseitmollet\/wp-json\/wp\/v2\/pages\/1835\/revisions\/1845"}],"up":[{"embeddable":true,"href":"https:\/\/agora.xtec.cat\/escolapapasseitmollet\/wp-json\/wp\/v2\/pages\/1745"}],"wp:attachment":[{"href":"https:\/\/agora.xtec.cat\/escolapapasseitmollet\/wp-json\/wp\/v2\/media?parent=1835"}],"curies":[{"name":"wp","href":"https:\/\/api.w.org\/{rel}","templated":true}]}}