{"id":1601,"date":"2026-01-19T16:02:34","date_gmt":"2026-01-19T15:02:34","guid":{"rendered":"https:\/\/agora.xtec.cat\/escolapapasseitmollet\/?page_id=1601"},"modified":"2026-01-26T18:43:01","modified_gmt":"2026-01-26T17:43:01","slug":"batucada-i-papasseitus-bum-bum","status":"publish","type":"page","link":"https:\/\/agora.xtec.cat\/escolapapasseitmollet\/projectes\/batucada-i-papasseitus-bum-bum\/","title":{"rendered":"Batukada i el Papasseitus Bum Bum"},"content":{"rendered":"\n<p><strong>Qu\u00e8 \u00e9s el projecte<\/strong><br>La Batukada Papasseitus Bum Bum \u00e9s un projecte art\u00edstic, pedag\u00f2gic i comunitari consolidat de l\u2019Escola Joan Salvat Papasseit. A trav\u00e9s de la m\u00fasica, el moviment i la cultura popular, connecta l\u2019alumnat amb la vida cultural de l\u2019escola i de la ciutat de Mollet del Vall\u00e8s.<\/p>\n\n\n\n<figure class=\"wp-block-image alignleft size-large is-resized\"><a href=\"https:\/\/agora.xtec.cat\/escolapapasseitmollet\/wp-content\/uploads\/usu2048\/2026\/01\/WhatsApp-Image-2026-01-20-at-12.15.20.jpeg\"><img loading=\"lazy\" decoding=\"async\" width=\"930\" height=\"1024\" src=\"https:\/\/agora.xtec.cat\/escolapapasseitmollet\/wp-content\/uploads\/usu2048\/2026\/01\/WhatsApp-Image-2026-01-20-at-12.15.20-930x1024.jpeg\" alt=\"\" class=\"wp-image-1689\" style=\"width:199px;height:auto\" srcset=\"https:\/\/agora.xtec.cat\/escolapapasseitmollet\/wp-content\/uploads\/usu2048\/2026\/01\/WhatsApp-Image-2026-01-20-at-12.15.20-930x1024.jpeg 930w, https:\/\/agora.xtec.cat\/escolapapasseitmollet\/wp-content\/uploads\/usu2048\/2026\/01\/WhatsApp-Image-2026-01-20-at-12.15.20-273x300.jpeg 273w, https:\/\/agora.xtec.cat\/escolapapasseitmollet\/wp-content\/uploads\/usu2048\/2026\/01\/WhatsApp-Image-2026-01-20-at-12.15.20-768x845.jpeg 768w, https:\/\/agora.xtec.cat\/escolapapasseitmollet\/wp-content\/uploads\/usu2048\/2026\/01\/WhatsApp-Image-2026-01-20-at-12.15.20.jpeg 1134w\" sizes=\"auto, (max-width: 930px) 100vw, 930px\" \/><\/a><\/figure>\n\n\n\n<p class=\"has-text-align-left\"><strong>La Batukada Papasseit<\/strong><br>En funcionament des de fa sis cursos, la batukada ha evolucionat des d\u2019un projecte amb instruments reciclats fins a una formaci\u00f3 estable amb instruments, vestuari i identitat pr\u00f2pia.<br>Participa en celebracions del centre i en esdeveniments culturals i festius del municipi, esdevenint un element identitari de l\u2019escola.<\/p>\n\n\n\n<p class=\"has-text-align-left\"><strong>Papasseitus Bum Bum: el personatge<\/strong><br>Neix com a regal col\u00b7lectiu per al Carnestoltes i es converteix en un s\u00edmbol emocional del centre. Dona nom a la batukada, t\u00e9 can\u00e7\u00f3 i materials propis, est\u00e0 vinculat al benestar emocional de l\u2019alumnat i ha estat representat en forma de gegant\u00f3, formant part del bestiari de la ciutat.<\/p>\n\n\n\n<p><strong>El gegant\u00f3 i el bestiari escolar<\/strong><br>A partir del gegant\u00f3 Papasseitus Bum Bum, diferents cursos han creat i estan creant figures de cultura popular (mini gegantons, dimonis i personatges festius), fomentant la creativitat, el treball col\u00b7lectiu i l\u2019arrelament cultural.<\/p>\n\n\n\n<div class=\"wp-block-getwid-video-popup has-image\"><a class=\"wp-block-getwid-video-popup__link\" href=\"https:\/\/youtu.be\/tl0gig9cQok?si=YHDc8pch_6B2tI6V\" aria-label=\"Trobada gengantera escolar 2025\"><div class=\"wp-block-getwid-video-popup__wrapper\"><img loading=\"lazy\" decoding=\"async\" width=\"1536\" height=\"2048\" src=\"https:\/\/agora.xtec.cat\/escolapapasseitmollet\/wp-content\/uploads\/usu2048\/2026\/01\/WhatsApp-Image-2025-11-10-at-16.22.00-2.jpeg\" alt=\"Trobada gengantera escolar 2025\" class=\"wp-block-getwid-video-popup__image wp-block-getwid-video-popup__source wp-image-1698\" srcset=\"https:\/\/agora.xtec.cat\/escolapapasseitmollet\/wp-content\/uploads\/usu2048\/2026\/01\/WhatsApp-Image-2025-11-10-at-16.22.00-2.jpeg 1536w, https:\/\/agora.xtec.cat\/escolapapasseitmollet\/wp-content\/uploads\/usu2048\/2026\/01\/WhatsApp-Image-2025-11-10-at-16.22.00-2-225x300.jpeg 225w, https:\/\/agora.xtec.cat\/escolapapasseitmollet\/wp-content\/uploads\/usu2048\/2026\/01\/WhatsApp-Image-2025-11-10-at-16.22.00-2-768x1024.jpeg 768w, https:\/\/agora.xtec.cat\/escolapapasseitmollet\/wp-content\/uploads\/usu2048\/2026\/01\/WhatsApp-Image-2025-11-10-at-16.22.00-2-1152x1536.jpeg 1152w\" sizes=\"auto, (max-width: 1536px) 100vw, 1536px\" \/><div class=\"wp-block-getwid-video-popup__button is-style-default has-animation-pulse\" style=\"border-color:var(--ast-global-color-0)\"><div class=\"wp-block-getwid-video-popup__icon has-background has-ast-global-color-0-background-color\" style=\"border-color:var(--ast-global-color-0)\"><i class=\"fas fa-play\" aria-hidden=\"true\"><\/i><\/div><\/div><\/div><\/a><div class=\"wp-block-getwid-video-popup__caption\"><p class=\"wp-block-getwid-video-popup__title\">Trobada gengantera escolar 2025<\/p><\/div><\/div>\n\n\n\n<p><strong>La troupe d\u2019animaci\u00f3 art\u00edstica<\/strong><br>A partir del curs 2025\u20132026 s\u2019incorpora una secci\u00f3 d\u2019animaci\u00f3 art\u00edstica amb malabars i cariocas, especialment pensada per a l\u2019alumnat m\u00e9s petit, que amplia el projecte cap a una dimensi\u00f3 m\u00e9s visual, corporal i l\u00fadica.<\/p>\n\n\n\n<p><strong>Un projecte obert a l\u2019entorn<\/strong><br>La batukada, el gegant\u00f3 i la troupe participen en festes escolars, festes majors, trobades geganteres i actes culturals i solidaris, refor\u00e7ant el vincle entre escola, fam\u00edlies, entitats i ciutat.<\/p>\n\n\n\n<p><strong>Qu\u00e8 aporta a l\u2019alumnat<\/strong><\/p>\n\n\n\n<ul class=\"wp-block-list\">\n<li>Sentiment de pertinen\u00e7a i orgull de centre<\/li>\n\n\n\n<li>Expressi\u00f3 art\u00edstica, r\u00edtmica i corporal<\/li>\n\n\n\n<li>Treball en equip, responsabilitat i comprom\u00eds<\/li>\n\n\n\n<li>Igualtat d\u2019oportunitats (activitat gratu\u00efta)<\/li>\n<\/ul>\n\n\n\n<p><strong>Identitat i continu\u00eftat<\/strong><br>La Batukada Papasseit, Papasseitus Bum Bum, el gegant\u00f3 i la troupe formen un projecte viu i en creixement que utilitza la cultura popular com a eina educativa, inclusiva i cohesionadora.<\/p>\n\n\n\n<div class=\"wp-block-getwid-video-popup has-image\"><a class=\"wp-block-getwid-video-popup__link\" href=\"https:\/\/www.youtube.com\/watch?si=v1Lz_fCvwi9lyBUr&amp;v=MoLZyp1w7Wc&amp;feature=youtu.be\" aria-label=\"La Batucada participa al &quot;Tapes Xuxes&quot; de la Colla Morada\"><div class=\"wp-block-getwid-video-popup__wrapper\"><img loading=\"lazy\" decoding=\"async\" width=\"1152\" height=\"2048\" src=\"https:\/\/agora.xtec.cat\/escolapapasseitmollet\/wp-content\/uploads\/usu2048\/2026\/01\/WhatsApp-Image-2026-01-20-at-12.07.44.jpeg\" alt=\"La Batucada participa al &quot;Tapes Xuxes&quot; de la Colla Morada\" class=\"wp-block-getwid-video-popup__image wp-block-getwid-video-popup__source wp-image-1685\" srcset=\"https:\/\/agora.xtec.cat\/escolapapasseitmollet\/wp-content\/uploads\/usu2048\/2026\/01\/WhatsApp-Image-2026-01-20-at-12.07.44.jpeg 1152w, https:\/\/agora.xtec.cat\/escolapapasseitmollet\/wp-content\/uploads\/usu2048\/2026\/01\/WhatsApp-Image-2026-01-20-at-12.07.44-169x300.jpeg 169w, https:\/\/agora.xtec.cat\/escolapapasseitmollet\/wp-content\/uploads\/usu2048\/2026\/01\/WhatsApp-Image-2026-01-20-at-12.07.44-576x1024.jpeg 576w, https:\/\/agora.xtec.cat\/escolapapasseitmollet\/wp-content\/uploads\/usu2048\/2026\/01\/WhatsApp-Image-2026-01-20-at-12.07.44-768x1365.jpeg 768w, https:\/\/agora.xtec.cat\/escolapapasseitmollet\/wp-content\/uploads\/usu2048\/2026\/01\/WhatsApp-Image-2026-01-20-at-12.07.44-864x1536.jpeg 864w\" sizes=\"auto, (max-width: 1152px) 100vw, 1152px\" \/><div class=\"wp-block-getwid-video-popup__button is-style-default has-animation-pulse\" style=\"border-color:var(--ast-global-color-0)\"><div class=\"wp-block-getwid-video-popup__icon has-background has-ast-global-color-0-background-color\" style=\"border-color:var(--ast-global-color-0)\"><i class=\"fas fa-play\" aria-hidden=\"true\"><\/i><\/div><\/div><\/div><\/a><div class=\"wp-block-getwid-video-popup__caption\"><p class=\"wp-block-getwid-video-popup__title\">La Batucada participa al &#8220;Tapes Xuxes&#8221; de la Colla Morada<\/p><\/div><\/div>\n\n\n\n<p style=\"border-style:none;border-width:0px\">A continuaci\u00f3 trobareu tota la <strong>informaci\u00f3 sobre la Batukada<\/strong> i el nostre projecte.<\/p>\n\n\n\n<div data-wp-interactive=\"core\/file\" class=\"wp-block-file\"><object data-wp-bind--hidden=\"!state.hasPdfPreview\" hidden class=\"wp-block-file__embed\" data=\"https:\/\/agora.xtec.cat\/escolapapasseitmollet\/wp-content\/uploads\/usu2048\/2026\/01\/FITXA-BATUKADA-PAPASSEITUS-BUMBUM-GEGANTO-LA-TROUPE.pdf\" type=\"application\/pdf\" style=\"width:100%;height:350px\" aria-label=\"Incrustaci\u00f3 del fitxer FITXA BATUKADA PAPASSEITUS BUMBUM - GEGANT\u00d3 - LA TROUPE.\"><\/object><a id=\"wp-block-file--media-89d0dc11-67eb-4d2d-a4c1-f5807d658de3\" href=\"https:\/\/agora.xtec.cat\/escolapapasseitmollet\/wp-content\/uploads\/usu2048\/2026\/01\/FITXA-BATUKADA-PAPASSEITUS-BUMBUM-GEGANTO-LA-TROUPE.pdf\">FITXA BATUKADA PAPASSEITUS BUMBUM &#8211; GEGANT\u00d3 &#8211; LA TROUPE<\/a><a href=\"https:\/\/agora.xtec.cat\/escolapapasseitmollet\/wp-content\/uploads\/usu2048\/2026\/01\/FITXA-BATUKADA-PAPASSEITUS-BUMBUM-GEGANTO-LA-TROUPE.pdf\" class=\"wp-block-file__button wp-element-button\" download aria-describedby=\"wp-block-file--media-89d0dc11-67eb-4d2d-a4c1-f5807d658de3\">Baixa<\/a><\/div>\n","protected":false},"excerpt":{"rendered":"<p>Qu\u00e8 \u00e9s el projecteLa Batukada Papasseitus Bum Bum \u00e9s un projecte art\u00edstic, pedag\u00f2gic i comunitari consolidat de l\u2019Escola Joan Salvat Papasseit. A trav\u00e9s de la m\u00fasica, el moviment i la cultura popular, connecta l\u2019alumnat amb la vida cultural de l\u2019escola i de la ciutat de Mollet del Vall\u00e8s. La Batukada PapasseitEn funcionament des de fa [&hellip;]<\/p>\n","protected":false},"author":1,"featured_media":0,"parent":1745,"menu_order":5,"comment_status":"closed","ping_status":"closed","template":"","meta":{"_bbp_topic_count":0,"_bbp_reply_count":0,"_bbp_total_topic_count":0,"_bbp_total_reply_count":0,"_bbp_voice_count":0,"_bbp_anonymous_reply_count":0,"_bbp_topic_count_hidden":0,"_bbp_reply_count_hidden":0,"_bbp_forum_subforum_count":0,"site-sidebar-layout":"default","site-content-layout":"","ast-site-content-layout":"default","site-content-style":"default","site-sidebar-style":"default","ast-global-header-display":"","ast-banner-title-visibility":"","ast-main-header-display":"","ast-hfb-above-header-display":"","ast-hfb-below-header-display":"","ast-hfb-mobile-header-display":"","site-post-title":"","ast-breadcrumbs-content":"","ast-featured-img":"","footer-sml-layout":"","theme-transparent-header-meta":"","adv-header-id-meta":"","stick-header-meta":"","header-above-stick-meta":"","header-main-stick-meta":"","header-below-stick-meta":"","astra-migrate-meta-layouts":"set","ast-page-background-enabled":"default","ast-page-background-meta":{"desktop":{"background-color":"var(--ast-global-color-4)","background-image":"","background-repeat":"repeat","background-position":"center center","background-size":"auto","background-attachment":"scroll","background-type":"","background-media":"","overlay-type":"","overlay-color":"","overlay-opacity":"","overlay-gradient":""},"tablet":{"background-color":"","background-image":"","background-repeat":"repeat","background-position":"center center","background-size":"auto","background-attachment":"scroll","background-type":"","background-media":"","overlay-type":"","overlay-color":"","overlay-opacity":"","overlay-gradient":""},"mobile":{"background-color":"","background-image":"","background-repeat":"repeat","background-position":"center center","background-size":"auto","background-attachment":"scroll","background-type":"","background-media":"","overlay-type":"","overlay-color":"","overlay-opacity":"","overlay-gradient":""}},"ast-content-background-meta":{"desktop":{"background-color":"var(--ast-global-color-5)","background-image":"","background-repeat":"repeat","background-position":"center center","background-size":"auto","background-attachment":"scroll","background-type":"","background-media":"","overlay-type":"","overlay-color":"","overlay-opacity":"","overlay-gradient":""},"tablet":{"background-color":"var(--ast-global-color-5)","background-image":"","background-repeat":"repeat","background-position":"center center","background-size":"auto","background-attachment":"scroll","background-type":"","background-media":"","overlay-type":"","overlay-color":"","overlay-opacity":"","overlay-gradient":""},"mobile":{"background-color":"var(--ast-global-color-5)","background-image":"","background-repeat":"repeat","background-position":"center center","background-size":"auto","background-attachment":"scroll","background-type":"","background-media":"","overlay-type":"","overlay-color":"","overlay-opacity":"","overlay-gradient":""}},"footnotes":""},"class_list":["post-1601","page","type-page","status-publish","hentry"],"post_mailing_queue_ids":[],"_links":{"self":[{"href":"https:\/\/agora.xtec.cat\/escolapapasseitmollet\/wp-json\/wp\/v2\/pages\/1601","targetHints":{"allow":["GET"]}}],"collection":[{"href":"https:\/\/agora.xtec.cat\/escolapapasseitmollet\/wp-json\/wp\/v2\/pages"}],"about":[{"href":"https:\/\/agora.xtec.cat\/escolapapasseitmollet\/wp-json\/wp\/v2\/types\/page"}],"author":[{"embeddable":true,"href":"https:\/\/agora.xtec.cat\/escolapapasseitmollet\/wp-json\/wp\/v2\/users\/1"}],"replies":[{"embeddable":true,"href":"https:\/\/agora.xtec.cat\/escolapapasseitmollet\/wp-json\/wp\/v2\/comments?post=1601"}],"version-history":[{"count":6,"href":"https:\/\/agora.xtec.cat\/escolapapasseitmollet\/wp-json\/wp\/v2\/pages\/1601\/revisions"}],"predecessor-version":[{"id":1704,"href":"https:\/\/agora.xtec.cat\/escolapapasseitmollet\/wp-json\/wp\/v2\/pages\/1601\/revisions\/1704"}],"up":[{"embeddable":true,"href":"https:\/\/agora.xtec.cat\/escolapapasseitmollet\/wp-json\/wp\/v2\/pages\/1745"}],"wp:attachment":[{"href":"https:\/\/agora.xtec.cat\/escolapapasseitmollet\/wp-json\/wp\/v2\/media?parent=1601"}],"curies":[{"name":"wp","href":"https:\/\/api.w.org\/{rel}","templated":true}]}}